503
CXUS53 KILX 011449
CLMSPI


CLIMATE REPORT
NATIONAL WEATHER SERVICE LINCOLN IL
847 AM CST MON FEB 1 2016

...................................

...THE SPRINGFIELD IL CLIMATE SUMMARY FOR THE MONTH OF JANUARY 2016...

CLIMATE NORMAL PERIOD 1981 TO 2010
CLIMATE RECORD PERIOD 1879 TO 2016

WEATHER         OBSERVED          NORMAL  DEPART  LAST YEAR`S
                 VALUE   DATE(S)  VALUE   FROM    VALUE
                                          NORMAL
.............................................................
TEMPERATURE (F)
RECORD
 HIGH              73   01/23/1909
 LOW              -22   01/05/1884
HIGHEST            62   01/31        35      27       52
LOWEST              1   01/18        19     -18       -6
AVG. MAXIMUM     37.2              34.8     2.4     36.2
AVG. MINIMUM     20.5              18.7     1.8     18.7
MEAN             28.8              26.7     2.1     27.4
DAYS MAX >= 90      0               0.0     0.0        0
DAYS MAX <= 32      9              12.1    -3.1        8
DAYS MIN <= 32     26              26.6    -0.6       28
DAYS MIN <= 0       0               2.8    -2.8        3

PRECIPITATION (INCHES)
RECORD
 MAXIMUM         6.17   1907
 MINIMUM         0.04   1986
TOTALS           1.09              1.82   -0.73     1.40
DAILY AVG.       0.04              0.06   -0.02     0.05
DAYS >= .01         7               9.1    -2.1       11
DAYS >= .10         4               4.3    -0.3        4
DAYS >= .50         0               1.1    -1.1        1
DAYS >= 1.00        0               0.3    -0.3        0
GREATEST
 24 HR. TOTAL    0.33   01/19 TO 01/19              0.52

SNOWFALL (INCHES)
RECORDS
 TOTAL           21.7   1979
TOTALS            6.7               6.4     0.3      3.4
SINCE 7/1         7.3              12.6    -5.3      7.6
DAYS >= 1.0         2               1.9     0.1        2
GREATEST
 SNOW DEPTH         4   01/23                          2
                        01/22
                        01/21
 24 HR TOTAL      3.6   MM                           1.6

DEGREE_DAYS
HEATING TOTAL    1113              1186     -73     1157
 SINCE 7/1       2575              3326    -751     3329
COOLING TOTAL       0                 0       0        0
 SINCE 1/1          0                 0       0        0
..............................................................

WIND (MPH)
AVERAGE WIND SPEED              11.0
HIGHEST WIND SPEED/DIRECTION    37/310    DATE  01/12
HIGHEST GUST SPEED/DIRECTION    47/300    DATE  01/12

SKY COVER
POSSIBLE SUNSHINE (PERCENT)   MM
AVERAGE SKY COVER           0.40
NUMBER OF DAYS FAIR           16
NUMBER OF DAYS PC             11
NUMBER OF DAYS CLOUDY          4

AVERAGE RH (PERCENT)     73

WEATHER CONDITIONS. NUMBER OF DAYS WITH
THUNDERSTORM              0     MIXED PRECIP               0
HEAVY RAIN                0     RAIN                       2
LIGHT RAIN                6     FREEZING RAIN              0
LT FREEZING RAIN          0     HAIL                       0
HEAVY SNOW                1     SNOW                       2
LIGHT SNOW                8     SLEET                      0
FOG                      10     FOG W/VIS <= 1/4 MILE      1
HAZE                      6

-  INDICATES NEGATIVE NUMBERS.
R  INDICATES RECORD WAS SET OR TIED.
MM INDICATES DATA IS MISSING.
T  INDICATES TRACE AMOUNT.

&&

NO RECORDS SET IN JANUARY

$$
