000
CXUS53 KILX 011456
CLMSPI


CLIMATE REPORT
NATIONAL WEATHER SERVICE LINCOLN IL
845 AM CST SUN NOV 1 2015

...................................

...THE SPRINGFIELD IL CLIMATE SUMMARY FOR THE MONTH OF OCTOBER 2015...

CLIMATE NORMAL PERIOD 1981 TO 2010
CLIMATE RECORD PERIOD 1879 TO 2015

WEATHER         OBSERVED          NORMAL  DEPART  LAST YEAR`S
                 VALUE   DATE(S)  VALUE   FROM    VALUE
                                          NORMAL
.............................................................
TEMPERATURE (F)
RECORD
 HIGH              93   10/03/2006
                        10/03/1954
                        10/02/1953
 LOW               13   10/30/1925
HIGHEST            82   10/21        67      15       85
                        10/11
                        10/08
LOWEST             27   10/18        46     -19       32
AVG. MAXIMUM     69.5              66.4     3.1     66.0
AVG. MINIMUM     44.9              43.8     1.1     45.0
MEAN             57.2              55.1     2.1     55.5
DAYS MAX >= 90      0               0.1    -0.1        0
DAYS MAX <= 32      0               0.0     0.0        0
DAYS MIN <= 32      2               3.8    -1.8        1
DAYS MIN <= 0       0               0.0     0.0        0

PRECIPITATION (INCHES)
RECORD
 MAXIMUM        13.39   1941
 MINIMUM         0.11   1904
TOTALS           1.47              3.15   -1.68     4.12
DAILY AVG.       0.05              0.10   -0.05     0.13
DAYS >= .01         7               8.5    -1.5       12
DAYS >= .10         4               5.5    -1.5        6
DAYS >= .50         1               2.2    -1.2        4
DAYS >= 1.00        0               0.8    -0.8        1
GREATEST
 24 HR. TOTAL    0.77   10/27 TO 10/27              1.61

SNOWFALL (INCHES)
RECORDS
 TOTAL            2.8   1929
TOTALS            0.0                 T     0.0      0.0
SINCE 7/1         0.0                 T     0.0      0.0
DAYS >= 1.0         0               0.0     0.0        0
GREATEST
 SNOW DEPTH         0   MM                             0
 24 HR TOTAL      0.0   10/31 TO 10/31               0.0

DEGREE_DAYS
HEATING TOTAL     252               329     -77      301
 SINCE 7/1        280               410    -130      381
COOLING TOTAL      19                22      -3       13
 SINCE 1/1       1375              1121     254     1162
..............................................................

WIND (MPH)
AVERAGE WIND SPEED              9.7
HIGHEST WIND SPEED/DIRECTION    33/310    DATE  10/28
HIGHEST GUST SPEED/DIRECTION    42/300    DATE  10/28

SKY COVER
POSSIBLE SUNSHINE (PERCENT)   MM
AVERAGE SKY COVER           0.30
NUMBER OF DAYS FAIR           21
NUMBER OF DAYS PC              5
NUMBER OF DAYS CLOUDY          5

AVERAGE RH (PERCENT)     64

WEATHER CONDITIONS. NUMBER OF DAYS WITH
THUNDERSTORM              3     MIXED PRECIP               0
HEAVY RAIN                2     RAIN                       3
LIGHT RAIN                9     FREEZING RAIN              0
LT FREEZING RAIN          0     HAIL                       0
HEAVY SNOW                0     SNOW                       0
LIGHT SNOW                0     SLEET                      0
FOG                      10     FOG W/VIS <= 1/4 MILE      3
HAZE                      7

-  INDICATES NEGATIVE NUMBERS.
R  INDICATES RECORD WAS SET OR TIED.
MM INDICATES DATA IS MISSING.
T  INDICATES TRACE AMOUNT.

$$
