000
CXUS53 KILX 011639
CLMSPI


CLIMATE REPORT
NATIONAL WEATHER SERVICE LINCOLN IL
1100 AM CDT TUE JUL 1 2014

...................................

...THE SPRINGFIELD IL CLIMATE SUMMARY FOR THE MONTH OF JUNE 2014...

CLIMATE NORMAL PERIOD 1981 TO 2010
CLIMATE RECORD PERIOD 1879 TO 2014

WEATHER         OBSERVED          NORMAL  DEPART  LAST YEAR`S
                 VALUE   DATE(S)  VALUE   FROM    VALUE
                                          NORMAL
.............................................................
TEMPERATURE (F)
RECORD
 HIGH             104   06/28/1934
                        06/27/1934
                        06/01/1934
 LOW               39   06/01/2003
HIGHEST            91   06/19        84       7       95
                        06/18
LOWEST             51   06/14        63     -12       50
AVG. MAXIMUM     84.4              83.1     1.3     83.0
AVG. MINIMUM     65.5              61.9     3.6     62.8
MEAN             74.9              72.5     2.4     72.9
DAYS MAX >= 90      6               4.7     1.3        8
DAYS MAX <= 32      0               0.0     0.0        0
DAYS MIN <= 32      0               0.0     0.0        0
DAYS MIN <= 0       0               0.0     0.0        0

PRECIPITATION (INCHES)
RECORD
 MAXIMUM        12.71   1882
 MINIMUM         0.23   1959
TOTALS           8.87              4.46    4.41     2.05
DAILY AVG.       0.30              0.15    0.15     0.07
DAYS >= .01        14              10.2     3.8       11
DAYS >= .10         8               6.7     1.3        3
DAYS >= .50         6               2.8     3.2        1
DAYS >= 1.00        3               1.2     1.8        1
GREATEST
 24 HR. TOTAL    3.08   06/23 TO 06/24              1.26

SNOWFALL (INCHES)
RECORDS
 TOTAL            0.0   MM
TOTALS            0.0               0.0     0.0      0.0
SINCE 7/1        45.7              20.9    24.8     33.1
DAYS >= 1.0         0               0.0     0.0        0
GREATEST
 SNOW DEPTH         0   MM                             0
 24 HR TOTAL      0.0   MM                           0.0

DEGREE_DAYS
HEATING TOTAL       0                15     -15       12
 SINCE 7/1       6206              5485     721     5369
COOLING TOTAL     306               240      66      258
 SINCE 1/1        482               344     138      384
..............................................................

WIND (MPH)
AVERAGE WIND SPEED              8.1
HIGHEST WIND SPEED/DIRECTION    31/330    DATE  06/30
HIGHEST GUST SPEED/DIRECTION    50/330    DATE  06/04

SKY COVER
POSSIBLE SUNSHINE (PERCENT)   MM
AVERAGE SKY COVER           0.30
NUMBER OF DAYS FAIR           19
NUMBER OF DAYS PC              9
NUMBER OF DAYS CLOUDY          2

AVERAGE RH (PERCENT)     72

WEATHER CONDITIONS. NUMBER OF DAYS WITH
THUNDERSTORM             13     MIXED PRECIP               0
HEAVY RAIN                8     RAIN                       7
LIGHT RAIN               21     FREEZING RAIN              0
LT FREEZING RAIN          0     HAIL                       0
HEAVY SNOW                0     SNOW                       0
LIGHT SNOW                0     SLEET                      0
FOG                      13     FOG W/VIS <= 1/4 MILE      1
HAZE                      2

-  INDICATES NEGATIVE NUMBERS.
R  INDICATES RECORD WAS SET OR TIED.
MM INDICATES DATA IS MISSING.
T  INDICATES TRACE AMOUNT.

&&

RECORDS ESTABLISHED DURING THE MONTH:

* TIED THE 5TH WETTEST JUNE ON RECORD WITH 8.87 INCHES OF RAIN
* SET DAILY RECORD RAINFALL OF 2.57 INCHES ON THE 23RD

$$

EJL
