000
CXUS53 KILX 011355
CLMSPI


CLIMATE REPORT
NATIONAL WEATHER SERVICE LINCOLN IL
845 AM CDT SAT JUL 1 2017

...................................

...THE SPRINGFIELD IL CLIMATE SUMMARY FOR THE MONTH OF JUNE 2017...

CLIMATE NORMAL PERIOD 1981 TO 2010
CLIMATE RECORD PERIOD 1879 TO 2017

WEATHER         OBSERVED          NORMAL  DEPART  LAST YEAR`S
                 VALUE   DATE(S)  VALUE   FROM    VALUE
                                          NORMAL
.............................................................
TEMPERATURE (F)
RECORD
 HIGH             104   06/28/1934
                        06/27/1934
                        06/01/1934
 LOW               39   06/01/2003
HIGHEST            95   06/13        84      11       95
                        06/12
                        06/05
LOWEST             50   06/27        63     -13       50
AVG. MAXIMUM     87.0              83.1     3.9     88.7
AVG. MINIMUM     63.6              61.9     1.7     65.2
MEAN             75.3              72.5     2.8     77.0
DAYS MAX >= 90      9               4.7     4.3       16
DAYS MAX <= 32      0               0.0     0.0        0
DAYS MIN <= 32      0               0.0     0.0        0
DAYS MIN <= 0       0               0.0     0.0        0

PRECIPITATION (INCHES)
RECORD
 MAXIMUM        12.71   1882
 MINIMUM         0.23   1959
TOTALS           1.57              4.46   -2.89     1.93
DAILY AVG.       0.05              0.15   -0.10     0.06
DAYS >= .01        10              10.2    -0.2        6
DAYS >= .10         4               6.7    -2.7        3
DAYS >= .50         0               2.8    -2.8        1
DAYS >= 1.00        0               1.2    -1.2        1
GREATEST
 24 HR. TOTAL    0.39   06/30 TO 06/30              1.85

SNOWFALL (INCHES)
RECORDS
 TOTAL            0.0   MM
TOTALS            0.0               0.0     0.0      0.0
SINCE 7/1        10.3              20.9   -10.6     15.7
DAYS >= 1.0         0               0.0     0.0        0
GREATEST
 SNOW DEPTH         0   MM                             0
 24 HR TOTAL      0.0   06/30 TO 06/30               0.0

DEGREE_DAYS
HEATING TOTAL       2                15     -13        0
 SINCE 7/1       4166              5485   -1319     4317
COOLING TOTAL     319               240      79      367
 SINCE 1/1        463               344     119      492
..............................................................

WIND (MPH)
AVERAGE WIND SPEED              8.3
HIGHEST WIND SPEED/DIRECTION    32/300    DATE  06/19
HIGHEST GUST SPEED/DIRECTION    47/300    DATE  06/19

SKY COVER
POSSIBLE SUNSHINE (PERCENT)   MM
AVERAGE SKY COVER           0.10
NUMBER OF DAYS FAIR           27
NUMBER OF DAYS PC              3
NUMBER OF DAYS CLOUDY          0

AVERAGE RH (PERCENT)     63

WEATHER CONDITIONS. NUMBER OF DAYS WITH
THUNDERSTORM              8     MIXED PRECIP               0
HEAVY RAIN                5     RAIN                       4
LIGHT RAIN               11     FREEZING RAIN              0
LT FREEZING RAIN          0     HAIL                       0
HEAVY SNOW                0     SNOW                       0
LIGHT SNOW                0     SLEET                      0
FOG                       8     FOG W/VIS <= 1/4 MILE      1
HAZE                      1

-  INDICATES NEGATIVE NUMBERS.
R  INDICATES RECORD WAS SET OR TIED.
MM INDICATES DATA IS MISSING.
T  INDICATES TRACE AMOUNT.

&&

RECORDS SET THIS MONTH:

* RECORD HIGH OF 95 TIED ON THE 12TH
* RECORD HIGH OF 95 TIED ON THE 13TH
* RECORD WARM LOW OF 76 TIED ON THE 13TH

$$
