000
CXUS53 KILX 011637 RRA
CLMSPI

CLIMATE REPORT
NATIONAL WEATHER SERVICE LINCOLN IL
1037 AM CST TUE DEC 1 2015

...................................

...THE SPRINGFIELD IL CLIMATE SUMMARY FOR THE MONTH OF NOVEMBER 2015...

CLIMATE NORMAL PERIOD 1981 TO 2010
CLIMATE RECORD PERIOD 1879 TO 2015

WEATHER         OBSERVED          NORMAL  DEPART  LAST YEAR`S
                 VALUE   DATE(S)  VALUE   FROM    VALUE
                                          NORMAL
.............................................................
TEMPERATURE (F)
RECORD
 HIGH              83   11/01/1950
 LOW               -3   11/30/1964
HIGHEST            73   11/02        51      22       69
LOWEST             16   11/22        34     -18        9
AVG. MAXIMUM     58.5              52.3     6.2     46.2
AVG. MINIMUM     38.3              33.9     4.4     26.4
MEAN             48.4              43.1     5.3     36.3
DAYS MAX >= 90      0               0.0     0.0        0
DAYS MAX <= 32      0               1.2    -1.2        5
DAYS MIN <= 32     10              13.4    -3.4       23
DAYS MIN <= 0       0               0.0     0.0        0

PRECIPITATION (INCHES)
RECORD
 MAXIMUM         6.94   1985
 MINIMUM         0.02   1904
TOTALS           4.01              3.21    0.80     1.86
DAILY AVG.       0.13              0.11    0.02     0.06
DAYS >= .01        12               9.6     2.4        8
DAYS >= .10         8               6.0     2.0        5
DAYS >= .50         3               2.4     0.6        1
DAYS >= 1.00        1               0.7     0.3        0
GREATEST
 24 HR. TOTAL    1.21   11/16 TO 11/17              1.06

SNOWFALL (INCHES)
RECORDS
 TOTAL            9.2   1926
TOTALS            0.5               0.6    -0.1      2.6
SINCE 7/1         0.5               0.6    -0.1      2.6
DAYS >= 1.0         0               0.2    -0.2        1
GREATEST
 SNOW DEPTH         T   11/22                          3
 24 HR TOTAL      0.5   11/21 TO 11/21               2.0

DEGREE_DAYS
HEATING TOTAL     490               658    -168      855
 SINCE 7/1        770              1068    -298     1236
COOLING TOTAL       0                 1      -1        0
 SINCE 1/1       1375              1122     253     1162
..............................................................

WIND (MPH)
AVERAGE WIND SPEED              11.4
HIGHEST WIND SPEED/DIRECTION    39/250    DATE  11/12
HIGHEST GUST SPEED/DIRECTION    51/130    DATE  11/18

SKY COVER
POSSIBLE SUNSHINE (PERCENT)   MM
AVERAGE SKY COVER           0.40
NUMBER OF DAYS FAIR           14
NUMBER OF DAYS PC              9
NUMBER OF DAYS CLOUDY          7

AVERAGE RH (PERCENT)     69

WEATHER CONDITIONS. NUMBER OF DAYS WITH
THUNDERSTORM              0     MIXED PRECIP               0
HEAVY RAIN                3     RAIN                       6
LIGHT RAIN               13     FREEZING RAIN              0
LT FREEZING RAIN          0     HAIL                       0
HEAVY SNOW                0     SNOW                       1
LIGHT SNOW                2     SLEET                      0
FOG                      16     FOG W/VIS <= 1/4 MILE      4
HAZE                      2

-  INDICATES NEGATIVE NUMBERS.
R  INDICATES RECORD WAS SET OR TIED.
MM INDICATES DATA IS MISSING.
T  INDICATES TRACE AMOUNT.

&&

RECORDS:

* 7TH WARMEST NOVEMBER WITH AVG TEMP 48.4
* DAILY RECORD SNOWFALL OF 0.5 INCHES ON THE 21ST

$$
