924
CXUS53 KILX 011347
CLMSPI


CLIMATE REPORT
NATIONAL WEATHER SERVICE LINCOLN IL
841 AM CDT WED JUN 1 2016

...................................

...THE SPRINGFIELD IL CLIMATE SUMMARY FOR THE MONTH OF MAY 2016...

CLIMATE NORMAL PERIOD 1981 TO 2010
CLIMATE RECORD PERIOD 1879 TO 2016

WEATHER         OBSERVED          NORMAL  DEPART  LAST YEAR`S
                 VALUE   DATE(S)  VALUE   FROM    VALUE
                                          NORMAL
.............................................................
TEMPERATURE (F)
RECORD
 HIGH             101   05/31/1934
 LOW               28   05/10/1966
HIGHEST            88   05/30        74      14       88
LOWEST             42   05/15        53     -11       32
                        05/05
AVG. MAXIMUM     74.8              74.8     0.0     77.6
AVG. MINIMUM     53.8              52.6     1.2     56.6
MEAN             64.3              63.7     0.6     67.1
DAYS MAX >= 90      0               0.9    -0.9        0
DAYS MAX <= 32      0               0.0     0.0        0
DAYS MIN <= 32      0               0.1    -0.1        1
DAYS MIN <= 0       0               0.0     0.0        0

PRECIPITATION (INCHES)
RECORD
 MAXIMUM        11.81   1899
 MINIMUM         0.32   1934
TOTALS           2.90              4.24   -1.34     5.95
DAILY AVG.       0.09              0.14   -0.05     0.19
DAYS >= .01        11              11.7    -0.7       16
DAYS >= .10         7               7.3    -0.3       12
DAYS >= .50         1               2.6    -1.6        4
DAYS >= 1.00        0               1.1    -1.1        2
GREATEST
 24 HR. TOTAL    0.61   04/30 TO 05/01              1.79

SNOWFALL (INCHES)
RECORDS
 TOTAL            0.6   1966
                        1923
TOTALS            0.0               0.0     0.0      0.0
SINCE 7/1        15.7              20.9    -5.2     33.9
DAYS >= 1.0         0               0.0     0.0        0
GREATEST
 SNOW DEPTH         0   MM                             0
 24 HR TOTAL      0.0   05/31 TO 05/31               0.0

DEGREE_DAYS
HEATING TOTAL     119               125      -6       82
 SINCE 7/1       4317              5470   -1153     5666
COOLING TOTAL     105                84      21      156
 SINCE 1/1        125               104      21      166
..............................................................

WIND (MPH)
AVERAGE WIND SPEED              8.3
HIGHEST WIND SPEED/DIRECTION    36/320    DATE  05/13
HIGHEST GUST SPEED/DIRECTION    45/330    DATE  05/13

SKY COVER
POSSIBLE SUNSHINE (PERCENT)   MM
AVERAGE SKY COVER           0.40
NUMBER OF DAYS FAIR           17
NUMBER OF DAYS PC              9
NUMBER OF DAYS CLOUDY          5

AVERAGE RH (PERCENT)     67

WEATHER CONDITIONS. NUMBER OF DAYS WITH
THUNDERSTORM              7     MIXED PRECIP               0
HEAVY RAIN                5     RAIN                       7
LIGHT RAIN               12     FREEZING RAIN              0
LT FREEZING RAIN          0     HAIL                       0
HEAVY SNOW                0     SNOW                       0
LIGHT SNOW                0     SLEET                      0
FOG                      13     FOG W/VIS <= 1/4 MILE      3
HAZE                      4

-  INDICATES NEGATIVE NUMBERS.
R  INDICATES RECORD WAS SET OR TIED.
MM INDICATES DATA IS MISSING.
T  INDICATES TRACE AMOUNT.

$$
