000
CXUS53 KILX 011659
CLMSPI


CLIMATE REPORT
NATIONAL WEATHER SERVICE LINCOLN IL
1053 AM CDT SAT AUG 1 2015

...................................

...THE SPRINGFIELD IL CLIMATE SUMMARY FOR THE MONTH OF JULY 2015...

CLIMATE NORMAL PERIOD 1981 TO 2010
CLIMATE RECORD PERIOD 1879 TO 2015

WEATHER         OBSERVED          NORMAL  DEPART  LAST YEAR`S
                 VALUE   DATE(S)  VALUE   FROM    VALUE
                                          NORMAL
.............................................................
TEMPERATURE (F)
RECORD
 HIGH             112   07/14/1954
 LOW               48   07/28/2013
                        07/13/1975
                        07/06/1972
HIGHEST            96   07/28        88       8       90
LOWEST             57   07/08        67     -10       52
AVG. MAXIMUM     85.7              86.2    -0.5     82.5
AVG. MINIMUM     67.1              65.4     1.7     60.6
MEAN             76.4              75.8     0.6     71.6
DAYS MAX >= 90     10               7.8     2.2        2
DAYS MAX <= 32      0               0.0     0.0        0
DAYS MIN <= 32      0               0.0     0.0        0
DAYS MIN <= 0       0               0.0     0.0        0

PRECIPITATION (INCHES)
RECORD
 MAXIMUM        10.76   1981
 MINIMUM         0.05   1886
TOTALS           4.16              3.94    0.22     2.53
DAILY AVG.       0.13              0.13    0.00     0.08
DAYS >= .01        10               8.6     1.4        5
DAYS >= .10         7               5.5     1.5        4
DAYS >= .50         2               2.7    -0.7        2
DAYS >= 1.00        1               1.1    -0.1        1
GREATEST
 24 HR. TOTAL    2.13   07/08 TO 07/08              1.00

SNOWFALL (INCHES)
RECORDS
 TOTAL            0.0   MM
TOTALS            0.0               0.0     0.0      0.0
SINCE 7/1         0.0               0.0     0.0      0.0
DAYS >= 1.0         0               0.0     0.0        0
GREATEST
 SNOW DEPTH         0   MM                             0
 24 HR TOTAL      0.0   MM                           0.0

DEGREE_DAYS
HEATING TOTAL       4                 1       3        3
 SINCE 7/1          4                 1       3        3
COOLING TOTAL     364               335      29      212
 SINCE 1/1        828               679     149      694
..............................................................

WIND (MPH)
AVERAGE WIND SPEED              6.3
HIGHEST WIND SPEED/DIRECTION    31/250    DATE  07/13
HIGHEST GUST SPEED/DIRECTION    36/250    DATE  07/13

SKY COVER
POSSIBLE SUNSHINE (PERCENT)   MM
AVERAGE SKY COVER           0.20
NUMBER OF DAYS FAIR           24
NUMBER OF DAYS PC              5
NUMBER OF DAYS CLOUDY          2

AVERAGE RH (PERCENT)     75

WEATHER CONDITIONS. NUMBER OF DAYS WITH
THUNDERSTORM              6     MIXED PRECIP               0
HEAVY RAIN                5     RAIN                       7
LIGHT RAIN               13     FREEZING RAIN              0
LT FREEZING RAIN          0     HAIL                       0
HEAVY SNOW                0     SNOW                       0
LIGHT SNOW                0     SLEET                      0
FOG                      18     FOG W/VIS <= 1/4 MILE      1
HAZE                      7

-  INDICATES NEGATIVE NUMBERS.
R  INDICATES RECORD WAS SET OR TIED.
MM INDICATES DATA IS MISSING.
T  INDICATES TRACE AMOUNT.

&&

RECORDS ESTABLISHED DURING JULY 2015:
-SET DAILY MAXIMUM RAINFALL ON JULY 9TH WITH 2.13 INCHES OF RAIN
-SET RECORD COOL HIGH ON JULY 8TH WITH 64 DEGREES

$$
