787
CXUS53 KILX 011610
CLMSPI


CLIMATE REPORT
NATIONAL WEATHER SERVICE LINCOLN IL
1027 AM CDT FRI JUL 1 2016

...................................

...THE SPRINGFIELD IL CLIMATE SUMMARY FOR THE MONTH OF JUNE 2016...

CLIMATE NORMAL PERIOD 1981 TO 2010
CLIMATE RECORD PERIOD 1879 TO 2016

WEATHER         OBSERVED          NORMAL  DEPART  LAST YEAR`S
                 VALUE   DATE(S)  VALUE   FROM    VALUE
                                          NORMAL
.............................................................
TEMPERATURE (F)
RECORD
 HIGH             104   06/28/1934
                        06/27/1934
                        06/01/1934
 LOW               39   06/01/2003
HIGHEST            95   06/25        84      11       93
                        06/22
                        06/15
LOWEST             50   06/08        63     -13       54
AVG. MAXIMUM     88.7              83.1     5.6     83.3
AVG. MINIMUM     65.2              61.9     3.3     66.1
MEAN             77.0              72.5     4.5     74.7
DAYS MAX >= 90     16               4.7    11.3        5
DAYS MAX <= 32      0               0.0     0.0        0
DAYS MIN <= 32      0               0.0     0.0        0
DAYS MIN <= 0       0               0.0     0.0        0

PRECIPITATION (INCHES)
RECORD
 MAXIMUM        12.71   1882
 MINIMUM         0.23   1959
TOTALS           1.93              4.46   -2.53     9.14
DAILY AVG.       0.06              0.15   -0.09     0.30
DAYS >= .01         6              10.2    -4.2       16
DAYS >= .10         3               6.7    -3.7       14
DAYS >= .50         1               2.8    -1.8        6
DAYS >= 1.00        1               1.2    -0.2        3
GREATEST
 24 HR. TOTAL    1.85   05/31 TO 06/01              1.70

SNOWFALL (INCHES)
RECORDS
 TOTAL            0.0   MM
TOTALS            0.0               0.0     0.0      0.0
SINCE 7/1        15.7              20.9    -5.2     33.9
DAYS >= 1.0         0               0.0     0.0        0
GREATEST
 SNOW DEPTH         0   MM                             0
 24 HR TOTAL      0.0   MM                           0.0

DEGREE_DAYS
HEATING TOTAL       0                15     -15        3
 SINCE 7/1       4317              5485   -1168     5669
COOLING TOTAL     367               240     127      298
 SINCE 1/1        492               344     148      464
..............................................................

WIND (MPH)
AVERAGE WIND SPEED              6.7
HIGHEST WIND SPEED/DIRECTION    26/010    DATE  06/22
HIGHEST GUST SPEED/DIRECTION    37/280    DATE  06/06

SKY COVER
POSSIBLE SUNSHINE (PERCENT)   MM
AVERAGE SKY COVER           0.10
NUMBER OF DAYS FAIR           27
NUMBER OF DAYS PC              3
NUMBER OF DAYS CLOUDY          0

AVERAGE RH (PERCENT)     64

WEATHER CONDITIONS. NUMBER OF DAYS WITH
THUNDERSTORM              7     MIXED PRECIP               0
HEAVY RAIN                3     RAIN                       4
LIGHT RAIN                7     FREEZING RAIN              0
LT FREEZING RAIN          0     HAIL                       0
HEAVY SNOW                0     SNOW                       0
LIGHT SNOW                0     SLEET                      0
FOG                      10     FOG W/VIS <= 1/4 MILE      1
HAZE                      3

-  INDICATES NEGATIVE NUMBERS.
R  INDICATES RECORD WAS SET OR TIED.
MM INDICATES DATA IS MISSING.
T  INDICATES TRACE AMOUNT.

RECORDS SET IN JUNE 2016:
-TIED RECORD HIGH TEMPERATURE OF 95 DEGREES ON JUNE 13

$$
