000
CXUS53 KILX 011401
CLMSPI


CLIMATE REPORT
NATIONAL WEATHER SERVICE LINCOLN IL
843 AM CDT FRI AUG 1 2014

...................................

...THE SPRINGFIELD IL CLIMATE SUMMARY FOR THE MONTH OF JULY 2014...

CLIMATE NORMAL PERIOD 1981 TO 2010
CLIMATE RECORD PERIOD 1879 TO 2014

WEATHER         OBSERVED          NORMAL  DEPART  LAST YEAR`S
                 VALUE   DATE(S)  VALUE   FROM    VALUE
                                          NORMAL
.............................................................
TEMPERATURE (F)
RECORD
 HIGH             112   07/14/1954
 LOW               48   07/28/2013
                        07/13/1975
                        07/06/1972
HIGHEST            90   07/12        88       2       94
                        07/07
LOWEST             52   07/29        67     -15       48
                        07/16
                        07/15
AVG. MAXIMUM     82.5              86.2    -3.7     83.9
AVG. MINIMUM     60.6              65.4    -4.8     63.8
MEAN             71.6              75.8    -4.2     73.9
DAYS MAX >= 90      2               7.8    -5.8        7
DAYS MAX <= 32      0               0.0     0.0        0
DAYS MIN <= 32      0               0.0     0.0        0
DAYS MIN <= 0       0               0.0     0.0        0

PRECIPITATION (INCHES)
RECORD
 MAXIMUM        10.76   1981
 MINIMUM         0.05   1886
TOTALS           2.53              3.94   -1.41     3.26
DAILY AVG.       0.08              0.13   -0.05     0.11
DAYS >= .01         5               8.6    -3.6        7
DAYS >= .10         4               5.5    -1.5        4
DAYS >= .50         2               2.7    -0.7        3
DAYS >= 1.00        1               1.1    -0.1        1
GREATEST
 24 HR. TOTAL    1.00   07/26 TO 07/26              1.10

SNOWFALL (INCHES)
RECORDS
 TOTAL            0.0   MM
TOTALS            0.0               0.0     0.0      0.0
SINCE 7/1         0.0               0.0     0.0      0.0
DAYS >= 1.0         0               0.0     0.0        0
GREATEST
 SNOW DEPTH         0   MM                             0
 24 HR TOTAL      0.0   07/31 TO 07/31               0.0

DEGREE_DAYS
HEATING TOTAL       3                 1       2        6
 SINCE 7/1          3                 1       2        6
COOLING TOTAL     212               335    -123      290
 SINCE 1/1        694               679      15      674
..............................................................

WIND (MPH)
AVERAGE WIND SPEED              6.2
HIGHEST WIND SPEED/DIRECTION    36/170    DATE  07/25
HIGHEST GUST SPEED/DIRECTION    49/180    DATE  07/25

SKY COVER
POSSIBLE SUNSHINE (PERCENT)   MM
AVERAGE SKY COVER           0.20
NUMBER OF DAYS FAIR           25
NUMBER OF DAYS PC              6
NUMBER OF DAYS CLOUDY          0

AVERAGE RH (PERCENT)     71

WEATHER CONDITIONS. NUMBER OF DAYS WITH
THUNDERSTORM              0     MIXED PRECIP               0
HEAVY RAIN                4     RAIN                       4
LIGHT RAIN               10     FREEZING RAIN              0
LT FREEZING RAIN          0     HAIL                       0
HEAVY SNOW                0     SNOW                       0
LIGHT SNOW                0     SLEET                      0
FOG                       9     FOG W/VIS <= 1/4 MILE      3
HAZE                      3

-  INDICATES NEGATIVE NUMBERS.
R  INDICATES RECORD WAS SET OR TIED.
MM INDICATES DATA IS MISSING.
T  INDICATES TRACE AMOUNT.

&&

RECORDS ESTABLISHED DURING THE MONTH:

* 3RD COOLEST JULY ON RECORD WITH 71.6 AVG TEMP
* DAILY RECORD LOW OF 52 JULY 16
* DAILY RECORD COOL HIGH OF 72 JULY 15
* DAILY RECORD LOW OF 52 JULY 15
* DAILY RECORD COOL HIGH OF 72 JULY 2

$$
