000
CXUS53 KILX 011849
CLMSPI


CLIMATE REPORT
NATIONAL WEATHER SERVICE LINCOLN IL
1246 PM CST SAT MAR 1 2014

...................................

...THE SPRINGFIELD IL CLIMATE SUMMARY FOR THE MONTH OF FEBRUARY 2014...

CLIMATE NORMAL PERIOD 1981 TO 2010
CLIMATE RECORD PERIOD 1879 TO 2014

WEATHER         OBSERVED          NORMAL  DEPART  LAST YEAR`S
                 VALUE   DATE(S)  VALUE   FROM    VALUE
                                          NORMAL
.............................................................
TEMPERATURE (F)
RECORD
 HIGH              78   02/24/1930
 LOW              -24   02/13/1905
HIGHEST            63   02/20        39      24       57
LOWEST            -13   02/11        23     -36        4
                        02/07
AVG. MAXIMUM     30.0              39.9    -9.9     38.6
AVG. MINIMUM     10.1              22.6   -12.5     23.3
MEAN             20.1              31.2   -11.1     31.0
DAYS MAX >= 90      0               0.0     0.0        0
DAYS MAX <= 32     18               7.2    10.8        6
DAYS MIN <= 32     27              22.5     4.5       26
DAYS MIN <= 0       7               1.3     5.7        0

PRECIPITATION (INCHES)
RECORD
 MAXIMUM         7.92   1882
 MINIMUM         0.30   1907
TOTALS           3.19              1.81    1.38     3.00
DAILY AVG.       0.11              0.06    0.05     0.11
DAYS >= .01        12               8.1     3.9       11
DAYS >= .10         7               4.0     3.0        6
DAYS >= .50         3               1.0     2.0        2
DAYS >= 1.00        0               0.2    -0.2        1
GREATEST
 24 HR. TOTAL    0.73   02/17 TO 02/17              1.31

SNOWFALL (INCHES)
RECORDS
 TOTAL           24.4   1900
TOTALS           16.0               5.5    10.5      8.9
SINCE 7/1        42.3              18.1    24.2     13.5
DAYS >= 1.0         4               1.5     2.5        3
GREATEST
 SNOW DEPTH        11   02/15                          5
 24 HR TOTAL      5.5   02/14 TO 02/14               5.3

DEGREE_DAYS
HEATING TOTAL    1251               945     306      946
 SINCE 7/1       4947              4271     676     3909
COOLING TOTAL       0                 0       0        0
 SINCE 1/1          0                 0       0        0
..............................................................

WIND (MPH)
AVERAGE WIND SPEED              9.3
HIGHEST WIND SPEED/DIRECTION    51/250    DATE  02/20
HIGHEST GUST SPEED/DIRECTION    64/250    DATE  02/20

SKY COVER
POSSIBLE SUNSHINE (PERCENT)   MM
AVERAGE SKY COVER           0.40
NUMBER OF DAYS FAIR           14
NUMBER OF DAYS PC             10
NUMBER OF DAYS CLOUDY          4

AVERAGE RH (PERCENT)     68

WEATHER CONDITIONS. NUMBER OF DAYS WITH
THUNDERSTORM              0     MIXED PRECIP               0
HEAVY RAIN                0     RAIN                       2
LIGHT RAIN                4     FREEZING RAIN              2
LT FREEZING RAIN          2     HAIL                       0
HEAVY SNOW                1     SNOW                       4
LIGHT SNOW               12     SLEET                      0
FOG                      13     FOG W/VIS <= 1/4 MILE      3
HAZE                     11

-  INDICATES NEGATIVE NUMBERS.
R  INDICATES RECORD WAS SET OR TIED.
MM INDICATES DATA IS MISSING.
T  INDICATES TRACE AMOUNT.

$$
