000
CXUS53 KILX 011632
CLMSPI


CLIMATE REPORT
NATIONAL WEATHER SERVICE LINCOLN IL
1008 AM CST SUN FEB 1 2015

...................................

...THE SPRINGFIELD IL CLIMATE SUMMARY FOR THE MONTH OF JANUARY 2015...

CLIMATE NORMAL PERIOD 1981 TO 2010
CLIMATE RECORD PERIOD 1879 TO 2015

WEATHER         OBSERVED          NORMAL  DEPART  LAST YEAR`S
                 VALUE   DATE(S)  VALUE   FROM    VALUE
                                          NORMAL
.............................................................
TEMPERATURE (F)
RECORD
 HIGH              73   01/23/1909
 LOW              -22   01/05/1884
HIGHEST            52   01/17        35      17       51
LOWEST             -6   01/08        19     -25      -13
AVG. MAXIMUM     36.2              34.8     1.4     31.1
AVG. MINIMUM     18.7              18.7     0.0     11.3
MEAN             27.4              26.7     0.7     21.2
DAYS MAX >= 90      0               0.0     0.0        0
DAYS MAX <= 32      8              12.1    -4.1       17
DAYS MIN <= 32     28              26.6     1.4       31
DAYS MIN <= 0       3               2.8     0.2        9

PRECIPITATION (INCHES)
RECORD
 MAXIMUM         6.17   1907
 MINIMUM         0.04   1986
TOTALS           1.40              1.82   -0.42     2.24
DAILY AVG.       0.05              0.06   -0.01     0.07
DAYS >= .01        11               9.1     1.9       12
DAYS >= .10         4               4.3    -0.3        5
DAYS >= .50         1               1.1    -0.1        1
DAYS >= 1.00        0               0.3    -0.3        0
GREATEST
 24 HR. TOTAL    0.52   01/02 TO 01/03              0.90

SNOWFALL (INCHES)
RECORDS
 TOTAL           21.7   1979
TOTALS            3.4               6.4    -3.0     17.4
SINCE 7/1         7.6              12.6    -5.0     26.3
DAYS >= 1.0         2               1.9     0.1        3
GREATEST
 SNOW DEPTH         2   01/12                         10
 24 HR TOTAL      1.6   MM                           9.6

DEGREE_DAYS
HEATING TOTAL    1157              1186     -29     1350
 SINCE 7/1       3329              3326       3     3696
COOLING TOTAL       0                 0       0        0
 SINCE 1/1          0                 0       0        0
..............................................................

WIND (MPH)
AVERAGE WIND SPEED              9.5
HIGHEST WIND SPEED/DIRECTION    31/280    DATE  01/08
HIGHEST GUST SPEED/DIRECTION    43/290    DATE  01/08

SKY COVER
POSSIBLE SUNSHINE (PERCENT)   MM
AVERAGE SKY COVER           0.50
NUMBER OF DAYS FAIR           13
NUMBER OF DAYS PC             11
NUMBER OF DAYS CLOUDY          7

AVERAGE RH (PERCENT)     73

WEATHER CONDITIONS. NUMBER OF DAYS WITH
THUNDERSTORM              0     MIXED PRECIP               0
HEAVY RAIN                1     RAIN                       2
LIGHT RAIN                8     FREEZING RAIN              0
LT FREEZING RAIN          0     HAIL                       0
HEAVY SNOW                1     SNOW                       3
LIGHT SNOW                8     SLEET                      0
FOG                      11     FOG W/VIS <= 1/4 MILE      1
HAZE                      5

-  INDICATES NEGATIVE NUMBERS.
R  INDICATES RECORD WAS SET OR TIED.
MM INDICATES DATA IS MISSING.
T  INDICATES TRACE AMOUNT.

&&

NO RECORDS WERE ESTABLISHED IN JANUARY 2015

$$

EJL
