000
CXUS53 KILX 011454
CLMSPI

CLIMATE REPORT
NATIONAL WEATHER SERVICE LINCOLN IL
953 AM CDT THU AUG 1 2013

...................................

...THE SPRINGFIELD IL CLIMATE SUMMARY FOR THE MONTH OF JULY 2013...

CLIMATE NORMAL PERIOD 1981 TO 2010
CLIMATE RECORD PERIOD 1879 TO 2013

WEATHER         OBSERVED          NORMAL  DEPART  LAST YEAR`S
                 VALUE   DATE(S)  VALUE   FROM    VALUE
                                          NORMAL
.............................................................
TEMPERATURE (F)
RECORD
 HIGH             112   07/14/1954
 LOW               48   07/28/2013
                        07/13/1975
                        07/06/1972
HIGHEST            94   07/19        88       6      104
                        07/18
                        07/17
LOWEST             48R  07/28        67     -19       60
AVG. MAXIMUM     83.9              86.2    -2.3     95.8
AVG. MINIMUM     63.8              65.4    -1.6     70.0
MEAN             73.9              75.8    -1.9     82.9
DAYS MAX >= 90      7               7.8    -0.8       28
DAYS MAX <= 32      0               0.0     0.0        0
DAYS MIN <= 32      0               0.0     0.0        0
DAYS MIN <= 0       0               0.0     0.0        0

PRECIPITATION (INCHES)
RECORD
 MAXIMUM        10.76   1981
 MINIMUM         0.05   1886
TOTALS           3.26              3.94   -0.68     0.34
DAILY AVG.       0.11              0.13   -0.02     0.01
DAYS >= .01         7               8.6    -1.6        5
DAYS >= .10         4               5.5    -1.5        2
DAYS >= .50         3               2.7     0.3        0
DAYS >= 1.00        1               1.1    -0.1        0
GREATEST
 24 HR. TOTAL    1.10   07/26                       0.26

SNOWFALL (INCHES)
RECORDS
 TOTAL            0.0   MM
TOTALS            0.0               0.0     0.0      0.0
SINCE 7/1         0.0               0.0     0.0      0.0
DAYS >= 1.0         0               0.0     0.0        0
GREATEST
 SNOW DEPTH         0   MM                             0
 24 HR TOTAL      0.0   MM                           0.0

DEGREE_DAYS
HEATING TOTAL       6                 1       5        0
 SINCE 7/1          6                 1       5        0
COOLING TOTAL     290               335     -45      563
 SINCE 1/1        674               679      -5     1077
..............................................................

WIND (MPH)
AVERAGE WIND SPEED              5.8
HIGHEST WIND SPEED/DIRECTION    30/250    DATE  07/10
HIGHEST GUST SPEED/DIRECTION    39/230    DATE  07/10

SKY COVER
POSSIBLE SUNSHINE (PERCENT)   MM
AVERAGE SKY COVER           0.20
NUMBER OF DAYS FAIR           24
NUMBER OF DAYS PC              4
NUMBER OF DAYS CLOUDY          3

AVERAGE RH (PERCENT)     73

WEATHER CONDITIONS. NUMBER OF DAYS WITH
THUNDERSTORM              3     MIXED PRECIP               0
HEAVY RAIN                4     RAIN                       4
LIGHT RAIN               11     FREEZING RAIN              0
LT FREEZING RAIN          0     HAIL                       0
HEAVY SNOW                0     SNOW                       0
LIGHT SNOW                0     SLEET                      0
FOG                      10     FOG W/VIS <= 1/4 MILE      2
HAZE                      0

-  INDICATES NEGATIVE NUMBERS.
R  INDICATES RECORD WAS SET OR TIED.
MM INDICATES DATA IS MISSING.
T  INDICATES TRACE AMOUNT.

&&

RECORDS ESTABLISHED DURING THE MONTH...

* TIED RECORD LOW TEMPERATURE OF 54 DEGREES ON THE 25TH
* TIED MONTHLY RECORD LOW TEMPERATURE OF 48 DEGREES ON THE 28TH
* RECORD DAILY LOW TEMPERATURE OF 48 DEGREES ON THE 28TH
* RECORD LOW TEMPERATURE OF 50 DEGREES ON THE 29TH
$$
GEELHART
