000
CXUS53 KILX 011741
CLMSPI


CLIMATE REPORT
NATIONAL WEATHER SERVICE LINCOLN IL
1215 PM CDT TUE NOV 1 2016

...................................

...THE SPRINGFIELD IL CLIMATE SUMMARY FOR THE MONTH OF OCTOBER 2016...

CLIMATE NORMAL PERIOD 1981 TO 2010
CLIMATE RECORD PERIOD 1879 TO 2016

WEATHER         OBSERVED          NORMAL  DEPART  LAST YEAR`S
                 VALUE   DATE(S)  VALUE   FROM    VALUE
                                          NORMAL
.............................................................
TEMPERATURE (F)
RECORD
 HIGH              93   10/03/2006
                        10/03/1954
                        10/02/1953
 LOW               13   10/30/1925
HIGHEST            88   10/17        67      21       82
LOWEST             36   10/22        46     -10       27
AVG. MAXIMUM     73.1              66.4     6.7     69.5
AVG. MINIMUM     50.7              43.8     6.9     44.9
MEAN             61.9              55.1     6.8     57.2
DAYS MAX >= 90      0               0.1    -0.1        0
DAYS MAX <= 32      0               0.0     0.0        0
DAYS MIN <= 32      0               3.8    -3.8        2
DAYS MIN <= 0       0               0.0     0.0        0

PRECIPITATION (INCHES)
RECORD
 MAXIMUM        13.39   1941
 MINIMUM         0.11   1904
TOTALS           2.02              3.15   -1.13     1.47
DAILY AVG.       0.07              0.10   -0.03     0.05
DAYS >= .01         8               8.5    -0.5        7
DAYS >= .10         4               5.5    -1.5        4
DAYS >= .50         2               2.2    -0.2        1
DAYS >= 1.00        0               0.8    -0.8        0
GREATEST
 24 HR. TOTAL    0.98   10/06 TO 10/06              0.77

SNOWFALL (INCHES)
RECORDS
 TOTAL            2.8   1929
TOTALS            0.0                 T     0.0      0.0
SINCE 7/1         0.0                 T     0.0      0.0
DAYS >= 1.0         0               0.0     0.0        0
GREATEST
 SNOW DEPTH         0   MM                             0
 24 HR TOTAL      0.0   10/31 TO 10/31               0.0

DEGREE_DAYS
HEATING TOTAL     161               329    -168      252
 SINCE 7/1        174               410    -236      280
COOLING TOTAL      74                22      52       19
 SINCE 1/1       1608              1121     487     1375
..............................................................

WIND (MPH)
AVERAGE WIND SPEED              8.9
HIGHEST WIND SPEED/DIRECTION    35/190    DATE  10/17
HIGHEST GUST SPEED/DIRECTION    43/180    DATE  10/17

SKY COVER
POSSIBLE SUNSHINE (PERCENT)   MM
AVERAGE SKY COVER           0.30
NUMBER OF DAYS FAIR           18
NUMBER OF DAYS PC              9
NUMBER OF DAYS CLOUDY          4

AVERAGE RH (PERCENT)     69

WEATHER CONDITIONS. NUMBER OF DAYS WITH
THUNDERSTORM              7     MIXED PRECIP               0
HEAVY RAIN                3     RAIN                       4
LIGHT RAIN               12     FREEZING RAIN              0
LT FREEZING RAIN          0     HAIL                       0
HEAVY SNOW                0     SNOW                       0
LIGHT SNOW                0     SLEET                      0
FOG                      15     FOG W/VIS <= 1/4 MILE      2
HAZE                      3

-  INDICATES NEGATIVE NUMBERS.
R  INDICATES RECORD WAS SET OR TIED.
MM INDICATES DATA IS MISSING.
T  INDICATES TRACE AMOUNT.
&&

Record high temperature of 83 degrees on October 29th.
Record warm low temperature of 69 on October 17th.
Record high temperature of 88 degrees on October 17th.
Record warm low temperature of 66 degrees on October 16th.

$$
