000
CXUS53 KILX 011447
CLMSPI


CLIMATE REPORT
NATIONAL WEATHER SERVICE LINCOLN IL
936 AM CDT TUE OCT 1 2013

...................................

...THE SPRINGFIELD IL CLIMATE SUMMARY FOR THE MONTH OF SEPTEMBER 2013...

CLIMATE NORMAL PERIOD 1981 TO 2010
CLIMATE RECORD PERIOD 1879 TO 2013

WEATHER         OBSERVED          NORMAL  DEPART  LAST YEAR`S
                 VALUE   DATE(S)  VALUE   FROM    VALUE
                                          NORMAL
.............................................................
TEMPERATURE (F)
RECORD
 HIGH             102   09/01/2011
 LOW               31   09/30/1899
                        09/29/1899
HIGHEST            94   09/10        79      15       93
LOWEST             42   09/14        57     -15       33
AVG. MAXIMUM     81.4              78.9     2.5     78.9
AVG. MINIMUM     56.2              54.6     1.6     52.9
MEAN             68.8              66.8     2.0     65.9
DAYS MAX >= 90      4               2.5     1.5        3
DAYS MAX <= 32      0               0.0     0.0        0
DAYS MIN <= 32      0               0.0     0.0        0
DAYS MIN <= 0       0               0.0     0.0        0

PRECIPITATION (INCHES)
RECORD
 MAXIMUM        15.16   1926
 MINIMUM            T   1979
TOTALS           1.25              2.90   -1.65     2.89
DAILY AVG.       0.04              0.10   -0.06     0.10
DAYS >= .01         7               7.4    -0.4        8
DAYS >= .10         5               4.7     0.3        4
DAYS >= .50         0               1.6    -1.6        2
DAYS >= 1.00        0               0.8    -0.8        1
GREATEST
 24 HR. TOTAL    0.45   09/11 TO 09/12              1.85
                        09/12 TO 09/12
                        09/12 TO 09/13

SNOWFALL (INCHES)
RECORDS
 TOTAL              T   1942
TOTALS            0.0               0.0     0.0      0.0
SINCE 7/1         0.0               0.0     0.0      0.0
DAYS >= 1.0         0               0.0     0.0        0
GREATEST
 SNOW DEPTH         0   MM                             0
 24 HR TOTAL      0.0   09/30 TO 09/30               0.0

DEGREE_DAYS
HEATING TOTAL      39                76     -37       84
 SINCE 7/1         50                81     -31       84
COOLING TOTAL     160               129      31      119
 SINCE 1/1       1100              1099       1     1520
..............................................................

WIND (MPH)
AVERAGE WIND SPEED              6.2
HIGHEST WIND SPEED/DIRECTION    25/190    DATE  09/28
HIGHEST GUST SPEED/DIRECTION    32/190    DATE  09/28

SKY COVER
POSSIBLE SUNSHINE (PERCENT)   MM
AVERAGE SKY COVER           0.20
NUMBER OF DAYS FAIR           23
NUMBER OF DAYS PC              7
NUMBER OF DAYS CLOUDY          0

AVERAGE RH (PERCENT)     69

WEATHER CONDITIONS. NUMBER OF DAYS WITH
THUNDERSTORM              4     MIXED PRECIP               0
HEAVY RAIN                3     RAIN                       4
LIGHT RAIN                9     FREEZING RAIN              0
LT FREEZING RAIN          0     HAIL                       0
HEAVY SNOW                0     SNOW                       0
LIGHT SNOW                0     SLEET                      0
FOG                      16     FOG W/VIS <= 1/4 MILE      2
HAZE                      0

-  INDICATES NEGATIVE NUMBERS.
R  INDICATES RECORD WAS SET OR TIED.
MM INDICATES DATA IS MISSING.
T  INDICATES TRACE AMOUNT.
&&

NO RECORDS SET FOR MONTH OF SEPTEMBER.

$$

JRP
