000
CXUS53 KILX 011443
CLMSPI

CLIMATE REPORT
NATIONAL WEATHER SERVICE LINCOLN IL
844 AM CDT SUN JUN 1 2014

...................................

...THE SPRINGFIELD IL CLIMATE SUMMARY FOR THE MONTH OF MAY 2014...

CLIMATE NORMAL PERIOD 1981 TO 2010
CLIMATE RECORD PERIOD 1879 TO 2014

WEATHER         OBSERVED          NORMAL  DEPART  LAST YEAR`S
                 VALUE   DATE(S)  VALUE   FROM    VALUE
                                          NORMAL
.............................................................
TEMPERATURE (F)
RECORD
 HIGH             101   05/31/1934
 LOW               28   05/10/1966
HIGHEST            89   05/31        74      15       89
                        05/26
                        05/21
LOWEST             37   05/17        53     -16       36
AVG. MAXIMUM     77.2              74.8     2.4     74.4
AVG. MINIMUM     55.7              52.6     3.1     54.4
MEAN             66.5              63.7     2.8     64.4
DAYS MAX >= 90      0               0.9    -0.9        0
DAYS MAX <= 32      0               0.0     0.0        0
DAYS MIN <= 32      0               0.1    -0.1        0
DAYS MIN <= 0       0               0.0     0.0        0

PRECIPITATION (INCHES)
RECORD
 MAXIMUM        11.81   1899
 MINIMUM         0.32   1934
TOTALS           2.76              4.24   -1.48    10.90
DAILY AVG.       0.09              0.14   -0.05     0.35
DAYS >= .01        11              11.7    -0.7       16
DAYS >= .10         8               7.3     0.7       13
DAYS >= .50         1               2.6    -1.6        8
DAYS >= 1.00        0               1.1    -1.1        4
GREATEST
 24 HR. TOTAL    0.60   05/28 TO 05/28              2.27
                        05/27 TO 05/28
                        05/28 TO 05/28

SNOWFALL (INCHES)
RECORDS
 TOTAL            0.6   1966
                        1923
TOTALS            0.0               0.0     0.0      0.0
SINCE 7/1        45.7              20.9    24.8     33.1
DAYS >= 1.0         0               0.0     0.0        0
GREATEST
 SNOW DEPTH         0   MM                             0
 24 HR TOTAL      0.0   05/31 TO 05/31               0.0

DEGREE_DAYS
HEATING TOTAL     115               125     -10      127
 SINCE 7/1       6206              5470     736     5357
COOLING TOTAL     166                84      82      112
 SINCE 1/1        176               104      72      126
..............................................................

WIND (MPH)
AVERAGE WIND SPEED              9.5
HIGHEST WIND SPEED/DIRECTION    33/150    DATE  05/19
HIGHEST GUST SPEED/DIRECTION    45/270    DATE  05/12

SKY COVER
POSSIBLE SUNSHINE (PERCENT)   MM
AVERAGE SKY COVER           0.30
NUMBER OF DAYS FAIR           23
NUMBER OF DAYS PC              5
NUMBER OF DAYS CLOUDY          3

AVERAGE RH (PERCENT)     62

WEATHER CONDITIONS. NUMBER OF DAYS WITH
THUNDERSTORM              0     MIXED PRECIP               0
HEAVY RAIN                3     RAIN                       8
LIGHT RAIN               17     FREEZING RAIN              0
LT FREEZING RAIN          0     HAIL                       0
HEAVY SNOW                0     SNOW                       0
LIGHT SNOW                0     SLEET                      0
FOG                      11     FOG W/VIS <= 1/4 MILE      0
HAZE                      4

-  INDICATES NEGATIVE NUMBERS.
R  INDICATES RECORD WAS SET OR TIED.
MM INDICATES DATA IS MISSING.
T  INDICATES TRACE AMOUNT.

&&

RECORDS ESTABLISHED:

* NONE

$$
