000
CXUS53 KILX 011446 CCA
CLMSPI

CLIMATE REPORT
NATIONAL WEATHER SERVICE LINCOLN IL
946 AM CDT WED JUL 1 2015

...................................

...THE SPRINGFIELD IL CLIMATE SUMMARY FOR THE MONTH OF JUNE 2015...

CLIMATE NORMAL PERIOD 1981 TO 2010
CLIMATE RECORD PERIOD 1879 TO 2015

WEATHER         OBSERVED          NORMAL  DEPART  LAST YEAR`S
                 VALUE   DATE(S)  VALUE   FROM    VALUE
                                          NORMAL
.............................................................
TEMPERATURE (F)
RECORD
 HIGH             104   06/28/1934
                        06/27/1934
                        06/01/1934
 LOW               39   06/01/2003
HIGHEST            93   06/10        84       9       91
LOWEST             54   06/02        63      -9       51
AVG. MAXIMUM     83.3              83.1     0.2     84.4
AVG. MINIMUM     66.1              61.9     4.2     65.5
MEAN             74.7              72.5     2.2     74.9
DAYS MAX >= 90      5               4.7     0.3        6
DAYS MAX <= 32      0               0.0     0.0        0
DAYS MIN <= 32      0               0.0     0.0        0
DAYS MIN <= 0       0               0.0     0.0        0

PRECIPITATION (INCHES)
RECORD
 MAXIMUM        12.71   1882
 MINIMUM         0.23   1959
TOTALS           9.14              4.46    4.68     8.87
DAILY AVG.       0.30              0.15    0.15     0.30
DAYS >= .01        16              10.2     5.8       14
DAYS >= .10        14               6.7     7.3        8
DAYS >= .50         6               2.8     3.2        6
DAYS >= 1.00        3               1.2     1.8        3
GREATEST
 24 HR. TOTAL    1.70   06/28 TO 06/28              3.08

SNOWFALL (INCHES)
RECORDS
 TOTAL            0.0   MM
TOTALS            0.0               0.0     0.0      0.0
SINCE 7/1        33.9              20.9    13.0     45.7
DAYS >= 1.0         0               0.0     0.0        0
GREATEST
 SNOW DEPTH         0   MM                             0
 24 HR TOTAL      0.0   06/30 TO 06/30               0.0

DEGREE_DAYS
HEATING TOTAL       3                15     -12        0
 SINCE 7/1       5669              5485     184     6206
COOLING TOTAL     298               240      58      306
 SINCE 1/1        464               344     120      482
..............................................................

WIND (MPH)
AVERAGE WIND SPEED              7.8
HIGHEST WIND SPEED/DIRECTION    43/310    DATE  06/20
HIGHEST GUST SPEED/DIRECTION    53/320    DATE  06/20

SKY COVER
POSSIBLE SUNSHINE (PERCENT)   MM
AVERAGE SKY COVER           0.40
NUMBER OF DAYS FAIR           15
NUMBER OF DAYS PC             10
NUMBER OF DAYS CLOUDY          5

AVERAGE RH (PERCENT)     75

WEATHER CONDITIONS. NUMBER OF DAYS WITH
THUNDERSTORM             16     MIXED PRECIP               0
HEAVY RAIN               11     RAIN                      11
LIGHT RAIN               17     FREEZING RAIN              0
LT FREEZING RAIN          0     HAIL                       1
HEAVY SNOW                0     SNOW                       0
LIGHT SNOW                0     SLEET                      0
FOG                      21     FOG W/VIS <= 1/4 MILE      2
HAZE                      3

-  INDICATES NEGATIVE NUMBERS.
R  INDICATES RECORD WAS SET OR TIED.
MM INDICATES DATA IS MISSING.
T  INDICATES TRACE AMOUNT.

&&

JUNE RECORDS:

* 5TH WETTEST JUNE WITH 9.14 INCHES

$$
