000
CXUS53 KILX 021716
CLSSPI

CHICLMSPI 000
TTAA00 KILX 011622

CLIMATE REPORT
NATIONAL WEATHER SERVICE LINCOLN IL
1008 AM CST SUN DEC 1 2013

...................................

...THE SPRINGFIELD IL CLIMATE SUMMARY FOR THE FALL SEASON, FROM
9/1/2013 TO 11/30/2013...

CLIMATE NORMAL PERIOD 1981 TO 2010
CLIMATE RECORD PERIOD 1879 TO 2013

WEATHER         OBSERVED          NORMAL  DEPART  LAST YEAR`S
                 VALUE   DATE(S)  VALUE   FROM    VALUE
                                          NORMAL
.............................................................
TEMPERATURE (F)
RECORD
 HIGH             102   09/01/2011
 LOW               -3   11/30/1964
HIGHEST            94   09/10        MM      MM       93
LOWEST              8   11/24        MM      MM       18
AVG. MAXIMUM     65.7              65.9    -0.2     65.6
AVG. MINIMUM     42.5              44.1    -1.6     43.4
MEAN             54.1              55.0    -0.9     54.5
DAYS MAX >= 90      4               2.5     1.5        3
DAYS MAX <= 32      3               1.2     1.8        0
DAYS MIN <= 32     28              17.2    10.8       20
DAYS MIN <= 0       0               0.0     0.0        0

PRECIPITATION (INCHES)
RECORD
 MAXIMUM        24.55   1926
 MINIMUM         2.67   1910
TOTALS           6.08              9.26   -3.18     9.05
DAILY AVG.       0.07                               0.10
DAYS >= .01        28              25.5     2.5       23
DAYS >= .10        15              16.2    -1.2       14
DAYS >= .50         3               6.2    -3.2        6
DAYS >= 1.00        2               2.3    -0.3        3
GREATEST
 24 HR. TOTAL    1.99   MM                          2.12

SNOWFALL (INCHES)
RECORDS
 TOTAL           12.1   1951
 24 HR TOTAL      7.8   11/06/1951 TO 11/06/1951
TOTALS            0.7               0.6     0.1        T
SINCE 7/1         0.7               0.6     0.1        T
DAYS >= TRACE       3               0.9     2.1        1
DAYS >= 1.0         0               0.2    -0.2        0
GREATEST
 SNOW DEPTH         T   11/12                          0
 24 HR TOTAL      0.7   MM                           0.0

DEGREE_DAYS
HEATING TOTAL    1171              1063     108     1061
 SINCE 7/1         MM              1068      MM     1061
COOLING TOTAL     205               152      53      133
 SINCE 1/1       1145              1122      23     1534

FREEZE DATES
RECORD
 EARLIEST     09/20/1991
 LATEST       05/10/1966
EARLIEST                        10/13
LATEST                          04/13
..............................................................

WIND (MPH)
AVERAGE WIND SPEED              8.0
HIGHEST WIND SPEED/DIRECTION    47/260    DATE  11/17
HIGHEST GUST SPEED/DIRECTION    62/250    DATE  11/17

SKY COVER
POSSIBLE SUNSHINE (PERCENT)   MM
AVERAGE SKY COVER           0.30
NUMBER OF DAYS FAIR           54
NUMBER OF DAYS PC             27
NUMBER OF DAYS CLOUDY         10

AVERAGE RH (PERCENT)     69

WEATHER CONDITIONS. NUMBER OF DAYS WITH
THUNDERSTORM              7     MIXED PRECIP               0
HEAVY RAIN                7     RAIN                       9
LIGHT RAIN               30     FREEZING RAIN              0
LT FREEZING RAIN          0     HAIL                       0
HEAVY SNOW                0     SNOW                       0
LIGHT SNOW                3     SLEET                      0
FOG                      33     FOG W/VIS <= 1/4 MILE      4
HAZE                      2

-  INDICATES NEGATIVE NUMBERS.
R  INDICATES RECORD WAS SET OR TIED.
MM INDICATES DATA IS MISSING.
T  INDICATES TRACE AMOUNT.

&&

TIED DAILY RECORD SNOWFALL OF A TRACE ON OCTOBER 24TH
DAILY RECORD LOW OF 23 DEGREES SET ON OCTOBER 27TH

$$

JRP
