000
CXUS53 KILX 011551
CLSSPI

CHICLMSPI 000
TTAA00 KILX 011546


CLIMATE REPORT
NATIONAL WEATHER SERVICE LINCOLN IL
951 AM CST MON DEC 1 2014

...................................

...THE SPRINGFIELD IL CLIMATE SUMMARY FOR THE SEASON, FROM
9/1/2014 TO 11/30/2014...

CLIMATE NORMAL PERIOD 1981 TO 2010
CLIMATE RECORD PERIOD 1879 TO 2014

WEATHER         OBSERVED          NORMAL  DEPART  LAST YEAR`S
                 VALUE   DATE(S)  VALUE   FROM    VALUE
                                          NORMAL
.............................................................
TEMPERATURE (F)
RECORD
 HIGH             102   09/01/2011
 LOW               -3   11/30/1964
HIGHEST            95   09/05        MM      MM       94
LOWEST              9   11/27        MM      MM        8
AVG. MAXIMUM     63.3              65.9    -2.6     65.7
AVG. MINIMUM     41.9              44.1    -2.2     42.5
MEAN             52.6              55.0    -2.4     54.1
DAYS MAX >= 90      2               2.5    -0.5        4
DAYS MAX <= 32      5               1.2     3.8        3
DAYS MIN <= 32     24              17.2     6.8       28
DAYS MIN <= 0       0               0.0     0.0        0

PRECIPITATION (INCHES)
RECORD
 MAXIMUM        24.55   1926
 MINIMUM         2.67   1910
TOTALS          11.16              9.26    1.90     6.08
DAILY AVG.       0.12                               0.07
DAYS >= .01        28              25.5     2.5       28
DAYS >= .10        18              16.2     1.8       15
DAYS >= .50         9               6.2     2.8        3
DAYS >= 1.00        2               2.3    -0.3        2
GREATEST
 24 HR. TOTAL    2.60   MM                          1.99

SNOWFALL (INCHES)
RECORDS
 TOTAL           12.1   1951
 24 HR TOTAL      7.8   11/06/1951 TO 11/06/1951
TOTALS            2.6               0.6     2.0      0.7
SINCE 7/1         2.6               0.6     2.0      0.7
DAYS >= TRACE       9               0.9     8.1        3
DAYS >= 1.0         1               0.2     0.8        0
GREATEST
 SNOW DEPTH         3   11/28                         -1
                        11/27
 24 HR TOTAL      2.0   MM                           0.7

DEGREE_DAYS
HEATING TOTAL    1233              1063     170     1171
 SINCE 7/1         MM              1068      MM       MM
COOLING TOTAL     129               152     -23      205
 SINCE 1/1       1162              1122      40     1145

FREEZE DATES
RECORD
 EARLIEST     09/20/1991
 LATEST       05/10/1966
EARLIEST                        10/13
LATEST                          04/13
..............................................................

WIND (MPH)
AVERAGE WIND SPEED              8.4
HIGHEST WIND SPEED/DIRECTION    32/270    DATE  11/24
HIGHEST GUST SPEED/DIRECTION    46/310    DATE  09/05

SKY COVER
POSSIBLE SUNSHINE (PERCENT)   MM
AVERAGE SKY COVER           0.40
NUMBER OF DAYS FAIR           47
NUMBER OF DAYS PC             28
NUMBER OF DAYS CLOUDY         16

AVERAGE RH (PERCENT)     70

WEATHER CONDITIONS. NUMBER OF DAYS WITH
THUNDERSTORM              0     MIXED PRECIP               0
HEAVY RAIN               11     RAIN                      14
LIGHT RAIN               34     FREEZING RAIN              0
LT FREEZING RAIN          0     HAIL                       0
HEAVY SNOW                0     SNOW                       1
LIGHT SNOW                9     SLEET                      0
FOG                      38     FOG W/VIS <= 1/4 MILE      3
HAZE                     10

-  INDICATES NEGATIVE NUMBERS.
R  INDICATES RECORD WAS SET OR TIED.
MM INDICATES DATA IS MISSING.
T  INDICATES TRACE AMOUNT.

&&

AUTUMN SEASON (SEP/OCT/NOV) RECORDS ESTABLISHED:

* NONE

$$
