000
CXUS53 KILX 011440
CLSSPI

CHICLMSPI 000
TTAA00 KILX 011439


CLIMATE REPORT
NATIONAL WEATHER SERVICE LINCOLN IL
931 AM CDT SUN JUN 1 2014

...................................

...THE SPRINGFIELD IL CLIMATE SUMMARY FOR THE SEASON, FROM
3/1/2014 TO 5/31/2014...

CLIMATE NORMAL PERIOD 1981 TO 2010
CLIMATE RECORD PERIOD 1879 TO 2014

WEATHER         OBSERVED          NORMAL  DEPART  LAST YEAR`S
                 VALUE   DATE(S)  VALUE   FROM    VALUE
                                          NORMAL
.............................................................
TEMPERATURE (F)
RECORD
 HIGH             101   05/31/1934
 LOW              -12   03/05/1960
HIGHEST            89   05/31        MM      MM       89
                        05/21
                        05/26
LOWEST             -2   03/03        MM      MM       13
AVG. MAXIMUM     64.3              63.8     0.5     60.0
AVG. MINIMUM     41.8              42.4    -0.6     40.9
MEAN             53.0              53.1    -0.1     50.5
DAYS MAX >= 90      0               0.9    -0.9        0
DAYS MAX <= 32      2               1.6     0.4        4
DAYS MIN <= 32     26              19.3     6.7       29
DAYS MIN <= 0       1               0.1     0.9        0

PRECIPITATION (INCHES)
RECORD
 MAXIMUM        21.83   1977
 MINIMUM         4.37   1930
TOTALS           8.86             10.38   -1.52    19.30
DAILY AVG.       0.10                               0.21
DAYS >= .01        29              33.7    -4.7       39
DAYS >= .10        20              20.2    -0.2       24
DAYS >= .50         8               6.7     1.3       14
DAYS >= 1.00        1               2.3    -1.3        8
GREATEST
 24 HR. TOTAL    1.57   MM                          2.27

SNOWFALL (INCHES)
RECORDS
 TOTAL           35.2   1906
 24 HR TOTAL     17.4   MM
TOTALS            3.4               2.8     0.6     19.6
SINCE 7/1        45.7              20.9    24.8     33.1
DAYS >= TRACE       6               2.2     3.8       10
DAYS >= 1.0         1               0.7     0.3        2
GREATEST
 SNOW DEPTH         2   03/12                         16
 24 HR TOTAL      1.8   MM                          17.4

DEGREE_DAYS
HEATING TOTAL    1259              1198      61     1448
 SINCE 7/1         MM              5470      MM       MM
COOLING TOTAL     176               105      71      126
 SINCE 1/1        176               104      72      126

FREEZE DATES
RECORD
 EARLIEST     09/20/1991
 LATEST       05/10/1966
EARLIEST                        10/13
LATEST                          04/13
..............................................................

WIND (MPH)
AVERAGE WIND SPEED              10.7
HIGHEST WIND SPEED/DIRECTION    40/170    DATE  03/27
HIGHEST GUST SPEED/DIRECTION    58/330    DATE  04/03

SKY COVER
POSSIBLE SUNSHINE (PERCENT)   MM
AVERAGE SKY COVER           0.30
NUMBER OF DAYS FAIR           62
NUMBER OF DAYS PC             13
NUMBER OF DAYS CLOUDY         17

AVERAGE RH (PERCENT)     61

WEATHER CONDITIONS. NUMBER OF DAYS WITH
THUNDERSTORM              0     MIXED PRECIP               0
HEAVY RAIN                9     RAIN                      18
LIGHT RAIN               41     FREEZING RAIN              0
LT FREEZING RAIN          2     HAIL                       0
HEAVY SNOW                0     SNOW                       2
LIGHT SNOW                5     SLEET                      0
FOG                      33     FOG W/VIS <= 1/4 MILE      0
HAZE                     17

-  INDICATES NEGATIVE NUMBERS.
R  INDICATES RECORD WAS SET OR TIED.
MM INDICATES DATA IS MISSING.
T  INDICATES TRACE AMOUNT.

&&

SEASONAL RECORDS:

* NONE

$$
