000
CXUS54 KOUN 011446
CLMSPS
CLIMATE REPORT
NATIONAL WEATHER SERVICE NORMAN OK
946 AM CDT TUE AUG 01 2023
...................................
...THE WICHITA FALLS CLIMATE SUMMARY FOR THE MONTH OF JULY 2023...
CLIMATE NORMAL PERIOD 1991 TO 2020
CLIMATE RECORD PERIOD 1897 TO 2023
WEATHER OBSERVED NORMAL DEPART LAST YEAR`S
VALUE DATE(S) VALUE FROM VALUE
NORMAL
..............................................................
TEMPERATURE (F)
RECORD
HIGH 115 07/19/2022
LOW 54 07/23/1970
07/05/1924
HIGHEST 110 105 5 115
LOWEST 66 64 2 66
AVG. MAXIMUM 101.2 97.2 4.0 104.8
AVG. MINIMUM 73.2 72.2 1.0 75.9
MEAN 87.2 84.7 2.5 90.4
DAYS MAX >= 90 29 27.8 1.2 31
DAYS MAX <= 32 0 0.0 0.0 0
DAYS MIN <= 32 0 0.0 0.0 0
DAYS MIN <= 0 0 0.0 0.0 0
PRECIPITATION (INCHES)
RECORD
MAXIMUM 11.86 1950
MINIMUM 0.00 2003
1909
TOTALS 2.06 2.02 0.04 0.29
DAILY AVG. 0.07 0.07 0.00 0.01
DAYS >= .01 8 5.2 2.8 4
DAYS >= .10 5 3.3 1.7 2
DAYS >= .50 2 1.3 0.7 0
DAYS >= 1.00 0 0.6 -0.6 0
GREATEST
24 HR. TOTAL 0.79 07/05 TO 07/06
DEGREE DAYS
COOLING TOTAL 695 611 84
SINCE 1/1 1518 1398 120
..............................................................
WIND (MPH)
AVERAGE WIND SPEED 10.5
HIGHEST WIND SPEED/DIRECTION 48/280 DATE 07/13
HIGHEST GUST SPEED/DIRECTION 63/280 DATE 07/13
WEATHER CONDITIONS. NUMBER OF DAYS WITH
THUNDERSTORM 11 MIXED PRECIP 0
HEAVY RAIN 5 RAIN 4
LIGHT RAIN 10 FREEZING RAIN 0
LT FREEZING RAIN 0 HAIL 0
HEAVY SNOW 0 SNOW 0
LIGHT SNOW 0 SLEET 0
FOG 3 FOG W/VIS <= 1/4 MILE 0
HAZE 0
- INDICATES NEGATIVE NUMBERS.
R INDICATES RECORD WAS SET OR TIED.
MM INDICATES DATA IS MISSING.
T INDICATES TRACE AMOUNT.
...............................................................
RECORDS/REMARKS
RECORD HIGH TEMPERATURE OF 110 DEGREES SET ON JULY 13.
TIED RECORD WARM MINIMUM TEMPERATURE OF 83 DEGREES ON JULY 13.
TIED RECORD HIGH TEMPERATURE OF 110 DEGREES ON JULY 18.
JAN-JUL 2023 PRECIPITATION TOTAL IS 14.49 INCHES.
$$