000
CXUS54 KEPZ 011030
CF6SRR
PRELIMINARY LOCAL CLIMATOLOGICAL DATA (WS FORM: F-6)
STATION: RUIDOSO AWOS
MONTH: APRIL
YEAR: 2022
LATITUDE: 33 28 N
LONGITUDE: 105 32 W
TEMPERATURE IN F: :PCPN: SNOW: WIND :SUNSHINE: SKY :PK WND
================================================================================
1 2 3 4 5 6A 6B 7 8 9 10 11 12 13 14 15 16 17 18
12Z AVG MX 2MIN
DY MAX MIN AVG DEP HDD CDD WTR SNW DPTH SPD SPD DIR MIN PSBL S-S WX SPD DR
================================================================================
1 59 36 48 M 17 0 0.00 M M 11.0 24 310 M M 1 33 310
2 68 36 52 M 13 0 0.00 M M 6.4 20 230 M M 0 25 230
3 70 45 58 M 7 0 0.00 M M 9.4 23 220 M M 0 35 200
4 64 34 49 M 16 0 0.00 M M 8.6 15 290 M M 1 22 290
5 75 50 63 M 2 0 0.00 M M 19.0 28 270 M M 0 43 300
6 63 32 48 M 17 0 0.00 M M 13.2 27 300 M M 0 39 300
7 59 28 44 M 21 0 0.00 M M 7.7 16 340 M M 0 25 340
8 64 28 46 M 19 0 0.00 M M 6.5 14 140 M M 1 21 130
9 72 41 57 M 8 0 0.00 M M 15.3 28 220 M M 0 40 220
10 68 52 60 M 5 0 0.00 M M 19.1 27 240 M M 1 47 240
11 66 46 56 M 9 0 0.00 M M 19.6 41 230 M M 0 53 230
12 66 46 56 M 9 0 T M M 33.1 55 230 M M 2 8 71 230
13 54 32 43 M 22 0 0.00 M M 16.6 27 260 M M 1 38 290
14 64 39 52 M 13 0 0.00 M M 14.1 29 240 M M 0 32 240
15 72 52 62 M 3 0 0.00 M M 19.6 25 280 M M 0 40 290
16 70 50 60 M 5 0 0.00 M M 13.2 25 260 M M 0 33 260
17 72 50 61 M 4 0 0.00 M M 12.1 23 290 M M 0 31 290
18 66 45 56 M 9 0 0.00 M M 11.9 22 120 M M 1 28 130
19 73 45 59 M 6 0 0.00 M M 11.8 23 260 M M 0 32 270
20 77 55 66 M 0 1 0.00 M M 17.5 29 260 M M 0 45 260
21 75 54 65 M 0 0 0.00 M M 11.6 24 220 M M 0 32 240
22 75 52 64 M 1 0 0.00 M M 26.7 51 220 M M 1 8 66 220
23 64 41 53 M 12 0 0.00 M M 13.3 23 310 M M 0 37 310
24 63 34 49 M 16 0 0.00 M M 9.0 15 130 M M 0 20 90
25 59 41 50 M 15 0 0.00 M M 10.0 17 110 M M 3 25 110
26 63 36 50 M 15 0 0.00 M M 11.9 22 120 M M 0 31 120
27 73 41 57 M 8 0 0.00 M M 11.8 23 230 M M 0 38 230
28 72 52 62 M 3 0 0.00 M M 11.0 26 230 M M 0 38 240
29 72 50 61 M 4 0 0.00 M M 12.6 18 320 M M 0 33 310
30 72 43 58 M 7 0 0.00 M M 9.9 21 120 M M 0 24 180
================================================================================
SM 2030 1286 286 1 T M 413.7 M 12
================================================================================
AV 67.7 42.9 13.8 FASTST M M 0 MAX(MPH)
MISC ----> 55 230 71 230
================================================================================
NOTES:
# LAST OF SEVERAL OCCURRENCES
COLUMN 17 PEAK WIND IN M.P.H.
PRELIMINARY LOCAL CLIMATOLOGICAL DATA (WS FORM: F-6) , PAGE 2
STATION: RUIDOSO AWOS
MONTH: APRIL
YEAR: 2022
LATITUDE: 33 28 N
LONGITUDE: 105 32 W
[TEMPERATURE DATA] [PRECIPITATION DATA] SYMBOLS USED IN COLUMN 16
AVERAGE MONTHLY: 55.3 TOTAL FOR MONTH: T 1 = FOG OR MIST
DPTR FM NORMAL: 0.0 DPTR FM NORMAL: M 2 = FOG REDUCING VISIBILITY
HIGHEST: 77 ON 20 GRTST 24HR T ON 12-12 TO 1/4 MILE OR LESS
LOWEST: 28 ON 8, 7 3 = THUNDER
SNOW, ICE PELLETS, HAIL 4 = ICE PELLETS
TOTAL MONTH: M 5 = HAIL
GRTST 24HR M ON M 6 = FREEZING RAIN OR DRIZZLE
GRTST DEPTH: M ON M 7 = DUSTSTORM OR SANDSTORM:
VSBY 1/2 MILE OR LESS
8 = SMOKE OR HAZE
[NO. OF DAYS WITH] [WEATHER - DAYS WITH] 9 = BLOWING SNOW
X = TORNADO
MAX 32 OR BELOW: 0 0.01 INCH OR MORE: 0
MAX 90 OR ABOVE: 0 0.10 INCH OR MORE: 0
MIN 32 OR BELOW: 4 0.50 INCH OR MORE: 0
MIN 0 OR BELOW: 0 1.00 INCH OR MORE: 0
[HDD (BASE 65) ]
TOTAL THIS MO. 286 CLEAR (SCALE 0-3) 29
DPTR FM NORMAL M PTCLDY (SCALE 4-7) 1
TOTAL FM JUL 1 4093 CLOUDY (SCALE 8-10) 0
DPTR FM NORMAL M
[CDD (BASE 65) ]
TOTAL THIS MO. 1
DPTR FM NORMAL M [PRESSURE DATA]
TOTAL FM JAN 1 1 HIGHEST SLP M ON M
DPTR FM NORMAL M LOWEST SLP M ON M
[REMARKS]
#FINAL-04-22#