000
CXUS52 KJAX 020113
CF6SSI
PRELIMINARY LOCAL CLIMATOLOGICAL DATA (WS FORM: F-6)
STATION: ST SIMONS ISLAND
MONTH: SEPTEMBER
YEAR: 2020
LATITUDE: 31 9 N
LONGITUDE: 81 23 W
TEMPERATURE IN F: :PCPN: SNOW: WIND :SUNSHINE: SKY :PK WND
================================================================================
1 2 3 4 5 6A 6B 7 8 9 10 11 12 13 14 15 16 17 18
12Z AVG MX 2MIN
DY MAX MIN AVG DEP HDD CDD WTR SNW DPTH SPD SPD DIR MIN PSBL S-S WX SPD DR
================================================================================
1 91 76 84 4 0 19 0.00 0.0 0 7.2 14 220 M M 2 19 220
2 94 79 87 7 0 22 0.00 0.0 0 7.3 14 160 M M 1 18 160
3 93 79 86 6 0 21 0.00 0.0 0 6.9 13 160 M M 2 17 170
4 96 78 87 7 0 22 0.00 0.0 0 6.1 12 140 M M 0 16 140
5 96 78 87 7 0 22 0.00 0.0 0 6.6 12 120 M M 1 15 160
6 87 73 80 0 0 15 2.15 0.0 0 9.4 25 80 M M 6 13 33 80
7 87 72 80 0 0 15 0.31 0.0 0 8.1 18 30 M M 3 13 24 40
8 87 75 81 1 0 16 0.48 0.0 0 12.0 24 60 M M 5 1 32 50
9 88 74 81 1 0 16 0.12 0.0 0 7.4 17 120 M M 3 1 22 120
10 89 79 84 5 0 19 0.03 0.0 0 9.0 17 60 M M 3 1 22 50
11 90 78 84 5 0 19 0.29 0.0 0 10.6 17 100 M M 4 1 22 130
12 89 79 84 5 0 19 0.00 0.0 0 13.8 20 80 M M 4 3 28 80
13 87 77 82 3 0 17 0.77 0.0 0 12.2 23 140 M M 5 1 33 140
14 88 77 83 4 0 18 0.00 0.0 0 9.1 14 80 M M 1 18 70
15 87 76 82 4 0 17 2.04 0.0 0 12.7 26 60 M M 7 13 34 60
16 83 74 79 1 0 14 1.44 0.0 0 7.4 25 120 M M 6 13 36 130
17 87 79 83 5 0 18 0.17 0.0 0 12.3 22 210 M M 6 1 30 170
18 79 71 75 -3 0 10 0.01 0.0 0 9.0 16 20 M M 9 1 21 10
19 76 69 73 -5 0 8 T 0.0 0 14.9 24 30 M M 10 1 33 30
20 75 65 70 -8 0 5 T 0.0 0 16.4 24 40 M M 10 34 30
21 75 65 70 -7 0 5 T 0.0 0 18.4 26 40 M M 9 35 30
22 77 63 70 -7 0 5 0.00 0.0 0 11.9 24 40 M M 5 35 50
23 79 61 70 -7 0 5 0.00 0.0 0 3.8 10 80 M M 0 13 80
24 84 65 75 -1 0 10 T 0.0 0 6.4 17 130 M M 3 23 130
25 87 77 82 6 0 17 T 0.0 0 7.1 13 150 M M 4 17 140
26 84 74 79 3 0 14 0.00 0.0 0 5.3 15 70 M M 2 18 70
27 83 74 79 3 0 14 0.08 0.0 0 6.5 14 60 M M 6 1 17 90
28 84 75 80 5 0 15 0.48 0.0 0 5.2 14 220 M M 6 13 17 220
29 85 61 73 -2 0 8 0.58 0.0 0 7.8 25 310 M M 7 13 37 310
30 78 59 69 -6 0 4 0.00 0.0 0 5.4 14 360 M M 0 17 10
================================================================================
SM 2565 2182 0 429 8.95 0.0 276.2 M 130
================================================================================
AV 85.5 72.7 9.2 FASTST M M 4 MAX(MPH)
MISC ----> # 26 60 37 310
================================================================================
NOTES:
# LAST OF SEVERAL OCCURRENCES
COLUMN 17 PEAK WIND IN M.P.H.
PRELIMINARY LOCAL CLIMATOLOGICAL DATA (WS FORM: F-6) , PAGE 2
STATION: ST SIMONS ISLAND
MONTH: SEPTEMBER
YEAR: 2020
LATITUDE: 31 9 N
LONGITUDE: 81 23 W
[TEMPERATURE DATA] [PRECIPITATION DATA] SYMBOLS USED IN COLUMN 16
AVERAGE MONTHLY: 79.1 TOTAL FOR MONTH: 8.95 1 = FOG OR MIST
DPTR FM NORMAL: 1.0 DPTR FM NORMAL: 3.19 2 = FOG REDUCING VISIBILITY
HIGHEST: 96 ON 5, 4 GRTST 24HR 2.81 ON 15-16 TO 1/4 MILE OR LESS
LOWEST: 59 ON 30 3 = THUNDER
SNOW, ICE PELLETS, HAIL 4 = ICE PELLETS
TOTAL MONTH: 0.0 INCH 5 = HAIL
GRTST 24HR 0.0 6 = FREEZING RAIN OR DRIZZLE
GRTST DEPTH: 0 7 = DUSTSTORM OR SANDSTORM:
VSBY 1/2 MILE OR LESS
8 = SMOKE OR HAZE
[NO. OF DAYS WITH] [WEATHER - DAYS WITH] 9 = BLOWING SNOW
X = TORNADO
MAX 32 OR BELOW: 0 0.01 INCH OR MORE: 14
MAX 90 OR ABOVE: 6 0.10 INCH OR MORE: 11
MIN 32 OR BELOW: 0 0.50 INCH OR MORE: 5
MIN 0 OR BELOW: 0 1.00 INCH OR MORE: 3
[HDD (BASE 65) ]
TOTAL THIS MO. 0 CLEAR (SCALE 0-3) 13
DPTR FM NORMAL 0 PTCLDY (SCALE 4-7) 13
TOTAL FM JUL 1 0 CLOUDY (SCALE 8-10) 4
DPTR FM NORMAL 0
[CDD (BASE 65) ]
TOTAL THIS MO. 429
DPTR FM NORMAL 34 [PRESSURE DATA]
TOTAL FM JAN 1 2784 HIGHEST SLP 30.27 ON 21
DPTR FM NORMAL 413 LOWEST SLP 29.71 ON 17
[REMARKS]
#FINAL-09-20#