000
CXUS53 KLSX 032232
CF6STL
PRELIMINARY LOCAL CLIMATOLOGICAL DATA (WS FORM: F-6)
STATION: ST. LOUIS
MONTH: JUNE
YEAR: 2021
LATITUDE: 38 45 N
LONGITUDE: 90 23 W
TEMPERATURE IN F: :PCPN: SNOW: WIND :SUNSHINE: SKY :PK WND
================================================================================
1 2 3 4 5 6A 6B 7 8 9 10 11 12 13 14 15 16 17 18
12Z AVG MX 2MIN
DY MAX MIN AVG DEP HDD CDD WTR SNW DPTH SPD SPD DIR MIN PSBL S-S WX SPD DR
================================================================================
1 72 62 67 -6 0 2 T 0.0 0 5.8 15 120 M M 10 17 120
2 73 63 68 -5 0 3 0.03 0.0 0 5.5 12 350 M M 9 16 360
3 85 65 75 2 0 10 T 0.0 0 5.3 14 320 M M 6 8 18 340
4 88 62 75 1 0 10 0.00 0.0 0 7.6 14 180 M M 2 22 220
5 89 70 80 6 0 15 0.00 0.0 0 7.8 14 220 M M 5 23 230
6 86 74 80 6 0 15 T 0.0 0 10.4 16 170 M M 8 23 180
7 87 73 80 6 0 15 T 0.0 0 9.2 15 190 M M 8 22 190
8 80 70 75 0 0 10 0.10 0.0 0 6.7 15 160 M M 7 1 19 180
9 86 70 78 3 0 13 T 0.0 0 3.5 15 20 M M 8 18 18 20
10 92 73 83 8 0 18 0.00 0.0 0 3.3 10 60 M M 4 15 70
11 96 74 85 9 0 20 0.00 0.0 0 3.8 10 330 M M 4 8 14 340
12 96 77 87 11 0 22 0.00 0.0 0 6.9 14 330 M M 6 19 280
13 93 73 83 7 0 18 0.00 0.0 0 8.1 16 360 M M 2 22 10
14 96 67 82 6 0 17 0.00 0.0 0 8.2 18 330 M M 4 27 320
15 91 66 79 2 0 14 0.00 0.0 0 4.1 13 320 M M 1 19 330
16 90 67 79 2 0 14 0.00 0.0 0 5.3 13 80 M M 2 18 80
17 96 68 82 5 0 17 0.00 0.0 0 9.7 17 160 M M 5 27 190
18 101 81 91 14 0 26 0.00 0.0 0 13.2 23 220 M M 4 32 220
19 92 70 81 3 0 16 0.36 0.0 0 12.2 25 330 M M 8 13 36 270
20 93 73 83 5 0 18 T 0.0 0 10.5 30 260 M M 7 3 43 270
21 75 59 67 -11 0 2 0.21 0.0 0 10.2 32 250 M M 8 13 43 260
22 82 55 69 -9 0 4 0.00 0.0 0 6.2 15 170 M M 5 22 190
23 87 65 76 -2 0 11 0.00 0.0 0 11.5 21 170 M M 3 31 200
24 82 71 77 -2 0 12 0.01 0.0 0 10.1 21 130 M M 9 3 28 130
25 91 71 81 2 0 16 2.62 0.0 0 9.4 21 200 M M 9 13 33 210
26 92 74 83 4 0 18 0.06 0.0 0 14.4 30 220 M M 9 13 42 230
27 91 75 83 4 0 18 0.24 0.0 0 8.4 17 150 M M 7 138 28 200
28 88 74 81 2 0 16 1.59 0.0 0 5.2 26 170 M M 7 13 35 210
29 93 74 84 5 0 19 0.00 0.0 0 4.6 14 260 M M 7 3 18 320
30 83 73 78 -2 0 13 0.11 0.0 0 3.5 15 180 M M 9 13 18 180
================================================================================
SM 2646 2089 0 422 5.33 0.0 230.6 M 183
================================================================================
AV 88.2 69.6 7.7 FASTST M M 6 MAX(MPH)
MISC ----> 32 250 # 43 270
================================================================================
NOTES:
# LAST OF SEVERAL OCCURRENCES
COLUMN 17 PEAK WIND IN M.P.H.
PRELIMINARY LOCAL CLIMATOLOGICAL DATA (WS FORM: F-6) , PAGE 2
STATION: ST. LOUIS
MONTH: JUNE
YEAR: 2021
LATITUDE: 38 45 N
LONGITUDE: 90 23 W
[TEMPERATURE DATA] [PRECIPITATION DATA] SYMBOLS USED IN COLUMN 16
AVERAGE MONTHLY: 78.9 TOTAL FOR MONTH: 5.33 1 = FOG OR MIST
DPTR FM NORMAL: 2.4 DPTR FM NORMAL: 0.84 2 = FOG REDUCING VISIBILITY
HIGHEST: 101 ON 18 GRTST 24HR 2.63 ON 25-26 TO 1/4 MILE OR LESS
LOWEST: 55 ON 22 3 = THUNDER
SNOW, ICE PELLETS, HAIL 4 = ICE PELLETS
TOTAL MONTH: 0.0 INCH 5 = HAIL
GRTST 24HR 0.0 6 = FREEZING RAIN OR DRIZZLE
GRTST DEPTH: 0 7 = DUSTSTORM OR SANDSTORM:
VSBY 1/2 MILE OR LESS
8 = SMOKE OR HAZE
[NO. OF DAYS WITH] [WEATHER - DAYS WITH] 9 = BLOWING SNOW
X = TORNADO
MAX 32 OR BELOW: 0 0.01 INCH OR MORE: 10
MAX 90 OR ABOVE: 15 0.10 INCH OR MORE: 7
MIN 32 OR BELOW: 0 0.50 INCH OR MORE: 2
MIN 0 OR BELOW: 0 1.00 INCH OR MORE: 2
[HDD (BASE 65) ]
TOTAL THIS MO. 0 CLEAR (SCALE 0-3) 5
DPTR FM NORMAL -4 PTCLDY (SCALE 4-7) 19
TOTAL FM JUL 1 4356 CLOUDY (SCALE 8-10) 6
DPTR FM NORMAL -74
[CDD (BASE 65) ]
TOTAL THIS MO. 422
DPTR FM NORMAL 71 [PRESSURE DATA]
TOTAL FM JAN 1 596 HIGHEST SLP 30.18 ON 1
DPTR FM NORMAL 50 LOWEST SLP 29.56 ON 20
[REMARKS]
#FINAL-06-21#