000
CXUS56 KMTR 010900
CF6STS
PRELIMINARY LOCAL CLIMATOLOGICAL DATA (WS FORM: F-6)
STATION: SANTA ROSA AIRPORT
MONTH: OCTOBER
YEAR: 2023
LATITUDE: 38 30 N
LONGITUDE: 122 49 W
TEMPERATURE IN F: :PCPN: SNOW: WIND :SUNSHINE: SKY :PK WND
================================================================================
1 2 3 4 5 6A 6B 7 8 9 10 11 12 13 14 15 16 17 18
12Z AVG MX 2MIN
DY MAX MIN AVG DEP HDD CDD WTR SNW DPTH SPD SPD DIR MIN PSBL S-S WX SPD DR
================================================================================
1 76 50 63 -1 2 0 0.00 M M 3.1 14 240 M M 4 128 19 250
2 79 43 61 -3 4 0 0.00 M M 2.6 14 180 M M 0 1 20 200
3 84 46 65 1 0 0 0.00 M M 2.6 12 230 M M 1 1 16 210
4 95 51 73 9 0 8 0.00 M M 4.8 17 10 M M 0 24 10
5 95 53 74 10 0 9 0.00 M M 3.2 13 260 M M 0 19 260
6 97 53 75 11 0 10 0.00 M M 3.1 14 250 M M 0 19 240
7 96 52 74 11 0 9 0.00 M M 3.0 12 280 M M 0 15 250
8 82 50 66 3 0 1 0.00 M M 4.8 13 150 M M 1 17 150
9 66 53 60 -3 5 0 0.03 M M 2.1 9 80 M M 10 18 10 140
10 70 50 60 -3 5 0 0.04 M M 5.1 14 240 M M 7 12 19 250
11 76 45 61 -2 4 0 0.00 M M 7.8 21 330 M M 1 1 28 310
12 80 43 62 0 3 0 0.00 M M 4.5 13 260 M M 1 19 240
13 73 40 57 -5 8 0 0.00 M M 3.3 13 200 M M 4 16 200
14 70 55 63 1 2 0 T M M 2.5 8 350 M M 8 12 10 350
15 82 49 66 4 0 1 0.00 M M 4.4 10 220 M M 5 12 16 220
16 78 46 62 0 3 0 0.00 M M 2.4 14 250 M M 6 12 18 260
17 86 52 69 8 0 4 0.00 M M 2.7 12 210 M M 3 12 16 220
18 93 45 69 8 0 4 0.00 M M 1.8 8 210 M M 1 1 11 190
19 96 49 73 12 0 8 0.00 M M 3.2 9 210 M M 0 12 200
20 74 54 64 4 1 0 0.00 M M 4.6 14 220 M M 4 18 210
21 71 47 59 -1 6 0 0.00 M M 4.0 14 250 M M 5 1 18 280
22 67 55 61 1 4 0 0.58 M M 5.6 15 160 M M 10 1 19 150
23 78 51 65 5 0 0 0.00 M M 2.0 9 200 M M 4 12 12 190
24 77 47 62 2 3 0 0.00 M M 3.0 14 150 M M 4 12 19 140
25 66 42 54 -5 11 0 T M M 4.6 13 280 M M 7 128 18 270
26 69 35 52 -7 13 0 0.00 M M 3.8 14 240 M M 0 1 19 240
27 69 32 51 -8 14 0 0.00 M M 2.0 10 220 M M 0 1 14 220
28 74 33 54 -4 11 0 0.00 M M 3.2 16 360 M M 0 1 23 30
29 80 39 60 2 5 0 0.00 M M 5.6 14 350 M M 0 21 330
30 79 35 57 -1 8 0 0.00 M M 2.2 10 250 M M 0 13 260
31 78 35 57 -1 8 0 0.00 M M 2.3 9 140 M M 0 11 160
================================================================================
SM 2456 1430 120 54 0.65 M 109.9 M 86
================================================================================
AV 79.2 46.1 3.5 FASTST M M 3 MAX(MPH)
MISC ----> 21 330 28 310
================================================================================
NOTES:
# LAST OF SEVERAL OCCURRENCES
COLUMN 17 PEAK WIND IN M.P.H.
PRELIMINARY LOCAL CLIMATOLOGICAL DATA (WS FORM: F-6) , PAGE 2
STATION: SANTA ROSA AIRPORT
MONTH: OCTOBER
YEAR: 2023
LATITUDE: 38 30 N
LONGITUDE: 122 49 W
[TEMPERATURE DATA] [PRECIPITATION DATA] SYMBOLS USED IN COLUMN 16
AVERAGE MONTHLY: 62.7 TOTAL FOR MONTH: 0.65 1 = FOG OR MIST
DPTR FM NORMAL: 1.4 DPTR FM NORMAL: -1.00 2 = FOG REDUCING VISIBILITY
HIGHEST: 97 ON 6 GRTST 24HR 0.58 ON 22-22 TO 1/4 MILE OR LESS
LOWEST: 32 ON 27 3 = THUNDER
SNOW, ICE PELLETS, HAIL 4 = ICE PELLETS
TOTAL MONTH: M 5 = HAIL
GRTST 24HR M ON M 6 = FREEZING RAIN OR DRIZZLE
GRTST DEPTH: M ON M 7 = DUSTSTORM OR SANDSTORM:
VSBY 1/2 MILE OR LESS
8 = SMOKE OR HAZE
[NO. OF DAYS WITH] [WEATHER - DAYS WITH] 9 = BLOWING SNOW
X = TORNADO
MAX 32 OR BELOW: 0 0.01 INCH OR MORE: 3
MAX 90 OR ABOVE: 6 0.10 INCH OR MORE: 1
MIN 32 OR BELOW: 1 0.50 INCH OR MORE: 1
MIN 0 OR BELOW: 0 1.00 INCH OR MORE: 0
[HDD (BASE 65) ]
TOTAL THIS MO. 120 CLEAR (SCALE 0-3) 18
DPTR FM NORMAL -21 PTCLDY (SCALE 4-7) 11
TOTAL FM JUL 1 149 CLOUDY (SCALE 8-10) 2
DPTR FM NORMAL -56
[CDD (BASE 65) ]
TOTAL THIS MO. 54
DPTR FM NORMAL 28 [PRESSURE DATA]
TOTAL FM JAN 1 498 HIGHEST SLP M ON M
DPTR FM NORMAL 88 LOWEST SLP 29.71 ON 22
[REMARKS]
#FINAL-10-23#