938
CXUS53 KLSX 011500
CF6SUS
PRELIMINARY LOCAL CLIMATOLOGICAL DATA (WS FORM: F-6)
STATION: SPIRIT OF ST LOUIS MO
MONTH: JANUARY
YEAR: 2021
LATITUDE: 38 39 N
LONGITUDE: 90 38 W
TEMPERATURE IN F: :PCPN: SNOW: WIND :SUNSHINE: SKY :PK WND
================================================================================
1 2 3 4 5 6A 6B 7 8 9 10 11 12 13 14 15 16 17 18
12Z AVG MX 2MIN
DY MAX MIN AVG DEP HDD CDD WTR SNW DPTH SPD SPD DIR MIN PSBL S-S WX SPD DR
================================================================================
1 34 30 32 1 33 0 0.63 M M 9.1 18 40 M M 10 16 26 70
2 34 31 33 2 32 0 0.01 M M 3.3 9 280 M M 10 1 11 300
3 34 26 30 -1 35 0 T M M 4.9 13 250 M M 9 18 21 240
4 38 31 35 4 30 0 0.00 0.0 0 5.4 18 290 M M 10 12 26 280
5 51 23 37 6 28 0 0.00 0.0 0 2.4 10 280 M M 2 12 16 280
6 46 27 37 6 28 0 0.00 0.0 0 6.6 14 80 M M 3 8 20 90
7 38 33 36 5 29 0 0.00 0.0 0 9.8 15 40 M M 5 20 30
8 35 32 34 3 31 0 0.00 0.0 0 8.7 14 330 M M 10 8 17 360
9 32 29 31 0 34 0 0.00 0.0 0 6.6 12 340 M M 10 8 17 330
10 30 28 29 -2 36 0 0.00 0.0 0 5.7 12 340 M M 10 8 15 320
11 36 23 30 -1 35 0 0.00 0.0 0 4.6 12 240 M M 6 8 16 220
12 54 27 41 10 24 0 0.00 0.0 0 9.0 17 240 M M 0 8 25 240
13 54 30 42 11 23 0 0.00 0.0 0 8.2 16 240 M M 3 23 250
14 50 34 42 11 23 0 0.08 M 0 8.4 25 270 M M 6 1 39 280
15 36 33 35 4 30 0 0.03 M 0 11.0 20 220 M M 9 1 29 220
16 35 30 33 2 32 0 T M M 8.9 17 250 M M 10 8 24 240
17 39 30 35 4 30 0 T M M 8.0 20 280 M M 10 1 26 320
18 43 26 35 4 30 0 T 0.0 0 4.6 12 250 M M 7 16 240
19 40 29 35 4 30 0 0.00 0.0 0 7.1 18 310 M M 7 128 27 300
20 50 19 35 4 30 0 0.00 0.0 0 7.8 17 220 M M 2 25 210
21 54 26 40 9 25 0 0.00 0.0 0 6.0 16 230 M M 2 22 220
22 38 19 29 -2 36 0 0.00 0.0 0 7.0 14 10 M M 0 20 330
23 39 15 27 -4 38 0 0.01 M 0 6.1 14 100 M M 3 21 100
24 43 33 38 7 27 0 T 0.0 0 3.1 10 60 M M 10 14 70
25 39 34 37 6 28 0 1.15 0.0 0 8.8 18 70 M M 10 1 25 100
26 39 30 35 3 30 0 0.00 0.0 0 8.0 18 290 M M 10 18 23 290
27 30 25 28 -4 37 0 0.14 M 0 8.3 14 340 M M 10 128 20 10
28 33 9 21 -11 44 0 0.00 0.0 M 4.0 9 100 M M 1 18 13 80
29 43 15 29 -3 36 0 0.00 0.0 M 4.5 10 90 M M 0 16 140
30 46 35 41 9 24 0 1.19 M M 6.2 17 130 M M 8 1 26 120
31 47 33 40 8 25 0 T M M 15.9 25 290 M M 10 18 37 300
================================================================================
SM 1260 845 953 0 3.24 0.0 218.0 M 203
================================================================================
AV 40.6 27.3 7.0 FASTST M M 7 MAX(MPH)
MISC ----> # 25 290 39 280
================================================================================
NOTES:
# LAST OF SEVERAL OCCURRENCES
COLUMN 17 PEAK WIND IN M.P.H.
PRELIMINARY LOCAL CLIMATOLOGICAL DATA (WS FORM: F-6) , PAGE 2
STATION: SPIRIT OF ST LOUIS MO
MONTH: JANUARY
YEAR: 2021
LATITUDE: 38 39 N
LONGITUDE: 90 38 W
[TEMPERATURE DATA] [PRECIPITATION DATA] SYMBOLS USED IN COLUMN 16
AVERAGE MONTHLY: 34.0 TOTAL FOR MONTH: 3.24 1 = FOG OR MIST
DPTR FM NORMAL: 2.9 DPTR FM NORMAL: 0.89 2 = FOG REDUCING VISIBILITY
HIGHEST: 54 ON 13,21 GRTST 24HR 1.34 ON 24-25 TO 1/4 MILE OR LESS
LOWEST: 9 ON 28 3 = THUNDER
SNOW, ICE PELLETS, HAIL 4 = ICE PELLETS
TOTAL MONTH: 0.0 INCH 5 = HAIL
GRTST 24HR 0.0 6 = FREEZING RAIN OR DRIZZLE
GRTST DEPTH: 0 7 = DUSTSTORM OR SANDSTORM:
VSBY 1/2 MILE OR LESS
8 = SMOKE OR HAZE
[NO. OF DAYS WITH] [WEATHER - DAYS WITH] 9 = BLOWING SNOW
X = TORNADO
MAX 32 OR BELOW: 3 0.01 INCH OR MORE: 8
MAX 90 OR ABOVE: 0 0.10 INCH OR MORE: 4
MIN 32 OR BELOW: 24 0.50 INCH OR MORE: 3
MIN 0 OR BELOW: 0 1.00 INCH OR MORE: 2
[HDD (BASE 65) ]
TOTAL THIS MO. 953 CLEAR (SCALE 0-3) 9
DPTR FM NORMAL -96 PTCLDY (SCALE 4-7) 7
TOTAL FM JUL 1 2716 CLOUDY (SCALE 8-10) 15
DPTR FM NORMAL -214
[CDD (BASE 65) ]
TOTAL THIS MO. 0
DPTR FM NORMAL 0 [PRESSURE DATA]
TOTAL FM JAN 1 0 HIGHEST SLP 30.78 ON 28
DPTR FM NORMAL 0 LOWEST SLP 29.47 ON 15
[REMARKS]
#FINAL-01-21#