000
CXUS53 KFSD 012014
CF6SUX
PRELIMINARY LOCAL CLIMATOLOGICAL DATA (WS FORM: F-6)
STATION: SIOUX CITY IA
MONTH: APRIL
YEAR: 2023
LATITUDE: 42 24 N
LONGITUDE: 96 23 W
TEMPERATURE IN F: :PCPN: SNOW: WIND :SUNSHINE: SKY :PK WND
================================================================================
1 2 3 4 5 6A 6B 7 8 9 10 11 12 13 14 15 16 17 18
12Z AVG MX 2MIN
DY MAX MIN AVG DEP HDD CDD WTR SNW DPTH SPD SPD DIR MIN PSBL S-S WX SPD DR
================================================================================
1 49 24 37 -7 28 0 0.06 1.0 T 15.1 39 320 M M 2 1 53 320
2 66 37 52 8 13 0 0.00 0.0 0 11.7 25 340 M M 1 33 330
3 59 37 48 4 17 0 0.00 0.0 0 12.1 24 20 M M 9 32 20
4 52 35 44 -1 21 0 T 0.0 0 14.2 22 300 M M 10 1 31 50
5 39 20 30 -15 35 0 0.00 0.0 0 18.9 31 310 M M 7 46 310
6 59 17 38 -8 27 0 0.00 0.0 0 8.0 28 240 M M 2 35 250
7 72 21 47 1 18 0 0.00 0.0 0 13.0 29 220 M M 0 1 39 190
8 77 37 57 11 8 0 0.00 0.0 0 17.3 30 190 M M 0 42 180
9 77 46 62 15 3 0 0.02 0.0 0 11.8 23 220 M M 3 28 210
10 79 41 60 13 5 0 0.02 0.0 0 4.9 12 180 M M 1 17 210
11 86 43 65 18 0 0 0.00 0.0 0 16.2 32 210 M M 0 1 43 200
12 92 62 77 29 0 12 0.00 0.0 0 19.9 31 220 M M 0 39 220
13 90 55 73 25 0 8 0.00 0.0 0 22.0 39 170 M M 0 57 160
14 70 48 59 11 6 0 0.01 0.0 0 17.4 25 340 M M 2 3 36 150
15 47 38 43 -6 22 0 0.10 0.0 0 20.7 31 330 M M 9 1 41 330
16 54 36 45 -4 20 0 0.00 0.0 0 28.0 44 320 M M 6 58 310
17 65 28 47 -2 18 0 0.00 0.0 0 9.1 21 320 M M 0 27 300
18 70 32 51 1 14 0 T 0.0 0 17.8 41 130 M M 0 38 66 130
19 66 46 56 6 9 0 0.30 0.0 0 15.0 30 160 M M 9 13 39 150
20 53 38 46 -4 19 0 0.27 0.0 0 15.7 33 310 M M 7 1 44 330
21 44 33 39 -12 26 0 0.03 T 0 16.3 32 300 M M 7 1 42 300
22 47 26 37 -14 28 0 0.01 0.2 T 17.4 30 310 M M 8 1 40 310
23 53 21 37 -15 28 0 0.00 0.0 0 6.0 17 330 M M 2 23 340
24 64 27 46 -6 19 0 0.00 0.0 0 9.3 20 70 M M 4 30 60
25 62 37 50 -2 15 0 T 0.0 0 10.7 17 130 M M 5 26 80
26 68 35 52 -1 13 0 0.00 0.0 0 11.2 22 190 M M 2 29 190
27 71 44 58 5 7 0 0.02 0.0 0 12.0 28 210 M M 3 1 41 190
28 59 37 48 -5 17 0 0.41 0.0 0 12.6 26 350 M M 8 1 33 350
29 61 33 47 -7 18 0 T 0.0 0 10.4 31 340 M M 4 40 340
30 60 39 50 -4 15 0 0.00 0.0 0 24.0 43 330 M M 3 55 330
================================================================================
SM 1911 1073 469 20 1.25 1.2 438.7 M 114
================================================================================
AV 63.7 35.8 14.6 FASTST M M 4 MAX(MPH)
MISC ----> 44 320 66 130
================================================================================
NOTES:
# LAST OF SEVERAL OCCURRENCES
-COLUMN 17 PEAK WIND IN M.P.H.
-PRECIPITATION AMOUNTS IN COLUMNS 7,8 AND 9 ARE THE OFFICIAL
PRECIPITATION AMOUNTS FOR SIOUX CITY, IA.
-SNOW DEPTH IN COLUMN 9 IS RECORDED AT 6 AM CST (12Z).
PRELIMINARY LOCAL CLIMATOLOGICAL DATA (WS FORM: F-6) , PAGE 2
STATION: SIOUX CITY IA
MONTH: APRIL
YEAR: 2023
LATITUDE: 42 24 N
LONGITUDE: 96 23 W
[TEMPERATURE DATA] [PRECIPITATION DATA] SYMBOLS USED IN COLUMN 16
AVERAGE MONTHLY: 49.7 TOTAL FOR MONTH: 1.25 1 = FOG OR MIST
DPTR FM NORMAL: 0.8 DPTR FM NORMAL: -1.90 2 = FOG REDUCING VISIBILITY
HIGHEST: 92 ON 12 GRTST 24HR 0.44 ON 19-20 TO 1/4 MILE OR LESS
LOWEST: 17 ON 6 3 = THUNDER
SNOW, ICE PELLETS, HAIL 4 = ICE PELLETS
TOTAL MONTH: 1.2 INCHES 5 = HAIL
GRTST 24HR 1.0 ON 1 6 = FREEZING RAIN OR DRIZZLE
GRTST DEPTH: T 7 = DUSTSTORM OR SANDSTORM:
VSBY 1/2 MILE OR LESS
8 = SMOKE OR HAZE
[NO. OF DAYS WITH] [WEATHER - DAYS WITH] 9 = BLOWING SNOW
X = TORNADO
MAX 32 OR BELOW: 0 0.01 INCH OR MORE: 11
MAX 90 OR ABOVE: 2 0.10 INCH OR MORE: 4
MIN 32 OR BELOW: 9 0.50 INCH OR MORE: 0
MIN 0 OR BELOW: 0 1.00 INCH OR MORE: 0
[HDD (BASE 65) ]
TOTAL THIS MO. 469 CLEAR (SCALE 0-3) 17
DPTR FM NORMAL -21 PTCLDY (SCALE 4-7) 9
TOTAL FM JUL 1 6658 CLOUDY (SCALE 8-10) 4
DPTR FM NORMAL 20
[CDD (BASE 65) ]
TOTAL THIS MO. 20
DPTR FM NORMAL 13 [PRESSURE DATA]
TOTAL FM JAN 1 20 HIGHEST SLP 30.43 ON 6
DPTR FM NORMAL 12 LOWEST SLP 29.40 ON 4
[REMARKS]
RECORD DAILY MAXIMUM TEMPERATURE WAS ESTABLISHED ON THE 12TH WITH 92
DEGREES. THE PREVIOUS RECORD WAS 86 IN 2010.
RECORD HIGH MINIMUM TEMPERATURE WAS ESTABLISHED ON THE 12TH WITH 62
DEGREES. THE PREVIOUS RECORD WAS 59 IN 1941.
RECORD DAILY MINIMUM TEMPERATURE WAS ESTABLISHED ON THE 21ST WITH 21
DEGREES. THE PREVIOUS RECORD WAS 25 IN 1996.
#FINAL-04-23#