000
CXUS54 KEPZ 011030
CF6SVC
PRELIMINARY LOCAL CLIMATOLOGICAL DATA (WS FORM: F-6)
STATION: SILVER CITY
MONTH: APRIL
YEAR: 2023
LATITUDE: 32 37 N
LONGITUDE: 108 10 W
TEMPERATURE IN F: :PCPN: SNOW: WIND :SUNSHINE: SKY :PK WND
================================================================================
1 2 3 4 5 6A 6B 7 8 9 10 11 12 13 14 15 16 17 18
12Z AVG MX 2MIN
DY MAX MIN AVG DEP HDD CDD WTR SNW DPTH SPD SPD DIR MIN PSBL S-S WX SPD DR
================================================================================
1 73 25 49 M 16 0 0.00 M M 7.8 14 150 M M 0 20 150
2 74 36 55 M 10 0 0.00 M M 13.8 24 280 M M 0 31 280
3 76 36 56 M 9 0 0.00 M M 16.4 33 250 M M 0 45 250
4 56 33 45 M 20 0 0.00 M M 23.3 40 280 M M 0 50 290
5 61 19 40 M 25 0 0.00 M M 6.4 15 330 M M 0 20 0
6 69 28 49 M 16 0 0.00 M M 9.4 15 110 M M 0 27 110
7 68 29 49 M 16 0 0.00 M M 7.0 17 120 M M 0 28 120
8 74 33 54 M 11 0 0.00 M M 7.2 14 170 M M 1 20 170
9 80 41 61 M 4 0 0.00 M M 7.7 13 280 M M 0 17 290
10 81 45 63 M 2 0 0.00 M M 8.6 17 110 M M 0 25 150
11 82 43 63 M 2 0 0.00 M M 7.5 16 170 M M 0 26 130
12 82 43 63 M 2 0 0.00 M M 7.0 13 190 M M 2 21 160
13 76 41 59 M 6 0 0.00 M M 11.4 21 210 M M 1 29 260
14 71 43 57 M 8 0 0.00 M M 13.2 27 270 M M 0 33 270
15 73 36 55 M 10 0 0.00 M M 6.0 12 360 M M 0 17 250
16 78 37 58 M 7 0 0.00 M M 6.4 13 140 M M 1 20 0
17 80 40 60 M 5 0 0.00 M M 9.7 20 240 M M 0 28 240
18 76 43 60 M 5 0 0.00 M M 13.6 24 280 M M 0 32 280
19 76 39 58 M 7 0 0.00 M M 14.4 28 280 M M 0 36 280
20 74 34 54 M 11 0 0.00 M M 12.2 21 260 M M 0 31 290
21 77 36 57 M 8 0 0.00 M M 10.5 21 280 M M 0 29 280
22 80 39 60 M 5 0 0.00 M M 11.2 22 270 M M 0 30 280
23 77 48 63 M 2 0 0.00 M M 7.7 14 160 M M 3 23 250
24 80 44 62 M 3 0 0.00 M M 9.5 21 250 M M 2 28 260
25 78 41 60 M 5 0 0.00 M M 15.0 33 270 M M 0 39 270
26 76 39 58 M 7 0 0.00 M M 10.7 20 280 M M 0 27 290
27 80 37 59 M 6 0 0.00 M M 9.4 23 290 M M 0 29 270
28 83 41 62 M 3 0 0.00 M M 11.8 23 110 M M 0 29 280
29 80 35 58 M 7 0 0.00 M M 5.9 13 180 M M 0 18 180
30 88 47 68 M 0 3 0.00 M M 9.9 20 290 M M 0 28 290
================================================================================
SM 2279 1131 238 3 0.00 M 310.6 M 10
================================================================================
AV 76.0 37.7 10.4 FASTST M M 0 MAX(MPH)
MISC ----> 40 280 50 290
================================================================================
NOTES:
# LAST OF SEVERAL OCCURRENCES
COLUMN 17 PEAK WIND IN M.P.H.
PRELIMINARY LOCAL CLIMATOLOGICAL DATA (WS FORM: F-6) , PAGE 2
STATION: SILVER CITY
MONTH: APRIL
YEAR: 2023
LATITUDE: 32 37 N
LONGITUDE: 108 10 W
[TEMPERATURE DATA] [PRECIPITATION DATA] SYMBOLS USED IN COLUMN 16
AVERAGE MONTHLY: 56.8 TOTAL FOR MONTH: 0.00 1 = FOG OR MIST
DPTR FM NORMAL: 0.0 DPTR FM NORMAL: M 2 = FOG REDUCING VISIBILITY
HIGHEST: 88 ON 30 GRTST 24HR 0.00 ON 1- 1 TO 1/4 MILE OR LESS
LOWEST: 19 ON 5 3 = THUNDER
SNOW, ICE PELLETS, HAIL 4 = ICE PELLETS
TOTAL MONTH: M 5 = HAIL
GRTST 24HR M ON M 6 = FREEZING RAIN OR DRIZZLE
GRTST DEPTH: M ON M 7 = DUSTSTORM OR SANDSTORM:
VSBY 1/2 MILE OR LESS
8 = SMOKE OR HAZE
[NO. OF DAYS WITH] [WEATHER - DAYS WITH] 9 = BLOWING SNOW
X = TORNADO
MAX 32 OR BELOW: 0 0.01 INCH OR MORE: 0
MAX 90 OR ABOVE: 0 0.10 INCH OR MORE: 0
MIN 32 OR BELOW: 4 0.50 INCH OR MORE: 0
MIN 0 OR BELOW: 0 1.00 INCH OR MORE: 0
[HDD (BASE 65) ]
TOTAL THIS MO. 238 CLEAR (SCALE 0-3) 30
DPTR FM NORMAL M PTCLDY (SCALE 4-7) 0
TOTAL FM JUL 1 3583 CLOUDY (SCALE 8-10) 0
DPTR FM NORMAL M
[CDD (BASE 65) ]
TOTAL THIS MO. 3
DPTR FM NORMAL M [PRESSURE DATA]
TOTAL FM JAN 1 3 HIGHEST SLP M ON M
DPTR FM NORMAL M LOWEST SLP M ON M
[REMARKS]
#FINAL-04-23#