000
CXUS54 KEPZ 011130
CF6SVC
PRELIMINARY LOCAL CLIMATOLOGICAL DATA (WS FORM: F-6)
STATION: SILVER CITY
MONTH: NOVEMBER
YEAR: 2020
LATITUDE: 32 37 N
LONGITUDE: 108 10 W
TEMPERATURE IN F: :PCPN: SNOW: WIND :SUNSHINE: SKY :PK WND
================================================================================
1 2 3 4 5 6A 6B 7 8 9 10 11 12 13 14 15 16 17 18
12Z AVG MX 2MIN
DY MAX MIN AVG DEP HDD CDD WTR SNW DPTH SPD SPD DIR MIN PSBL S-S WX SPD DR
================================================================================
1 71 40 56 M 9 0 0.00 M M 7.6 18 150 M M 1 8 22 130
2 69 36 53 M 12 0 0.00 M M 7.6 15 140 M M 1 20 140
3 72 39 56 M 9 0 0.00 M M 6.0 9 350 M M 2 M M
4 79 45 62 M 3 0 0.00 M M 7.4 13 320 M M 4 18 290
5 77 42 60 M 5 0 0.00 M M 10.0 20 110 M M 4 26 100
6 74 41 58 M 7 0 0.00 M M 8.0 16 130 M M 4 22 140
7 75 41 58 M 7 0 0.20 M M 11.2 31 200 M M 6 39 210
8 64 42 53 M 12 0 0.02 M M 13.4 23 220 M M 4 33 230
9 53 M M M M M 0.00 M M 14.9 24 280 M M 2 32 290
10 55 27 41 M 24 0 0.00 M M 9.3 16 320 M M 0 21 290
11 62 25 44 M 21 0 0.00 M M 7.0 10 350 M M 0 12 280
12 63 31 47 M 18 0 0.00 M M 8.0 12 340 M M 0 10 260
13 66 35 51 M 14 0 0.00 M M 9.1 20 280 M M 1 23 270
14 64 36 50 M 15 0 0.00 M M 14.2 29 280 M M 0 37 280
15 64 30 47 M 18 0 0.00 M M 7.6 13 350 M M 0 M M
16 72 32 52 M 13 0 0.00 M M 7.1 13 160 M M 0 M M
17 71 34 53 M 12 0 0.00 M M 6.7 14 140 M M 0 20 0
18 76 38 57 M 8 0 0.00 M M 5.5 9 360 M M 1 M M
19 77 44 61 M 4 0 0.00 M M 11.2 21 280 M M 1 29 280
20 76 41 59 M 6 0 0.00 M M 6.8 12 340 M M 2 M M
21 72 42 57 M 8 0 0.00 M M 7.0 12 360 M M 4 M M
22 72 38 55 M 10 0 0.00 M M 9.0 17 130 M M 4 24 150
23 68 37 53 M 12 0 0.00 M M 5.1 17 210 M M 5 23 190
24 56 31 44 M 21 0 0.00 M M 13.8 26 280 M M 2 36 260
25 60 27 44 M 21 0 0.00 M M 9.2 16 300 M M 0 22 280
26 61 32 47 M 18 0 0.00 M M 10.1 16 270 M M 0 22 270
27 51 24 38 M 27 0 0.00 M M 8.1 16 300 M M 1 24 300
28 53 20 37 M 28 0 0.00 M M 6.7 12 310 M M 0 M M
29 60 19 40 M 25 0 0.00 M M 7.8 21 100 M M 0 27 100
30 48 14 31 M 34 0 0.00 M M 5.7 10 350 M M 0 16 140
================================================================================
SM 1981 983 421 0 0.22 M 261.0 M 49
================================================================================
AV 66.0 33.9 8.7 FASTST M M 2 MAX(MPH)
MISC ----> 31 200 39 210
================================================================================
NOTES:
# LAST OF SEVERAL OCCURRENCES
COLUMN 17 PEAK WIND IN M.P.H.
PRELIMINARY LOCAL CLIMATOLOGICAL DATA (WS FORM: F-6) , PAGE 2
STATION: SILVER CITY
MONTH: NOVEMBER
YEAR: 2020
LATITUDE: 32 37 N
LONGITUDE: 108 10 W
[TEMPERATURE DATA] [PRECIPITATION DATA] SYMBOLS USED IN COLUMN 16
AVERAGE MONTHLY: 50.0 TOTAL FOR MONTH: 0.22 1 = FOG OR MIST
DPTR FM NORMAL: 0.0 DPTR FM NORMAL: M 2 = FOG REDUCING VISIBILITY
HIGHEST: 79 ON 4 GRTST 24HR 0.20 ON 7- 7 TO 1/4 MILE OR LESS
LOWEST: 14 ON 30 3 = THUNDER
SNOW, ICE PELLETS, HAIL 4 = ICE PELLETS
TOTAL MONTH: M 5 = HAIL
GRTST 24HR M ON M 6 = FREEZING RAIN OR DRIZZLE
GRTST DEPTH: M ON M 7 = DUSTSTORM OR SANDSTORM:
VSBY 1/2 MILE OR LESS
8 = SMOKE OR HAZE
[NO. OF DAYS WITH] [WEATHER - DAYS WITH] 9 = BLOWING SNOW
X = TORNADO
MAX 32 OR BELOW: 0 0.01 INCH OR MORE: 2
MAX 90 OR ABOVE: 0 0.10 INCH OR MORE: 1
MIN 32 OR BELOW: 12 0.50 INCH OR MORE: 0
MIN 0 OR BELOW: 0 1.00 INCH OR MORE: 0
[HDD (BASE 65) ]
TOTAL THIS MO. 421 CLEAR (SCALE 0-3) 22
DPTR FM NORMAL M PTCLDY (SCALE 4-7) 8
TOTAL FM JUL 1 617 CLOUDY (SCALE 8-10) 0
DPTR FM NORMAL M
[CDD (BASE 65) ]
TOTAL THIS MO. 0
DPTR FM NORMAL M [PRESSURE DATA]
TOTAL FM JAN 1 1369 HIGHEST SLP M ON M
DPTR FM NORMAL M LOWEST SLP M ON M
[REMARKS]
#FINAL-11-20#