000
CXUS55 KPUB 011539
CF6TAD
PRELIMINARY LOCAL CLIMATOLOGICAL DATA (WS FORM: F-6)
STATION: TRINIDAD CO
MONTH: FEBRUARY
YEAR: 2023
LATITUDE: 37 16 N
LONGITUDE: 104 20 W
TEMPERATURE IN F: :PCPN: SNOW: WIND :SUNSHINE: SKY :PK WND
================================================================================
1 2 3 4 5 6A 6B 7 8 9 10 11 12 13 14 15 16 17 18
12Z AVG MX 2MIN
DY MAX MIN AVG DEP HDD CDD WTR SNW DPTH SPD SPD DIR MIN PSBL S-S WX SPD DR
================================================================================
1 40 5 23 -11 42 0 0.00 M M 7.2 14 240 M M 0 16 240
2 45 13 29 -5 36 0 0.00 M M 8.3 16 230 M M 0 20 240
3 51 20 36 2 29 0 0.00 M M 9.1 21 250 M M 0 27 240
4 60 26 43 9 22 0 0.00 M M 9.6 16 290 M M 0 22 290
5 53 24 39 4 26 0 0.00 M M 7.6 16 280 M M 0 20 280
6 51 29 40 5 25 0 0.00 M M 13.4 30 260 M M 2 43 260
7 42 20 31 -4 34 0 0.00 M M 5.9 12 250 M M 0 16 250
8 48 20 34 -1 31 0 0.00 M M 8.7 17 150 M M 1 22 140
9 37 19 28 -7 37 0 0.10 M M 10.6 28 20 M M 8 18 40 20
10 34 7 21 -14 44 0 0.00 M M 9.9 18 250 M M 0 23 250
11 58 20 39 4 26 0 0.00 M M 8.9 21 250 M M 0 27 250
12 56 28 42 7 23 0 0.00 M M 8.2 16 270 M M 0 22 280
13 60 24 42 6 23 0 0.00 M M 9.1 29 250 M M 1 35 260
14 55 28 42 6 23 0 0.00 M M 15.4 33 270 M M 4 44 320
15 29 -3 13 -23 52 0 0.16 M M 10.9 23 360 M M 10 33 30
16 24 -11 7 -29 58 0 T M M 7.9 16 250 M M 1 21 250
17 49 6 28 -8 37 0 0.00 M M 11.5 22 250 M M 0 27 250
18 54 22 38 2 27 0 0.00 M M 12.5 38 260 M M 1 52 250
19 58 34 46 9 19 0 0.00 M M 18.1 40 280 M M 0 54 280
20 64 25 45 8 20 0 0.00 M M 10.2 30 310 M M 0 40 310
21 65 26 46 9 19 0 0.00 M M 18.7 40 250 M M 0 55 240
22 46 2 24 -14 41 0 0.09 M M 10.0 29 240 M M 6 12 37 250
23 32 -5 14 -24 51 0 T M M 7.3 17 50 M M 6 128 22 340
24 53 11 32 -6 33 0 0.00 M M 6.2 17 60 M M 0 23 60
25 67 23 45 7 20 0 0.00 M M 11.6 26 260 M M 0 36 250
26 65 30 48 9 17 0 T M M 18.4 39 180 M M 1 53 190
27 61 20 41 2 24 0 0.00 M M 12.8 29 250 M M 0 39 260
28 54 22 38 -1 27 0 0.00 M M 17.9 39 260 M M 0 54 260
================================================================================
SM 1411 485 866 0 0.35 M 305.9 M 41
================================================================================
AV 50.4 17.3 10.9 FASTST M M 1 MAX(MPH)
MISC ----> #40 280 55 240
================================================================================
NOTES:
# LAST OF SEVERAL OCCURRENCES
COLUMN 17 PEAK WIND IN M.P.H.
PRELIMINARY LOCAL CLIMATOLOGICAL DATA (WS FORM: F-6) , PAGE 2
STATION: TRINIDAD CO
MONTH: FEBRUARY
YEAR: 2023
LATITUDE: 37 16 N
LONGITUDE: 104 20 W
[TEMPERATURE DATA] [PRECIPITATION DATA] SYMBOLS USED IN COLUMN 16
AVERAGE MONTHLY: 33.9 TOTAL FOR MONTH: 0.35 1 = FOG OR MIST
DPTR FM NORMAL: -2.3 DPTR FM NORMAL: -0.03 2 = FOG REDUCING VISIBILITY
HIGHEST: 67 ON 25 GRTST 24HR 0.16 ON 15 TO 1/4 MILE OR LESS
LOWEST: -11 ON 16 3 = THUNDER
SNOW, ICE PELLETS, HAIL 4 = ICE PELLETS
TOTAL MONTH: M 5 = HAIL
GRTST 24HR M ON M 6 = FREEZING RAIN OR DRIZZLE
GRTST DEPTH: M ON M 7 = DUSTSTORM OR SANDSTORM:
VSBY 1/2 MILE OR LESS
8 = SMOKE OR HAZE
[NO. OF DAYS WITH] [WEATHER - DAYS WITH] 9 = BLOWING SNOW
X = TORNADO
MAX 32 OR BELOW: 3 0.01 INCH OR MORE: 3
MAX 90 OR ABOVE: 0 0.10 INCH OR MORE: 2
MIN 32 OR BELOW: 27 0.50 INCH OR MORE: 0
MIN 0 OR BELOW: 3 1.00 INCH OR MORE: 0
[HDD (BASE 65) ]
TOTAL THIS MO. 866 CLEAR (SCALE 0-3) 23
DPTR FM NORMAL 58 PTCLDY (SCALE 4-7) 4
TOTAL FM JUL 1 4153 CLOUDY (SCALE 8-10) 1
DPTR FM NORMAL 204
[CDD (BASE 65) ]
TOTAL THIS MO. 0
DPTR FM NORMAL 0 [PRESSURE DATA]
TOTAL FM JAN 1 0 HIGHEST SLP 30.58 ON 10
DPTR FM NORMAL 0 LOWEST SLP 28.98 ON 14
[REMARKS]
#FINAL-02-23#