000
CXUS55 KPUB 011310
CF6TAD
PRELIMINARY LOCAL CLIMATOLOGICAL DATA (WS FORM: F-6)
STATION: TRINIDAD CO
MONTH: FEBRUARY
YEAR: 2024
LATITUDE: 37 16 N
LONGITUDE: 104 20 W
TEMPERATURE IN F: :PCPN: SNOW: WIND :SUNSHINE: SKY :PK WND
================================================================================
1 2 3 4 5 6A 6B 7 8 9 10 11 12 13 14 15 16 17 18
12Z AVG MX 2MIN
DY MAX MIN AVG DEP HDD CDD WTR SNW DPTH SPD SPD DIR MIN PSBL S-S WX SPD DR
================================================================================
1 62 29 46 12 19 0 0.00 M M 11.3 22 310 M M 0 29 320
2 55 32 44 10 21 0 0.01 M M 7.6 21 150 M M 5 27 150
3 37 32 35 1 30 0 0.46 M M 11.3 24 310 M M 10 12 34 310
4 42 20 31 -3 34 0 T M M 8.1 18 320 M M 4 1 24 320
5 53 18 36 1 29 0 0.00 M M 8.1 16 260 M M 0 21 250
6 65 30 48 13 17 0 T M M 13.5 41 210 M M 0 64 210
7 55 33 44 9 21 0 T M M 21.5 35 240 M M 2 47 240
8 51 33 42 7 23 0 0.00 M M 18.9 43 260 M M 0 59 260
9 44 22 33 -2 32 0 0.00 M M 10.1 30 330 M M 2 39 240
10 32 22 27 -8 38 0 0.18 M M 7.2 14 30 M M 8 12 18 30
11 32 19 26 -9 39 0 T M M 6.1 13 260 M M 6 1 17 270
12 47 19 33 -2 32 0 0.00 M M 9.3 18 250 M M 0 23 250
13 52 26 39 3 26 0 0.00 M M 7.4 17 240 M M 0 22 300
14 57 28 43 7 22 0 0.00 M M 10.0 24 320 M M 0 42 300
15 62 20 41 5 24 0 0.00 M M 10.0 26 260 M M 0 35 270
16 45 24 35 -1 30 0 0.00 M M 9.2 21 60 M M 7 12 29 60
17 32 16 24 -12 41 0 0.06 M M 5.7 18 20 M M 6 128 26 30
18 52 18 35 -1 30 0 0.00 M M 8.9 20 250 M M 1 25 250
19 64 30 47 10 18 0 0.00 M M 10.8 20 250 M M 0 24 300
20 69 25 47 10 18 0 0.00 M M 11.1 28 270 M M 0 34 260
21 65 34 50 13 15 0 0.00 M M 18.4 40 260 M M 0 52 250
22 54 23 39 1 26 0 0.00 M M 7.5 23 350 M M 2 33 360
23 57 24 41 3 24 0 0.00 M M 8.5 14 270 M M 0 18 250
24 67 20 44 6 21 0 0.00 M M 8.5 20 310 M M 0 26 320
25 70 27 49 11 16 0 0.00 M M 13.8 31 260 M M 0 46 310
26 68 42 55 16 10 0 0.00 M M 20.7 41 250 M M 0 57 270
27 62 22 42 3 23 0 T M M 20.1 41 240 M M 5 1 54 250
28 57 10 34 -5 31 0 0.00 M M 11.1 30 250 M M 1 40 240
29 65 31 48 9 17 0 0.00 M M 15.0 24 250 M M 0 34 250
================================================================================
SM 1573 729 727 0 0.71 M 329.7 M 59
================================================================================
AV 54.2 25.1 11.4 FASTST M M 2 MAX(MPH)
MISC ----> 43 260 64 210
================================================================================
NOTES:
# LAST OF SEVERAL OCCURRENCES
COLUMN 17 PEAK WIND IN M.P.H.
PRELIMINARY LOCAL CLIMATOLOGICAL DATA (WS FORM: F-6) , PAGE 2
STATION: TRINIDAD CO
MONTH: FEBRUARY
YEAR: 2024
LATITUDE: 37 16 N
LONGITUDE: 104 20 W
[TEMPERATURE DATA] [PRECIPITATION DATA] SYMBOLS USED IN COLUMN 16
AVERAGE MONTHLY: 39.7 TOTAL FOR MONTH: 0.71 1 = FOG OR MIST
DPTR FM NORMAL: 3.5 DPTR FM NORMAL: 0.33 2 = FOG REDUCING VISIBILITY
HIGHEST: 70 ON 25 GRTST 24HR 0.46 ON 3- 3 TO 1/4 MILE OR LESS
LOWEST: 10 ON 28 3 = THUNDER
SNOW, ICE PELLETS, HAIL 4 = ICE PELLETS
TOTAL MONTH: M 5 = HAIL
GRTST 24HR M ON M 6 = FREEZING RAIN OR DRIZZLE
GRTST DEPTH: M ON M 7 = DUSTSTORM OR SANDSTORM:
VSBY 1/2 MILE OR LESS
8 = SMOKE OR HAZE
[NO. OF DAYS WITH] [WEATHER - DAYS WITH] 9 = BLOWING SNOW
X = TORNADO
MAX 32 OR BELOW: 3 0.01 INCH OR MORE: 4
MAX 90 OR ABOVE: 0 0.10 INCH OR MORE: 2
MIN 32 OR BELOW: 25 0.50 INCH OR MORE: 0
MIN 0 OR BELOW: 0 1.00 INCH OR MORE: 0
[HDD (BASE 65) ]
TOTAL THIS MO. 727 CLEAR (SCALE 0-3) 21
DPTR FM NORMAL -81 PTCLDY (SCALE 4-7) 7
TOTAL FM JUL 1 3719 CLOUDY (SCALE 8-10) 1
DPTR FM NORMAL -282
[CDD (BASE 65) ]
TOTAL THIS MO. 0
DPTR FM NORMAL 0 [PRESSURE DATA]
TOTAL FM JAN 1 0 HIGHEST SLP 30.43 ON 17
DPTR FM NORMAL 0 LOWEST SLP 29.34 ON 3
[REMARKS]
#FINAL-02-24#