000
CXUS55 KPUB 011210
CF6TAD
PRELIMINARY LOCAL CLIMATOLOGICAL DATA (WS FORM: F-6)
STATION: TRINIDAD CO
MONTH: APRIL
YEAR: 2022
LATITUDE: 37 16 N
LONGITUDE: 104 20 W
TEMPERATURE IN F: :PCPN: SNOW: WIND :SUNSHINE: SKY :PK WND
================================================================================
1 2 3 4 5 6A 6B 7 8 9 10 11 12 13 14 15 16 17 18
12Z AVG MX 2MIN
DY MAX MIN AVG DEP HDD CDD WTR SNW DPTH SPD SPD DIR MIN PSBL S-S WX SPD DR
================================================================================
1 56 30 43 -5 22 0 T M M 8.5 22 340 M M 3 29 330
2 73 30 52 4 13 0 0.00 M M 7.3 15 250 M M 0 19 290
3 62 37 50 2 15 0 0.00 M M 10.0 20 70 M M 5 29 70
4 68 36 52 4 13 0 0.00 M M 8.5 23 240 M M 4 36 220
5 80 33 57 9 8 0 0.00 M M 12.1 32 270 M M 1 46 260
6 54 22 38 -10 27 0 0.00 M M 8.4 22 50 M M 3 29 50
7 54 17 36 -12 29 0 0.00 M M 8.0 16 60 M M 0 22 60
8 67 20 44 -5 21 0 0.00 M M 8.4 24 250 M M 0 33 260
9 80 33 57 8 8 0 0.00 M M 14.6 29 290 M M 0 39 250
10 68 35 52 3 13 0 0.00 M M 10.8 26 40 M M 1 37 280
11 73 23 48 -1 17 0 0.00 M M 12.8 35 240 M M 0 50 230
12 71 28 50 1 15 0 0.00 M M 25.9 46 240 M M 0 64 250
13 50 18 34 -16 31 0 0.00 M M 9.9 36 290 M M 2 49 260
14 67 16 42 -8 23 0 0.00 M M 10.4 28 260 M M 0 57 270
15 76 29 53 3 12 0 0.00 M M 11.9 26 280 M M 0 35 280
16 73 22 48 -2 17 0 0.00 M M 11.2 32 200 M M 0 44 200
17 78 34 56 6 9 0 0.00 M M 14.0 32 330 M M 0 46 330
18 71 31 51 0 14 0 0.00 M M 14.2 37 200 M M 0 52 200
19 82 49 66 15 0 1 0.00 M M 14.8 31 270 M M 0 42 210
20 84 49 67 16 0 2 0.00 M M 12.7 35 270 M M 0 47 270
21 85 38 62 11 3 0 0.00 M M 10.2 30 190 M M 0 38 190
22 86 45 66 14 0 1 0.00 M M 25.8 53 190 M M 2 8 71 180
23 67 38 53 1 12 0 0.00 M M 22.5 43 270 M M 0 56 260
24 57 31 44 -8 21 0 0.20 M M 9.1 23 80 M M 5 1 32 70
25 54 31 43 -9 22 0 0.55 M M 4.3 12 70 M M 5 12 16 80
26 72 34 53 0 12 0 0.00 M M 12.7 31 190 M M 0 8 40 200
27 75 45 60 7 5 0 0.04 M M 9.4 23 310 M M 1 3 32 290
28 80 43 62 9 3 0 0.00 M M 11.8 25 210 M M 0 33 140
29 78 39 59 5 6 0 0.00 M M 14.8 33 270 M M 0 57 300
30 71 31 51 -3 14 0 0.00 M M 9.2 23 70 M M 0 34 90
================================================================================
SM 2112 967 405 4 0.79 M 364.2 M 32
================================================================================
AV 70.4 32.2 12.1 FASTST M M 1 MAX(MPH)
MISC ----> 53 190 71 180
================================================================================
NOTES:
# LAST OF SEVERAL OCCURRENCES
COLUMN 17 PEAK WIND IN M.P.H.
PRELIMINARY LOCAL CLIMATOLOGICAL DATA (WS FORM: F-6) , PAGE 2
STATION: TRINIDAD CO
MONTH: APRIL
YEAR: 2022
LATITUDE: 37 16 N
LONGITUDE: 104 20 W
[TEMPERATURE DATA] [PRECIPITATION DATA] SYMBOLS USED IN COLUMN 16
AVERAGE MONTHLY: 51.3 TOTAL FOR MONTH: 0.79 1 = FOG OR MIST
DPTR FM NORMAL: 1.0 DPTR FM NORMAL: -0.49 2 = FOG REDUCING VISIBILITY
HIGHEST: 86 ON 22 GRTST 24HR 0.75 ON 24-25 TO 1/4 MILE OR LESS
LOWEST: 16 ON 14 3 = THUNDER
SNOW, ICE PELLETS, HAIL 4 = ICE PELLETS
TOTAL MONTH: M 5 = HAIL
GRTST 24HR M ON M 6 = FREEZING RAIN OR DRIZZLE
GRTST DEPTH: M ON M 7 = DUSTSTORM OR SANDSTORM:
VSBY 1/2 MILE OR LESS
8 = SMOKE OR HAZE
[NO. OF DAYS WITH] [WEATHER - DAYS WITH] 9 = BLOWING SNOW
X = TORNADO
MAX 32 OR BELOW: 0 0.01 INCH OR MORE: 3
MAX 90 OR ABOVE: 0 0.10 INCH OR MORE: 2
MIN 32 OR BELOW: 15 0.50 INCH OR MORE: 1
MIN 0 OR BELOW: 0 1.00 INCH OR MORE: 0
[HDD (BASE 65) ]
TOTAL THIS MO. 405 CLEAR (SCALE 0-3) 26
DPTR FM NORMAL -38 PTCLDY (SCALE 4-7) 4
TOTAL FM JUL 1 4652 CLOUDY (SCALE 8-10) 0
DPTR FM NORMAL -395
[CDD (BASE 65) ]
TOTAL THIS MO. 4
DPTR FM NORMAL 2 [PRESSURE DATA]
TOTAL FM JAN 1 4 HIGHEST SLP 30.40 ON 7
DPTR FM NORMAL 2 LOWEST SLP 29.13 ON 12
[REMARKS]
#FINAL-04-22#