000
CXUS52 KTBW 031028
CF6TBW
PRELIMINARY LOCAL CLIMATOLOGICAL DATA (WS FORM: F-6)
STATION: RUSKIN WFO
MONTH: FEBRUARY
YEAR: 2023
LATITUDE: 27 42 N
LONGITUDE: 82 24 W
TEMPERATURE IN F: :PCPN: SNOW: WIND :SUNSHINE: SKY :PK WND
================================================================================
1 2 3 4 5 6A 6B 7 8 9 10 11 12 13 14 15 16 17 18
12Z AVG MX 2MIN
DY MAX MIN AVG DEP HDD CDD WTR SNW DPTH SPD SPD DIR MIN PSBL S-S WX SPD DR
================================================================================
1 81 61 71 9 0 6 0.00 0.0 0 M M M M M M 1 M M
2 81 61 71 9 0 6 0.00 0.0 0 M M M M M M M M
3 78 53 66 4 0 1 0.24 0.0 0 M M M M M M M M
4 76 51 64 2 1 0 0.00 0.0 0 M M M M M M M M
5 80 59 70 7 0 5 0.00 0.0 0 M M M M M M M M
6 79 58 69 6 0 4 0.00 0.0 0 M M M M M M M M
7 81 58 70 7 0 5 0.00 0.0 0 M M M M M M M M
8 82 59 71 8 0 6 0.00 0.0 0 M M M M M M M M
9 85 62 74 11 0 9 0.00 0.0 0 M M M M M M M M
10 83 66 75 12 0 10 0.00 0.0 0 M M M M M M M M
11 82 65 74 10 0 9 0.01 0.0 0 M M M M M M M M
12 68 59 64 0 1 0 0.08 0.0 0 M M M M M M M M
13 69 48 59 -5 6 0 0.00 0.0 0 M M M M M M M M
14 78 46 62 -2 3 0 0.00 0.0 0 M M M M M M M M
15 83 56 70 6 0 5 0.00 0.0 0 M M M M M M M M
16 84 61 73 9 0 8 0.00 0.0 0 M M M M M M M M
17 84 63 74 10 0 9 T 0.0 0 M M M M M M 1 M M
18 74 54 64 0 1 0 0.00 0.0 0 M M M M M M M M
19 80 57 69 4 0 4 0.00 0.0 0 M M M M M M M M
20 76 58 67 2 0 2 0.00 0.0 0 M M M M M M M M
21 79 64 72 7 0 7 0.00 0.0 0 M M M M M M M M
22 86 62 74 9 0 9 0.00 0.0 0 M M M M M M 1 M M
23 87 65 76 11 0 11 0.00 0.0 0 M M M M M M M M
24 88 65 77 12 0 12 0.00 0.0 0 M M M M M M 1 M M
25 84 65 75 10 0 10 0.00 0.0 0 M M M M M M M M
26 80 59 70 4 0 5 0.00 0.0 0 M M M M M M 1 M M
27 80 56 68 2 0 3 0.00 0.0 0 M M M M M M 1 M M
28 80 66 73 7 0 8 0.00 0.0 0 M M M M M M M M
================================================================================
SM 2248 1657 12 154 0.33 0.0 M M M
================================================================================
AV 80.3 59.2 M FASTST M M M MAX(MPH)
MISC ----> M M M M
================================================================================
NOTES:
# LAST OF SEVERAL OCCURRENCES
COLUMN 17 PEAK WIND IN M.P.H.
PRELIMINARY LOCAL CLIMATOLOGICAL DATA (WS FORM: F-6) , PAGE 2
STATION: RUSKIN WFO
MONTH: FEBRUARY
YEAR: 2023
LATITUDE: 27 42 N
LONGITUDE: 82 24 W
[TEMPERATURE DATA] [PRECIPITATION DATA] SYMBOLS USED IN COLUMN 16
AVERAGE MONTHLY: 69.7 TOTAL FOR MONTH: 0.33 1 = FOG OR MIST
DPTR FM NORMAL: 5.7 DPTR FM NORMAL: -1.88 2 = FOG REDUCING VISIBILITY
HIGHEST: 88 ON 24 GRTST 24HR 0.24 ON 3- 3 TO 1/4 MILE OR LESS
LOWEST: 46 ON 14 3 = THUNDER
SNOW, ICE PELLETS, HAIL 4 = ICE PELLETS
TOTAL MONTH: 0.0 INCH 5 = HAIL
GRTST 24HR 0.0 6 = FREEZING RAIN OR DRIZZLE
GRTST DEPTH: 0 7 = DUSTSTORM OR SANDSTORM:
VSBY 1/2 MILE OR LESS
8 = SMOKE OR HAZE
[NO. OF DAYS WITH] [WEATHER - DAYS WITH] 9 = BLOWING SNOW
X = TORNADO
MAX 32 OR BELOW: 0 0.01 INCH OR MORE: 3
MAX 90 OR ABOVE: 0 0.10 INCH OR MORE: 1
MIN 32 OR BELOW: 0 0.50 INCH OR MORE: 0
MIN 0 OR BELOW: 0 1.00 INCH OR MORE: 0
[HDD (BASE 65) ]
TOTAL THIS MO. 12 CLEAR (SCALE 0-3) 0
DPTR FM NORMAL -87 PTCLDY (SCALE 4-7) 0
TOTAL FM JUL 1 266 CLOUDY (SCALE 8-10) 28
DPTR FM NORMAL -171
[CDD (BASE 65) ]
TOTAL THIS MO. 154
DPTR FM NORMAL 85 [PRESSURE DATA]
TOTAL FM JAN 1 250 HIGHEST SLP M ON M
DPTR FM NORMAL 127 LOWEST SLP M ON M
[REMARKS]
#FINAL-02-23#