000
CXUS52 KTBW 020418
CF6TBW
PRELIMINARY LOCAL CLIMATOLOGICAL DATA (WS FORM: F-6)
STATION: RUSKIN WFO
MONTH: JANUARY
YEAR: 2024
LATITUDE: 27 42 N
LONGITUDE: 82 24 W
TEMPERATURE IN F: :PCPN: SNOW: WIND :SUNSHINE: SKY :PK WND
================================================================================
1 2 3 4 5 6A 6B 7 8 9 10 11 12 13 14 15 16 17 18
12Z AVG MX 2MIN
DY MAX MIN AVG DEP HDD CDD WTR SNW DPTH SPD SPD DIR MIN PSBL S-S WX SPD DR
================================================================================
1 73 50 62 0 3 0 0.00 0.0 0 M M M M M M M M
2 66 49 58 -4 7 0 0.00 0.0 0 M M M M M M M M
3 70 46 58 -4 7 0 0.03 0.0 0 M M M M M M M M
4 67 49 58 -3 7 0 0.03 0.0 0 M M M M M M M M
5 78 48 63 2 2 0 0.00 0.0 0 M M M M M M M M
6 79 65 72 11 0 7 0.99 0.0 0 M M M M M M 3 M M
7 68 52 60 -1 5 0 0.06 0.0 0 M M M M M M M M
8 67 49 58 -3 7 0 0.00 0.0 0 M M M M M M M M
9 80 60 70 9 0 5 0.69 0.0 0 M M M M M M M M
10 65 50 58 -3 7 0 0.00 0.0 0 M M M M M M M M
11 63 48 56 -5 9 0 0.02 0.0 0 M M M M M M M M
12 81 57 69 8 0 4 0.17 0.0 0 M M M M M M M M
13 76 50 63 2 2 0 0.03 0.0 0 M M M M M M M M
14 56 50 53 -8 12 0 0.06 0.0 0 M M M M M M M M
15 74 56 65 4 0 0 0.05 0.0 0 M M M M M M M M
16 79 57 68 7 0 3 0.16 0.0 0 M M M M M M M M
17 65 44 55 -6 10 0 0.00 0.0 0 M M M M M M M M
18 71 48 60 -1 5 0 0.02 0.0 0 M M M M M M M M
19 75 56 66 5 0 1 0.05 0.0 0 M M M M M M M M
20 62 45 54 -7 11 0 0.00 0.0 0 M M M M M M M M
21 63 37 50 -11 15 0 0.00 0.0 0 M M M M M M M M
22 68 46 57 -4 8 0 0.00 0.0 0 M M M M M M M M
23 82 60 71 10 0 6 0.00 0.0 0 M M M M M M M M
24 83 66 75 14 0 10 0.00 0.0 0 M M M M M M M M
25 86 66 76 15 0 11 0.00 0.0 0 M M M M M M M M
26 84 66 75 14 0 10 0.00 0.0 0 M M M M M M M M
27 85 64 75 13 0 10 0.00 0.0 0 M M M M M M M M
28 72 57 65 3 0 0 0.03 0.0 0 M M M M M M M M
29 58 46 52 -10 13 0 0.00 0.0 0 M M M M M M M M
30 66 45 56 -6 9 0 0.00 0.0 0 M M M M M M M M
31 71 46 59 -3 6 0 0.00 0.0 0 M M M M M M M M
================================================================================
SM 2233 1628 145 67 2.39 0.0 M M M
================================================================================
AV 72.0 52.5 M FASTST M M M MAX(MPH)
MISC ----> M M M M
================================================================================
NOTES:
# LAST OF SEVERAL OCCURRENCES
COLUMN 17 PEAK WIND IN M.P.H.
PRELIMINARY LOCAL CLIMATOLOGICAL DATA (WS FORM: F-6) , PAGE 2
STATION: RUSKIN WFO
MONTH: JANUARY
YEAR: 2024
LATITUDE: 27 42 N
LONGITUDE: 82 24 W
[TEMPERATURE DATA] [PRECIPITATION DATA] SYMBOLS USED IN COLUMN 16
AVERAGE MONTHLY: 62.3 TOTAL FOR MONTH: 2.39 1 = FOG OR MIST
DPTR FM NORMAL: 1.1 DPTR FM NORMAL: -0.27 2 = FOG REDUCING VISIBILITY
HIGHEST: 86 ON 25 GRTST 24HR 3.18 ON 15-16 TO 1/4 MILE OR LESS
LOWEST: 37 ON 21 3 = THUNDER
SNOW, ICE PELLETS, HAIL 4 = ICE PELLETS
TOTAL MONTH: 0.0 INCH 5 = HAIL
GRTST 24HR 0.0 6 = FREEZING RAIN OR DRIZZLE
GRTST DEPTH: 0 7 = DUSTSTORM OR SANDSTORM:
VSBY 1/2 MILE OR LESS
8 = SMOKE OR HAZE
[NO. OF DAYS WITH] [WEATHER - DAYS WITH] 9 = BLOWING SNOW
X = TORNADO
MAX 32 OR BELOW: 0 0.01 INCH OR MORE: 14
MAX 90 OR ABOVE: 0 0.10 INCH OR MORE: 4
MIN 32 OR BELOW: 0 0.50 INCH OR MORE: 2
MIN 0 OR BELOW: 0 1.00 INCH OR MORE: 0
[HDD (BASE 65) ]
TOTAL THIS MO. 145 CLEAR (SCALE 0-3) 0
DPTR FM NORMAL -25 PTCLDY (SCALE 4-7) 0
TOTAL FM JUL 1 249 CLOUDY (SCALE 8-10) 31
DPTR FM NORMAL -94
[CDD (BASE 65) ]
TOTAL THIS MO. 67
DPTR FM NORMAL 13 [PRESSURE DATA]
TOTAL FM JAN 1 67 HIGHEST SLP M ON M
DPTR FM NORMAL 13 LOWEST SLP M ON M
[REMARKS]
#FINAL-01-24#