000
CXUS54 KBMX 011110
CF6TCL
PRELIMINARY LOCAL CLIMATOLOGICAL DATA (WS FORM: F-6)
STATION: TUSCALOOSA
MONTH: DECEMBER
YEAR: 2023
LATITUDE: 33 13 N
LONGITUDE: 87 37 W
TEMPERATURE IN F: :PCPN: SNOW: WIND :SUNSHINE: SKY :PK WND
================================================================================
1 2 3 4 5 6A 6B 7 8 9 10 11 12 13 14 15 16 17 18
12Z AVG MX 2MIN
DY MAX MIN AVG DEP HDD CDD WTR SNW DPTH SPD SPD DIR MIN PSBL S-S WX SPD DR
================================================================================
1 68 50 59 9 6 0 0.25 0.0 0 3.3 13 180 M M 9 12 20 150
2 71 63 67 17 0 2 0.05 0.0 0 6.8 13 170 M M 10 18 19 170
3 68 46 57 7 8 0 0.00 0.0 0 3.0 10 280 M M 4 1 14 280
4 66 39 53 3 12 0 0.00 0.0 0 4.2 17 290 M M 1 12 23 300
5 63 33 48 -2 17 0 0.00 0.0 0 3.9 15 250 M M 0 1 21 320
6 56 32 44 -6 21 0 0.00 0.0 0 5.4 18 10 M M 0 26 360
7 61 30 46 -3 19 0 0.00 0.0 M 3.0 13 210 M M 1 12 19 180
8 68 35 52 3 13 0 T 0.0 0 5.0 15 170 M M 4 20 140
9 78 59 69 20 0 4 0.94 0.0 0 7.5 31 310 M M 8 13 48 310
10 61 34 48 -1 17 0 0.34 M 0 7.8 18 320 M M 4 13 29 320
11 55 29 42 -7 23 0 0.00 0.0 0 1.9 13 360 M M 0 1 21 360
12 62 28 45 -3 20 0 0.00 0.0 M 2.3 9 50 M M 0 14 40
13 64 30 47 -1 18 0 0.00 0.0 0 3.5 13 40 M M 0 8 17 30
14 68 33 51 3 14 0 0.00 0.0 0 4.4 14 100 M M 0 21 100
15 67 36 52 4 13 0 0.00 0.0 M 5.2 12 120 M M 0 17 120
16 63 47 55 7 10 0 0.01 M M 4.7 12 140 M M 8 1 21 130
17 59 38 49 1 16 0 0.04 M M 6.2 16 310 M M 5 1 26 310
18 60 32 46 -2 19 0 0.00 M M 6.3 18 350 M M 0 1 27 360
19 51 25 38 -10 27 0 0.00 0.0 0 3.7 14 30 M M 0 19 30
20 53 26 40 -7 25 0 0.00 0.0 0 2.7 9 110 M M 0 12 100
21 58 26 42 -5 23 0 0.00 0.0 0 1.2 7 80 M M 0 10 80
22 66 39 53 6 12 0 0.00 0.0 0 1.8 9 190 M M 1 10 200
23 71 40 56 9 9 0 0.00 0.0 M 2.7 12 180 M M 4 18 180
24 67 46 57 10 8 0 0.18 M M 5.8 15 120 M M 4 1 23 100
25 64 55 60 13 5 0 1.68 0.0 0 5.9 15 100 M M 10 1 27 90
26 57 36 47 0 18 0 0.00 0.0 0 4.9 12 320 M M 5 18 16 320
27 57 32 45 -2 20 0 0.00 0.0 0 3.0 10 230 M M 3 1 13 240
28 50 31 41 -5 24 0 0.00 0.0 0 5.5 15 290 M M 3 19 280
29 51 35 43 -3 22 0 T 0.0 0 8.1 20 250 M M 9 26 260
30 50 30 40 -6 25 0 0.00 0.0 0 2.3 8 330 M M 6 1 12 220
31 63 27 45 -1 20 0 0.00 0.0 0 3.3 14 200 M M 0 18 19 210
================================================================================
SM 1916 1142 484 6 3.49 0.0 135.3 M 99
================================================================================
AV 61.8 36.8 4.4 FASTST M M 3 MAX(MPH)
MISC ----> 31 310 48 310
================================================================================
NOTES:
# LAST OF SEVERAL OCCURRENCES
COLUMN 17 PEAK WIND IN M.P.H.
PRELIMINARY LOCAL CLIMATOLOGICAL DATA (WS FORM: F-6) , PAGE 2
STATION: TUSCALOOSA
MONTH: DECEMBER
YEAR: 2023
LATITUDE: 33 13 N
LONGITUDE: 87 37 W
[TEMPERATURE DATA] [PRECIPITATION DATA] SYMBOLS USED IN COLUMN 16
AVERAGE MONTHLY: 49.3 TOTAL FOR MONTH: 3.49 1 = FOG OR MIST
DPTR FM NORMAL: 1.3 DPTR FM NORMAL: -1.57 2 = FOG REDUCING VISIBILITY
HIGHEST: 78 ON 9 GRTST 24HR 1.86 ON 24-25 TO 1/4 MILE OR LESS
LOWEST: 25 ON 19 3 = THUNDER
SNOW, ICE PELLETS, HAIL 4 = ICE PELLETS
TOTAL MONTH: 0.0 INCH 5 = HAIL
GRTST 24HR 0.0 6 = FREEZING RAIN OR DRIZZLE
GRTST DEPTH: 0 7 = DUSTSTORM OR SANDSTORM:
VSBY 1/2 MILE OR LESS
8 = SMOKE OR HAZE
[NO. OF DAYS WITH] [WEATHER - DAYS WITH] 9 = BLOWING SNOW
X = TORNADO
MAX 32 OR BELOW: 0 0.01 INCH OR MORE: 8
MAX 90 OR ABOVE: 0 0.10 INCH OR MORE: 5
MIN 32 OR BELOW: 13 0.50 INCH OR MORE: 2
MIN 0 OR BELOW: 0 1.00 INCH OR MORE: 1
[HDD (BASE 65) ]
TOTAL THIS MO. 484 CLEAR (SCALE 0-3) 16
DPTR FM NORMAL -46 PTCLDY (SCALE 4-7) 11
TOTAL FM JUL 1 854 CLOUDY (SCALE 8-10) 4
DPTR FM NORMAL -120
[CDD (BASE 65) ]
TOTAL THIS MO. 6
DPTR FM NORMAL 2 [PRESSURE DATA]
TOTAL FM JAN 1 2369 HIGHEST SLP 30.63 ON 14
DPTR FM NORMAL 107 LOWEST SLP 29.79 ON 25
[REMARKS]
#FINAL-12-23#