000
CXUS52 KMFL 011030
CF6TMB
PRELIMINARY LOCAL CLIMATOLOGICAL DATA (WS FORM: F-6)
STATION: KENDALL-TAMIAMI EXEC ARPT
MONTH: APRIL
YEAR: 2022
LATITUDE: 25 38 N
LONGITUDE: 80 26 W
TEMPERATURE IN F: :PCPN: SNOW: WIND :SUNSHINE: SKY :PK WND
================================================================================
1 2 3 4 5 6A 6B 7 8 9 10 11 12 13 14 15 16 17 18
12Z AVG MX 2MIN
DY MAX MIN AVG DEP HDD CDD WTR SNW DPTH SPD SPD DIR MIN PSBL S-S WX SPD DR
================================================================================
1 91 74 83 10 0 18 0.00 M M 7.1 15 200 M M 5 19 220
2 89 73 81 8 0 16 0.00 0.0 0 8.4 22 10 M M 5 26 10
3 87 69 78 5 0 13 0.38 0.0 0 6.2 25 170 M M 5 13 38 170
4 85 71 78 4 0 13 T 0.0 0 6.5 25 130 M M 3 3 32 120
5 87 70 79 5 0 14 T 0.0 0 8.3 18 150 M M 2 26 130
6 91 76 84 10 0 19 0.00 0.0 0 7.9 17 150 M M 1 22 160
7 91 75 83 9 0 18 T 0.0 0 9.8 22 280 M M 3 27 270
8 83 57 70 -4 0 5 0.00 0.0 0 9.7 22 340 M M 5 28 320
9 81 58 70 -4 0 5 T M M 10.4 28 280 M M 2 34 270
10 79 52 66 -8 0 1 0.00 0.0 0 8.6 20 100 M M 1 24 90
11 81 59 70 -4 0 5 0.00 0.0 0 12.2 22 90 M M 5 31 90
12 83 68 76 1 0 11 0.00 0.0 0 12.8 22 100 M M 5 29 140
13 84 73 79 4 0 14 T 0.0 0 12.8 21 110 M M 4 28 130
14 86 73 80 5 0 15 T 0.0 0 9.0 20 110 M M 3 23 100
15 82 71 77 2 0 12 2.19 0.0 0 7.2 23 80 M M 5 13 30 70
16 85 70 78 3 0 13 T 0.0 0 9.2 16 100 M M 3 21 100
17 86 68 77 2 0 12 T 0.0 0 10.5 20 100 M M 2 28 110
18 88 69 79 4 0 14 0.39 0.0 0 4.9 16 100 M M 3 3 19 110
19 89 68 79 3 0 14 0.00 0.0 0 10.4 20 60 M M 1 23 70
20 84 73 79 3 0 14 T M M 14.6 25 90 M M 4 32 100
21 83 72 78 2 0 13 T M M 16.7 26 90 M M 5 32 100
22 84 70 77 1 0 12 0.14 M M 17.5 29 80 M M 8 36 80
23 84 72 78 2 0 13 0.00 M M 15.0 23 100 M M 5 28 80
24 84 67 76 0 0 11 T M M 14.3 22 100 M M 4 29 120
25 84 72 78 2 0 13 0.00 0.0 0 12.1 20 90 M M 1 26 80
26 84 70 77 1 0 12 0.00 0.0 0 10.0 17 110 M M 1 23 100
27 86 65 76 0 0 11 T 0.0 0 4.9 14 160 M M 3 19 150
28 90 67 79 2 0 14 1.07 M M 4.7 22 30 M M 4 13 26 30
29 84 68 76 -1 0 11 0.00 M M 6.9 16 110 M M 6 20 110
30 85 69 77 0 0 12 T M M 7.5 24 110 M M 3 3 30 110
================================================================================
SM 2560 2059 0 368 4.17 0.0 296.1 M 107
================================================================================
AV 85.3 68.6 9.9 FASTST M M 4 MAX(MPH)
MISC ----> 29 80 38 170
================================================================================
NOTES:
# LAST OF SEVERAL OCCURRENCES
COLUMN 17 PEAK WIND IN M.P.H.
PRELIMINARY LOCAL CLIMATOLOGICAL DATA (WS FORM: F-6) , PAGE 2
STATION: KENDALL-TAMIAMI EXEC ARPT
MONTH: APRIL
YEAR: 2022
LATITUDE: 25 38 N
LONGITUDE: 80 26 W
[TEMPERATURE DATA] [PRECIPITATION DATA] SYMBOLS USED IN COLUMN 16
AVERAGE MONTHLY: 77.0 TOTAL FOR MONTH: 4.17 1 = FOG OR MIST
DPTR FM NORMAL: 2.0 DPTR FM NORMAL: 1.31 2 = FOG REDUCING VISIBILITY
HIGHEST: 91 ON 7, 6 GRTST 24HR 2.19 ON 15-15 TO 1/4 MILE OR LESS
LOWEST: 52 ON 10 3 = THUNDER
SNOW, ICE PELLETS, HAIL 4 = ICE PELLETS
TOTAL MONTH: 0.0 INCH 5 = HAIL
GRTST 24HR 0.0 6 = FREEZING RAIN OR DRIZZLE
GRTST DEPTH: 0 7 = DUSTSTORM OR SANDSTORM:
VSBY 1/2 MILE OR LESS
8 = SMOKE OR HAZE
[NO. OF DAYS WITH] [WEATHER - DAYS WITH] 9 = BLOWING SNOW
X = TORNADO
MAX 32 OR BELOW: 0 0.01 INCH OR MORE: 5
MAX 90 OR ABOVE: 4 0.10 INCH OR MORE: 5
MIN 32 OR BELOW: 0 0.50 INCH OR MORE: 2
MIN 0 OR BELOW: 0 1.00 INCH OR MORE: 2
[HDD (BASE 65) ]
TOTAL THIS MO. 0 CLEAR (SCALE 0-3) 13
DPTR FM NORMAL -2 PTCLDY (SCALE 4-7) 17
TOTAL FM JUL 1 73 CLOUDY (SCALE 8-10) 0
DPTR FM NORMAL -80
[CDD (BASE 65) ]
TOTAL THIS MO. 368
DPTR FM NORMAL 66 [PRESSURE DATA]
TOTAL FM JAN 1 1005 HIGHEST SLP 30.22 ON 21
DPTR FM NORMAL 222 LOWEST SLP 29.84 ON 7
[REMARKS]
#FINAL-04-22#