000
CXUS52 KMFL 011130
CF6TMB
PRELIMINARY LOCAL CLIMATOLOGICAL DATA (WS FORM: F-6)
STATION: KENDALL-TAMIAMI EXEC ARPT
MONTH: FEBRUARY
YEAR: 2021
LATITUDE: 25 38 N
LONGITUDE: 80 26 W
TEMPERATURE IN F: :PCPN: SNOW: WIND :SUNSHINE: SKY :PK WND
================================================================================
1 2 3 4 5 6A 6B 7 8 9 10 11 12 13 14 15 16 17 18
12Z AVG MX 2MIN
DY MAX MIN AVG DEP HDD CDD WTR SNW DPTH SPD SPD DIR MIN PSBL S-S WX SPD DR
================================================================================
1 78 58 68 1 0 3 0.03 0.0 M 16.7 33 280 M M 3 3 40 280
2 67 50 59 -8 6 0 0.00 0.0 0 15.3 26 290 M M 4 37 310
3 69 47 58 -9 7 0 0.00 M 0 9.6 18 310 M M 0 23 350
4 74 42 58 -9 7 0 0.00 0.0 M 4.6 13 170 M M 0 17 120
5 80 51 66 -1 0 1 0.00 0.0 M 4.7 13 180 M M 3 1 19 150
6 83 70 77 10 0 12 0.67 0.0 M 6.6 16 160 M M 8 13 24 160
7 86 71 79 11 0 14 T 0.0 M 7.3 21 220 M M 6 1 29 240
8 87 69 78 10 0 13 T M M 5.0 15 160 M M 6 1 19 150
9 85 68 77 9 0 12 T M M 6.5 15 130 M M 3 128 20 150
10 85 68 77 9 0 12 T M M 9.1 16 110 M M 1 1 21 100
11 84 70 77 9 0 12 0.00 0.0 M 8.7 17 130 M M 3 23 130
12 84 67 76 8 0 11 T M M 7.4 16 130 M M 3 1 22 140
13 86 76 81 13 0 16 0.01 M M 8.7 17 160 M M 5 23 150
14 88 76 82 14 0 17 0.05 M M 7.5 17 190 M M 5 25 190
15 88 72 80 12 0 15 0.09 M M 7.3 18 160 M M 4 13 26 140
16 85 72 79 10 0 14 0.55 M M 6.7 22 250 M M 6 138 27 250
17 87 73 80 11 0 15 0.08 M M 7.1 15 140 M M 5 18 21 180
18 87 75 81 12 0 16 T 0.0 M 8.6 17 150 M M 2 24 190
19 87 68 78 9 0 13 T 0.0 M 8.2 22 330 M M 5 1 26 330
20 78 63 71 2 0 6 T 0.0 M 14.5 22 360 M M 5 27 350
21 79 59 69 0 0 4 T 0.0 M 15.9 30 90 M M 6 8 35 70
22 82 70 76 7 0 11 0.00 0.0 M 10.5 21 100 M M 6 27 100
23 87 66 77 8 0 12 0.00 0.0 M 6.5 16 290 M M 5 18 21 290
24 83 68 76 7 0 11 T M M 4.3 12 160 M M 6 1 15 180
25 86 64 75 6 0 10 T M M 3.7 12 110 M M 3 12 14 270
26 85 68 77 8 0 12 0.01 M M 7.1 16 110 M M 3 8 22 110
27 85 75 80 11 0 15 T M M 12.6 20 100 M M 4 26 110
28 84 75 80 11 0 15 T M M 13.2 22 110 M M 4 28 110
================================================================================
SM 2319 1851 20 292 1.49 0.0 243.9 M 114
================================================================================
AV 82.8 66.1 8.7 FASTST M M 4 MAX(MPH)
MISC ----> 33 280 40 280
================================================================================
NOTES:
# LAST OF SEVERAL OCCURRENCES
COLUMN 17 PEAK WIND IN M.P.H.
PRELIMINARY LOCAL CLIMATOLOGICAL DATA (WS FORM: F-6) , PAGE 2
STATION: KENDALL-TAMIAMI EXEC ARPT
MONTH: FEBRUARY
YEAR: 2021
LATITUDE: 25 38 N
LONGITUDE: 80 26 W
[TEMPERATURE DATA] [PRECIPITATION DATA] SYMBOLS USED IN COLUMN 16
AVERAGE MONTHLY: 74.5 TOTAL FOR MONTH: 1.49 1 = FOG OR MIST
DPTR FM NORMAL: 6.2 DPTR FM NORMAL: -1.01 2 = FOG REDUCING VISIBILITY
HIGHEST: 88 ON 15,14 GRTST 24HR 0.67 ON 5- 6 TO 1/4 MILE OR LESS
LOWEST: 42 ON 4 3 = THUNDER
SNOW, ICE PELLETS, HAIL 4 = ICE PELLETS
TOTAL MONTH: 0.0 INCH 5 = HAIL
GRTST 24HR 0.0 6 = FREEZING RAIN OR DRIZZLE
GRTST DEPTH: 0 7 = DUSTSTORM OR SANDSTORM:
VSBY 1/2 MILE OR LESS
8 = SMOKE OR HAZE
[NO. OF DAYS WITH] [WEATHER - DAYS WITH] 9 = BLOWING SNOW
X = TORNADO
MAX 32 OR BELOW: 0 0.01 INCH OR MORE: 8
MAX 90 OR ABOVE: 0 0.10 INCH OR MORE: 2
MIN 32 OR BELOW: 0 0.50 INCH OR MORE: 2
MIN 0 OR BELOW: 0 1.00 INCH OR MORE: 0
[HDD (BASE 65) ]
TOTAL THIS MO. 20 CLEAR (SCALE 0-3) 9
DPTR FM NORMAL -16 PTCLDY (SCALE 4-7) 18
TOTAL FM JUL 1 162 CLOUDY (SCALE 8-10) 1
DPTR FM NORMAL -11
[CDD (BASE 65) ]
TOTAL THIS MO. 292
DPTR FM NORMAL 164 [PRESSURE DATA]
TOTAL FM JAN 1 402 HIGHEST SLP 30.26 ON 21
DPTR FM NORMAL 184 LOWEST SLP 29.81 ON 1
[REMARKS]
#FINAL-02-21#