000
CXUS51 KCLE 031643
CLMTOL
CLIMATE REPORT
NATIONAL WEATHER SERVICE CLEVELAND, OH
1243 PM EDT SAT JUN 03 2023
...................................
...THE TOLEDO OH CLIMATE SUMMARY FOR THE MONTH OF MAY 2023...
CLIMATE NORMAL PERIOD 1991 TO 2020
CLIMATE RECORD PERIOD 1873 TO 2023
WEATHER OBSERVED NORMAL DEPART LAST YEAR`S
VALUE DATE(S) VALUE FROM VALUE
NORMAL
..............................................................
TEMPERATURE (F)
RECORD
HIGH 98 05/28/2018
LOW 25 05/04/2005
05/07/1974
HIGHEST 91 05/30
LOWEST 36 05/18
AVG. MAXIMUM 73.4 73.3 0.1 76.5
AVG. MINIMUM 47.7 50.9 -3.2 55.7
MEAN 60.6 62.1 -1.5 66.1
DAYS MAX >= 90 1 1.3 -0.3 2
DAYS MAX <= 32 0 0.0 0.0 0
DAYS MIN <= 32 0 0.4 -0.4 0
DAYS MIN <= 0 0 0.0 0.0 0
PRECIPITATION (INCHES)
RECORD
MAXIMUM 8.04 1943
MINIMUM 0.45 1881
TOTALS 0.90 3.82 -2.92 3.82
DAYS >= .01 8 12.9 -4.9 13
DAYS >= .10 3 8.0 -5.0 10
DAYS >= .50 0 2.3 -2.3 2
DAYS >= 1.00 0 0.9 -0.9 0
GREATEST
24 HR. TOTAL 0.44 04/30 TO 05/01 0.97
SNOWFALL (INCHES)
RECORDS
TOTAL 4.0 1923
TOTALS 0.0 0.0 0.0 0.0
SINCE 7/1 14.3 37.4 -23.1 30.8
DAYS >= 1.0 0 0.0 0.0 0
GREATEST
24 HR TOTAL 0.0
DEGREE DAYS
HEATING TOTAL 163 160 3 97
SINCE 7/1 5002 5622 -620 5315
COOLING TOTAL 36 70 -34 140
SINCE 1/1 52 81 -29 155
..............................................................
WIND (MPH)
AVERAGE WIND SPEED 7.1
HIGHEST WIND SPEED/DIRECTION 32/280 DATE 05/01
HIGHEST GUST SPEED/DIRECTION 40/270 DATE 05/01
SKY COVER
AVERAGE SKY COVER 0.27
AVERAGE RH (PERCENT) 58
WEATHER CONDITIONS. NUMBER OF DAYS WITH
THUNDERSTORM 1 MIXED PRECIP 0
HEAVY RAIN 0 RAIN 1
LIGHT RAIN 8 FREEZING RAIN 0
LT FREEZING RAIN 0 HAIL 0
HEAVY SNOW 0 SNOW 0
LIGHT SNOW 0 SLEET 0
FOG 4 FOG W/VIS <= 1/4 MILE 0
HAZE 2
- INDICATES NEGATIVE NUMBERS.
R INDICATES RECORD WAS SET OR TIED.
MM INDICATES DATA IS MISSING.
T INDICATES TRACE AMOUNT.
$$