000
CXUS56 KLKN 022020
CF6TPH
PRELIMINARY LOCAL CLIMATOLOGICAL DATA (WS FORM: F-6)
STATION: TONOPAH AIRPORT NV
MONTH: SEPTEMBER
YEAR: 2023
LATITUDE: 38 3 N
LONGITUDE: 117 5 W
TEMPERATURE IN F: :PCPN: SNOW: WIND :SUNSHINE: SKY :PK WND
================================================================================
1 2 3 4 5 6A 6B 7 8 9 10 11 12 13 14 15 16 17 18
12Z AVG MX 2MIN
DY MAX MIN AVG DEP HDD CDD WTR SNW DPTH SPD SPD DIR MIN PSBL S-S WX SPD DR
================================================================================
1 82 53 68 -2 0 3 0.00 M M 21.0 36 180 M M 2 52 190
2 77 59 68 -2 0 3 0.01 M M 20.4 32 180 M M 6 13 40 180
3 77 50 64 -6 1 0 0.10 M M 14.6 32 190 M M 6 3 45 240
4 72 47 60 -10 5 0 0.00 M M 6.5 18 340 M M M 23 340
5 79 50 65 -4 0 0 0.00 M M 6.9 15 200 M M M 21 200
6 81 51 66 -3 0 1 0.00 M M 8.7 20 170 M M M 29 160
7 84 52 68 -1 0 3 0.00 M M 10.9 23 190 M M M 33 200
8 86 47 67 -1 0 2 0.00 M M 8.8 22 180 M M M 29 180
9 83 56 70 2 0 5 T M M 11.5 31 10 M M M 39 10
10 71 54 63 -5 2 0 0.01 M M 8.2 20 180 M M M 24 170
11 80 50 65 -3 0 0 0.00 M M 6.9 22 20 M M M 30 40
12 82 54 68 1 0 3 T M M 8.4 17 130 M M M 21 160
13 82 56 69 2 0 4 0.03 M M 6.8 25 20 M M M 32 20
14 80 53 67 1 0 2 T M M 9.3 16 10 M M M 23 320
15 80 52 66 0 0 1 0.00 M M 6.6 15 360 M M M 19 180
16 81 52 67 1 0 2 0.00 M M 8.8 20 120 M M M 29 150
17 83 55 69 4 0 4 0.00 M M 10.3 21 190 M M M 30 190
18 82 50 66 1 0 1 0.00 M M 7.6 21 190 M M M 27 200
19 80 49 65 1 0 0 0.00 M M 7.1 16 180 M M 0 22 200
20 79 47 63 -1 2 0 0.02 M M 9.2 22 330 M M 2 31 190
21 69 45 57 -7 8 0 0.00 M M 11.4 29 320 M M 3 39 320
22 70 38 54 -9 11 0 0.00 M M 7.0 15 360 M M 0 19 360
23 73 41 57 -6 8 0 0.00 M M 6.7 13 170 M M 0 17 190
24 77 42 60 -2 5 0 0.00 M M 9.3 21 180 M M 0 27 190
25 78 40 59 -3 6 0 0.00 M M 9.3 22 200 M M 0 29 200
26 79 43 61 -1 4 0 0.00 M M 8.3 16 170 M M 0 21 200
27 79 44 62 1 3 0 0.00 M M 5.8 14 360 M M 0 17 350
28 79 44 62 1 3 0 0.00 M M 6.7 13 280 M M 0 16 300
29 77 46 62 2 3 0 0.00 M M 11.3 26 190 M M 1 37 160
30 59 41 50 -10 15 0 1.04 M M 7.6 24 350 M M 8 1 32 340
================================================================================
SM 2341 1461 76 34 1.21 M 281.9 M 28
================================================================================
AV 78.0 48.7 9.4 FASTST M M 2 MAX(MPH)
MISC ----> 36 180 52 190
================================================================================
NOTES:
# LAST OF SEVERAL OCCURRENCES
COLUMN 17 PEAK WIND IN M.P.H.
PRELIMINARY LOCAL CLIMATOLOGICAL DATA (WS FORM: F-6) , PAGE 2
STATION: TONOPAH AIRPORT NV
MONTH: SEPTEMBER
YEAR: 2023
LATITUDE: 38 3 N
LONGITUDE: 117 5 W
[TEMPERATURE DATA] [PRECIPITATION DATA] SYMBOLS USED IN COLUMN 16
AVERAGE MONTHLY: 63.4 TOTAL FOR MONTH: 1.21 1 = FOG OR MIST
DPTR FM NORMAL: -2.3 DPTR FM NORMAL: 0.76 2 = FOG REDUCING VISIBILITY
HIGHEST: 86 ON 8 GRTST 24HR 1.04 ON 30-30 TO 1/4 MILE OR LESS
LOWEST: 38 ON 22 3 = THUNDER
SNOW, ICE PELLETS, HAIL 4 = ICE PELLETS
TOTAL MONTH: M 5 = HAIL
GRTST 24HR M ON M 6 = FREEZING RAIN OR DRIZZLE
GRTST DEPTH: M ON M 7 = DUSTSTORM OR SANDSTORM:
VSBY 1/2 MILE OR LESS
8 = SMOKE OR HAZE
[NO. OF DAYS WITH] [WEATHER - DAYS WITH] 9 = BLOWING SNOW
X = TORNADO
MAX 32 OR BELOW: 0 0.01 INCH OR MORE: 6
MAX 90 OR ABOVE: 0 0.10 INCH OR MORE: 2
MIN 32 OR BELOW: 0 0.50 INCH OR MORE: 1
MIN 0 OR BELOW: 0 1.00 INCH OR MORE: 1
[HDD (BASE 65) ]
TOTAL THIS MO. 76 CLEAR (SCALE 0-3) 12
DPTR FM NORMAL 9 PTCLDY (SCALE 4-7) 2
TOTAL FM JUL 1 85 CLOUDY (SCALE 8-10) 16
DPTR FM NORMAL 15
[CDD (BASE 65) ]
TOTAL THIS MO. 34
DPTR FM NORMAL -52 [PRESSURE DATA]
TOTAL FM JAN 1 755 HIGHEST SLP 30.17 ON 9
DPTR FM NORMAL -135 LOWEST SLP 29.53 ON 30
[REMARKS]
#FINAL-09-23#