000
CXUS53 KAPX 010730
CF6TVC
PRELIMINARY LOCAL CLIMATOLOGICAL DATA (WS FORM: F-6)
STATION: TRAVERSE CITY MI
MONTH: APRIL
YEAR: 2023
LATITUDE: 44 44 N
LONGITUDE: 85 34 W
TEMPERATURE IN F: :PCPN: SNOW: WIND :SUNSHINE: SKY :PK WND
================================================================================
1 2 3 4 5 6A 6B 7 8 9 10 11 12 13 14 15 16 17 18
12Z AVG MX 2MIN
DY MAX MIN AVG DEP HDD CDD WTR SNW DPTH SPD SPD DIR MIN PSBL S-S WX SPD DR
================================================================================
1 48 27 38 0 27 0 0.24 M M 10.9 23 10 M M 8 1 36 360
2 47 22 35 -3 30 0 T M M 7.7 15 190 M M 5 32 150
3 59 38 49 10 16 0 0.00 M M 9.3 18 260 M M 6 30 200
4 54 34 44 5 21 0 0.13 M M 10.9 28 90 M M 7 13 42 100
5 73 40 57 18 8 0 1.30 M M 12.2 36 260 M M 9 13 46 260
6 47 33 40 0 25 0 0.00 M M 18.4 32 260 M M 3 44 260
7 39 25 32 -8 33 0 0.00 M M 6.0 17 330 M M 1 24 330
8 47 29 38 -2 27 0 0.08 M M 2.4 9 10 M M 7 15 13 360
9 69 34 52 11 13 0 0.00 M M 8.1 17 240 M M 1 1 24 250
10 72 53 63 22 2 0 0.00 M M 11.4 22 220 M M 5 35 210
11 77 51 64 22 1 0 0.00 M M 12.2 28 270 M M 7 35 280
12 83 58 71 29 0 6 0.00 M M 12.9 21 230 M M 0 46 220
13 86 60 73 31 0 8 0.00 M M 10.3 20 250 M M 2 30 220
14 86 50 68 25 0 3 0.00 M M 4.6 14 250 M M 3 21 240
15 87 48 68 25 0 3 T M M 3.6 17 260 M M 6 24 270
16 70 41 56 12 9 0 0.34 M M 7.1 22 200 M M 8 13 33 190
17 44 31 38 -6 27 0 0.06 M M 10.3 22 310 M M 10 1 33 320
18 45 31 38 -6 27 0 T M M 13.9 25 290 M M 8 1 38 280
19 43 36 40 -5 25 0 0.05 M M 7.1 16 40 M M 10 14 22 40
20 62 41 52 7 13 0 0.12 M M 9.3 22 120 M M 8 13 34 120
21 64 44 54 8 11 0 0.00 M M 10.0 24 260 M M 9 1 33 270
22 49 38 44 -2 21 0 0.03 M M 5.6 15 260 M M 10 1 19 260
23 41 35 38 -8 27 0 0.03 M M 9.1 15 280 M M 10 1 20 270
24 49 29 39 -8 26 0 0.00 M M 5.9 18 290 M M 5 27 310
25 46 27 37 -10 28 0 T M M 5.7 15 330 M M 6 1 25 20
26 45 30 38 -9 27 0 T M M 2.8 9 310 M M 9 12 320
27 64 29 47 -1 18 0 0.00 M M 5.6 15 190 M M 6 23 200
28 64 35 50 2 15 0 0.00 M M 3.6 10 110 M M 7 16 100
29 58 42 50 1 15 0 0.11 M M 2.8 12 230 M M 8 1 17 220
30 47 41 44 -5 21 0 0.02 M M 7.1 13 340 M M 10 1 20 190
================================================================================
SM 1765 1132 513 20 2.51 M 246.8 M 194
================================================================================
AV 58.8 37.7 8.2 FASTST M M 6 MAX(MPH)
MISC ----> 36 260 # 46 260
================================================================================
NOTES:
# LAST OF SEVERAL OCCURRENCES
COLUMN 17 PEAK WIND IN M.P.H.
PRELIMINARY LOCAL CLIMATOLOGICAL DATA (WS FORM: F-6) , PAGE 2
STATION: TRAVERSE CITY MI
MONTH: APRIL
YEAR: 2023
LATITUDE: 44 44 N
LONGITUDE: 85 34 W
[TEMPERATURE DATA] [PRECIPITATION DATA] SYMBOLS USED IN COLUMN 16
AVERAGE MONTHLY: 48.3 TOTAL FOR MONTH: 2.51 1 = FOG OR MIST
DPTR FM NORMAL: 4.9 DPTR FM NORMAL: -0.28 2 = FOG REDUCING VISIBILITY
HIGHEST: 87 ON 15 GRTST 24HR 1.43 ON 4- 5 TO 1/4 MILE OR LESS
LOWEST: 22 ON 2 3 = THUNDER
SNOW, ICE PELLETS, HAIL 4 = ICE PELLETS
TOTAL MONTH: M 5 = HAIL
GRTST 24HR M ON M 6 = FREEZING RAIN OR DRIZZLE
GRTST DEPTH: M ON M 7 = DUSTSTORM OR SANDSTORM:
VSBY 1/2 MILE OR LESS
8 = SMOKE OR HAZE
[NO. OF DAYS WITH] [WEATHER - DAYS WITH] 9 = BLOWING SNOW
X = TORNADO
MAX 32 OR BELOW: 0 0.01 INCH OR MORE: 12
MAX 90 OR ABOVE: 0 0.10 INCH OR MORE: 6
MIN 32 OR BELOW: 10 0.50 INCH OR MORE: 1
MIN 0 OR BELOW: 0 1.00 INCH OR MORE: 1
[HDD (BASE 65) ]
TOTAL THIS MO. 513 CLEAR (SCALE 0-3) 4
DPTR FM NORMAL -138 PTCLDY (SCALE 4-7) 17
TOTAL FM JUL 1 5852 CLOUDY (SCALE 8-10) 9
DPTR FM NORMAL -842
[CDD (BASE 65) ]
TOTAL THIS MO. 20
DPTR FM NORMAL 18 [PRESSURE DATA]
TOTAL FM JAN 1 20 HIGHEST SLP 30.63 ON 7
DPTR FM NORMAL 17 LOWEST SLP 29.15 ON 1
[REMARKS]
#FINAL-04-23#