591
CXUS53 KAPX 010831
CF6TVC
PRELIMINARY LOCAL CLIMATOLOGICAL DATA (WS FORM: F-6)
STATION: TRAVERSE CITY MI
MONTH: DECEMBER
YEAR: 2020
LATITUDE: 44 44 N
LONGITUDE: 85 34 W
TEMPERATURE IN F: :PCPN: SNOW: WIND :SUNSHINE: SKY :PK WND
================================================================================
1 2 3 4 5 6A 6B 7 8 9 10 11 12 13 14 15 16 17 18
12Z AVG MX 2MIN
DY MAX MIN AVG DEP HDD CDD WTR SNW DPTH SPD SPD DIR MIN PSBL S-S WX SPD DR
================================================================================
1 38 30 34 3 31 0 0.00 M M 14.0 17 350 M M 7 37 340
2 45 28 37 6 28 0 0.00 M M 10.0 17 250 M M 1 26 260
3 40 32 36 5 29 0 0.00 M M 10.3 18 230 M M 8 30 220
4 41 33 37 7 28 0 T M M 8.9 16 340 M M 10 25 230
5 34 29 32 2 33 0 T M M 5.8 15 360 M M 10 15 20 10
6 34 27 31 1 34 0 T M M 2.8 8 180 M M 10 12 140
7 38 31 35 6 30 0 T M M 2.4 8 180 M M 9 8 11 180
8 38 34 36 7 29 0 T M M 9.4 18 230 M M 10 31 210
9 44 29 37 9 28 0 0.00 M M 6.5 17 270 M M 7 1 27 270
10 51 26 39 11 26 0 0.00 M M 2.5 14 200 M M 4 1 22 190
11 42 30 36 8 29 0 0.00 M M 10.1 16 10 M M 8 1 25 30
12 37 32 35 7 30 0 0.31 M M 14.2 22 20 M M 10 19 37 40
13 33 29 31 4 34 0 T M M 6.6 17 260 M M 10 18 24 270
14 31 24 28 1 37 0 0.01 M M 11.6 24 300 M M 10 1 33 290
15 26 21 24 -3 41 0 T M M 4.8 14 310 M M 9 17 310
16 31 20 26 0 39 0 0.00 M M 5.2 15 110 M M 8 21 100
17 30 26 28 2 37 0 T M M 3.4 10 50 M M 10 13 70
18 34 27 31 5 34 0 0.00 M M 4.5 12 170 M M 9 22 170
19 37 33 35 9 30 0 T M M 3.4 12 180 M M 10 18 17 170
20 39 33 36 11 29 0 0.00 M M 7.9 15 240 M M 9 18 25 240
21 36 32 34 9 31 0 0.17 M M 3.7 13 20 M M 10 1 20 350
22 36 31 34 9 31 0 0.01 M M 7.1 18 310 M M 10 1 25 320
23 49 35 42 17 23 0 0.06 M M 10.3 20 180 M M 8 1 28 180
24 46 19 33 9 32 0 T M M 12.9 26 210 M M 10 189 41 210
25 26 18 22 -2 43 0 T M M 11.5 20 280 M M 10 189 27 310
26 28 25 27 3 38 0 T M M 10.1 20 300 M M 10 25 310
27 33 28 31 7 34 0 0.01 M M 5.8 13 120 M M 10 1 18 130
28 33 24 29 5 36 0 0.01 M M 15.1 25 270 M M 9 1 35 270
29 26 10 18 -5 47 0 T M M 5.8 17 300 M M 9 21 300
30 35 25 30 7 35 0 0.07 M M 11.0 21 250 M M 10 1 38 270
31 30 28 29 6 36 0 0.00 M M 7.8 15 280 M M 10 20 250
================================================================================
SM 1121 849 1022 0 0.65 M 245.4 M 275
================================================================================
AV 36.2 27.4 7.9 FASTST M M 9 MAX(MPH)
MISC ----> 26 210 41 210
================================================================================
NOTES:
# LAST OF SEVERAL OCCURRENCES
COLUMN 17 PEAK WIND IN M.P.H.
PRELIMINARY LOCAL CLIMATOLOGICAL DATA (WS FORM: F-6) , PAGE 2
STATION: TRAVERSE CITY MI
MONTH: DECEMBER
YEAR: 2020
LATITUDE: 44 44 N
LONGITUDE: 85 34 W
[TEMPERATURE DATA] [PRECIPITATION DATA] SYMBOLS USED IN COLUMN 16
AVERAGE MONTHLY: 31.8 TOTAL FOR MONTH: 0.65 1 = FOG OR MIST
DPTR FM NORMAL: 5.1 DPTR FM NORMAL: -1.84 2 = FOG REDUCING VISIBILITY
HIGHEST: 51 ON 10 GRTST 24HR 0.31 ON 12-12 TO 1/4 MILE OR LESS
LOWEST: 10 ON 29 3 = THUNDER
SNOW, ICE PELLETS, HAIL 4 = ICE PELLETS
TOTAL MONTH: M 5 = HAIL
GRTST 24HR M ON M 6 = FREEZING RAIN OR DRIZZLE
GRTST DEPTH: M ON M 7 = DUSTSTORM OR SANDSTORM:
VSBY 1/2 MILE OR LESS
8 = SMOKE OR HAZE
[NO. OF DAYS WITH] [WEATHER - DAYS WITH] 9 = BLOWING SNOW
X = TORNADO
MAX 32 OR BELOW: 8 0.01 INCH OR MORE: 8
MAX 90 OR ABOVE: 0 0.10 INCH OR MORE: 2
MIN 32 OR BELOW: 26 0.50 INCH OR MORE: 0
MIN 0 OR BELOW: 0 1.00 INCH OR MORE: 0
[HDD (BASE 65) ]
TOTAL THIS MO. 1022 CLEAR (SCALE 0-3) 1
DPTR FM NORMAL -167 PTCLDY (SCALE 4-7) 4
TOTAL FM JUL 1 2382 CLOUDY (SCALE 8-10) 26
DPTR FM NORMAL -425
[CDD (BASE 65) ]
TOTAL THIS MO. 0
DPTR FM NORMAL 0 [PRESSURE DATA]
TOTAL FM JAN 1 716 HIGHEST SLP 30.54 ON 29
DPTR FM NORMAL 305 LOWEST SLP 29.27 ON 24
[REMARKS]
#FINAL-12-20#