000
CXUS53 KAPX 011833
CF6TVC
PRELIMINARY LOCAL CLIMATOLOGICAL DATA (WS FORM: F-6)
STATION: TRAVERSE CITY MI
MONTH: SEPTEMBER
YEAR: 2020
LATITUDE: 44 44 N
LONGITUDE: 85 34 W
TEMPERATURE IN F: :PCPN: SNOW: WIND :SUNSHINE: SKY :PK WND
================================================================================
1 2 3 4 5 6A 6B 7 8 9 10 11 12 13 14 15 16 17 18
12Z AVG MX 2MIN
DY MAX MIN AVG DEP HDD CDD WTR SNW DPTH SPD SPD DIR MIN PSBL S-S WX SPD DR
================================================================================
1 76 52 64 -1 1 0 T M M 3.4 12 330 M M 7 18 340
2 78 57 68 4 0 3 0.43 M M 8.7 25 270 M M 4 1 35 230
3 81 57 69 5 0 4 0.12 M M 11.9 31 270 M M 5 3 43 260
4 73 50 62 -2 3 0 0.00 M M 8.8 24 270 M M 4 35 260
5 74 49 62 -2 3 0 T M M 4.9 21 260 M M 3 27 260
6 77 47 62 -1 3 0 0.01 M M 8.8 24 180 M M 5 3 40 200
7 73 54 64 1 1 0 0.02 M M 8.1 23 310 M M 8 32 320
8 60 50 55 -8 10 0 0.15 M M 7.4 15 50 M M 10 23 50
9 55 49 52 -10 13 0 0.16 M M 5.7 9 60 M M 10 1 M M
10 60 45 53 -9 12 0 0.08 M M 4.4 10 20 M M 10 1 16 10
11 71 40 56 -6 9 0 0.00 M M 3.1 12 20 M M 3 17 110
12 68 55 62 1 3 0 0.65 M M 3.9 10 170 M M 10 1 18 180
13 70 60 65 4 0 0 0.01 M M 10.3 18 280 M M 8 1 25 260
14 64 47 56 -5 9 0 0.00 M M 2.4 8 20 M M 8 13 30
15 77 50 64 4 1 0 0.00 M M 9.2 22 220 M M 7 36 200
16 74 57 66 6 0 1 0.00 M M 8.9 16 260 M M 5 25 260
17 60 45 53 -7 12 0 0.00 M M 5.4 14 60 M M 5 20 60
18 57 37 47 -12 18 0 0.00 M M 3.8 14 10 M M 2 22 40
19 64 33 49 -10 16 0 0.00 M M 3.9 14 260 M M 3 22 280
20 72 44 58 0 7 0 0.00 M M 5.5 15 170 M M 0 22 160
21 74 50 62 4 3 0 0.00 M M 5.7 15 180 M M 2 24 200
22 79 56 68 10 0 3 0.00 M M 5.8 13 240 M M 3 19 210
23 82 55 69 12 0 4 0.00 M M 3.4 14 280 M M 2 1 18 290
24 75 58 67 10 0 2 0.00 M M 3.3 9 20 M M 7 1 15 30
25 81 58 70 14 0 5 T M M 7.2 17 190 M M 2 1 28 210
26 79 67 73 17 0 8 0.04 M M 10.0 22 190 M M 6 3 36 210
27 73 60 67 12 0 2 T M M 10.4 22 280 M M 7 33 220
28 60 54 57 2 8 0 0.46 M M 4.2 10 220 M M 10 1 14 250
29 61 48 55 0 10 0 0.06 M M 8.2 16 250 M M 6 1 25 250
30 62 49 56 2 9 0 0.44 M M 7.9 22 280 M M 6 1 33 280
================================================================================
SM 2110 1533 151 32 2.63 M 194.6 M 168
================================================================================
AV 70.3 51.1 6.5 FASTST M M 6 MAX(MPH)
MISC ----> # 31 270 # 43 260
================================================================================
NOTES:
# LAST OF SEVERAL OCCURRENCES
COLUMN 17 PEAK WIND IN M.P.H.
PRELIMINARY LOCAL CLIMATOLOGICAL DATA (WS FORM: F-6) , PAGE 2
STATION: TRAVERSE CITY MI
MONTH: SEPTEMBER
YEAR: 2020
LATITUDE: 44 44 N
LONGITUDE: 85 34 W
[TEMPERATURE DATA] [PRECIPITATION DATA] SYMBOLS USED IN COLUMN 16
AVERAGE MONTHLY: 60.7 TOTAL FOR MONTH: 2.63 1 = FOG OR MIST
DPTR FM NORMAL: 0.9 DPTR FM NORMAL: -0.90 2 = FOG REDUCING VISIBILITY
HIGHEST: 82 ON 23 GRTST 24HR 0.65 ON 12-12 TO 1/4 MILE OR LESS
LOWEST: 33 ON 19 3 = THUNDER
SNOW, ICE PELLETS, HAIL 4 = ICE PELLETS
TOTAL MONTH: M 5 = HAIL
GRTST 24HR M ON M 6 = FREEZING RAIN OR DRIZZLE
GRTST DEPTH: M ON M 7 = DUSTSTORM OR SANDSTORM:
VSBY 1/2 MILE OR LESS
8 = SMOKE OR HAZE
[NO. OF DAYS WITH] [WEATHER - DAYS WITH] 9 = BLOWING SNOW
X = TORNADO
MAX 32 OR BELOW: 0 0.01 INCH OR MORE: 13
MAX 90 OR ABOVE: 0 0.10 INCH OR MORE: 7
MIN 32 OR BELOW: 0 0.50 INCH OR MORE: 1
MIN 0 OR BELOW: 0 1.00 INCH OR MORE: 0
[HDD (BASE 65) ]
TOTAL THIS MO. 151 CLEAR (SCALE 0-3) 8
DPTR FM NORMAL -42 PTCLDY (SCALE 4-7) 16
TOTAL FM JUL 1 161 CLOUDY (SCALE 8-10) 6
DPTR FM NORMAL -101
[CDD (BASE 65) ]
TOTAL THIS MO. 32
DPTR FM NORMAL -6 [PRESSURE DATA]
TOTAL FM JAN 1 708 HIGHEST SLP M ON M
DPTR FM NORMAL 301 LOWEST SLP 29.42 ON 30
[REMARKS]
#FINAL-09-20#