000
CXUS54 KJAN 011033
CLMTVR
CLIMATE REPORT
NATIONAL WEATHER SERVICE JACKSON MS
533 AM CDT SAT APR 01 2023
...................................
...THE VICKSBURG CLIMATE SUMMARY FOR THE MONTH OF MARCH 2023...
CLIMATE NORMAL PERIOD: 1991 TO 2020
CLIMATE RECORD PERIOD: 1948 TO 2023
WEATHER OBSERVED NORMAL DEPART LAST YEAR`S
VALUE DATE(S) VALUE FROM VALUE
NORMAL
..............................................................
TEMPERATURE (F)
RECORD
HIGH 89 03/19/1982
LOW 11 03/03/1980
HIGHEST 86 03/25 MM MM 86
LOWEST 26 03/20 MM MM 30
AVG. MAXIMUM 73.9 69.6 4.3 72.6
AVG. MINIMUM 51.1 48.7 2.4 46.8
MEAN 62.5 59.1 3.4 59.7
DAYS MAX >= 90 0 0.0 0.0 0
DAYS MAX <= 32 0 0.0 0.0 0
DAYS MIN <= 32 2 1.9 0.1 2
DAYS MIN <= 0 0 0.0 0.0 0
PRECIPITATION (INCHES)
RECORD
MAXIMUM 14.11 1961
MINIMUM 0.48 2007
TOTALS 5.03 5.02 0.01 7.39
DAILY AVG. 0.16 0.16 -0.00 0.24
DAYS >= .01 9 9.9 -0.9 11
DAYS >= .10 8 6.9 1.1 6
DAYS >= .50 3 3.4 -0.4 5
DAYS >= 1.00 2 1.4 0.6 3
GREATEST
24 HR. TOTAL 2.21 03/26 TO 03/26 2.23
SNOWFALL (INCHES)
TOTALS 0.0
DEGREE DAYS
HEATING TOTAL 162 221 -59 195
SINCE 7/1 1567 2016 -449 MM
COOLING TOTAL 90 39 51 39
SINCE 1/1 173 56 117 MM
..............................................................
WIND (MPH)
AVERAGE WIND SPEED 7.3
HIGHEST WIND SPEED/DIRECTION 32/170 DATE 03/03
HIGHEST GUST SPEED/DIRECTION 49/240 DATE 03/26
SKY COVER
POSSIBLE SUNSHINE (PERCENT) MM
AVERAGE SKY COVER 0.35
NUMBER OF DAYS FAIR 14
NUMBER OF DAYS PC 14
NUMBER OF DAYS CLOUDY 3
AVERAGE RH (PERCENT) 65
WEATHER CONDITIONS. NUMBER OF DAYS WITH
THUNDERSTORM 7 MIXED PRECIP 0
HEAVY RAIN 6 RAIN 9
LIGHT RAIN 12 FREEZING RAIN 0
LT FREEZING RAIN 0 HAIL 0
HEAVY SNOW 0 SNOW 0
LIGHT SNOW 0 SLEET 0
FOG 14 FOG W/VIS <= 1/4 MILE 2
HAZE 6
- INDICATES NEGATIVE NUMBERS.
R INDICATES RECORD WAS SET OR TIED.
MM INDICATES DATA IS MISSING.
T INDICATES TRACE AMOUNT.
$$