000
CXUS55 KBOI 011002
CF6TWF
PRELIMINARY LOCAL CLIMATOLOGICAL DATA (WS FORM: F-6)
STATION: TWIN FALLS ID
MONTH: JULY
YEAR: 2020
LATITUDE: 42 28 N
LONGITUDE: 114 29 W
TEMPERATURE IN F: :PCPN: SNOW: WIND :SUNSHINE: SKY :PK WND
================================================================================
1 2 3 4 5 6A 6B 7 8 9 10 11 12 13 14 15 16 17 18
12Z AVG MX 2MIN
DY MAX MIN AVG DEP HDD CDD WTR SNW DPTH SPD SPD DIR MIN PSBL S-S WX SPD DR
================================================================================
1 73 48 61 -9 4 0 0.00 M M 10.8 23 290 M M 0 32 320
2 79 49 64 -7 1 0 0.00 M M 7.2 13 230 M M 0 M M
3 89 55 72 1 0 7 0.00 M M 8.9 22 340 M M 0 29 320
4 87 56 72 1 0 7 0.00 M M 10.1 16 310 M M 0 19 320
5 86 56 71 -1 0 6 0.00 M M 9.2 15 330 M M 0 19 310
6 92 55 74 2 0 9 0.00 M M 8.5 15 200 M M 0 20 190
7 80 55 68 -4 0 3 0.00 M M 14.3 26 260 M M 0 35 260
8 80 52 66 -7 0 1 0.00 M M 10.7 18 230 M M 0 23 250
9 86 50 68 -5 0 3 0.00 M M 7.2 15 210 M M 0 18 210
10 85 56 71 -2 0 6 0.00 M M 12.6 23 280 M M 0 30 260
11 96 55 76 3 0 11 0.00 M M 8.9 17 200 M M 0 21 200
12 87 63 75 1 0 10 0.00 M M 12.5 23 230 M M 0 30 230
13 82 59 71 -3 0 6 0.00 M M 14.9 23 310 M M 0 28 310
14 83 54 69 -5 0 4 0.00 M M 12.4 18 220 M M 0 23 220
15 86 55 71 -3 0 6 0.00 M M 12.5 22 300 M M 0 26 290
16 90 56 73 -1 0 8 0.00 M M 10.3 16 320 M M 0 22 320
17 94 60 77 2 0 12 0.00 M M 9.4 18 300 M M 0 24 300
18 88 62 75 0 0 10 0.00 M M 12.4 17 220 M M 0 23 220
19 91 63 77 2 0 12 0.00 M M 13.2 18 220 M M 0 22 220
20 92 61 77 2 0 12 0.00 M M 13.6 20 320 M M 0 26 320
21 94 62 78 3 0 13 0.00 M M 10.5 17 210 M M 0 22 220
22 90 66 78 3 0 13 0.03 M M 11.8 32 160 M M 2 3 43 220
23 92 58 75 0 0 10 0.04 M M 9.9 33 290 M M 1 3 40 290
24 86 52 69 -6 0 4 0.00 M M 6.0 12 210 M M 0 14 350
25 87 58 73 -2 0 8 0.00 M M 9.9 16 300 M M 0 19 300
26 89 57 73 -2 0 8 0.00 M M 7.4 15 220 M M 0 18 220
27 92 62 77 2 0 12 0.02 M M 8.8 33 180 M M 0 38 42 180
28 87 60 74 -1 0 9 0.02 M M 8.1 24 260 M M 4 27 250
29 94 52 73 -2 0 8 0.00 M M 6.0 13 90 M M 0 20 60
30 97 57 77 2 0 12 0.00 M M 11.5 18 80 M M 0 23 90
31 101 57 79 4 0 14 0.00 M M 8.1 15 130 M M 0 19 130
================================================================================
SM 2735 1761 5 244 0.11 M 317.6 M 7
================================================================================
AV 88.2 56.8 10.2 FASTST M M 0 MAX(MPH)
MISC ----> # 33 290 43 220
================================================================================
NOTES:
# LAST OF SEVERAL OCCURRENCES
COLUMN 17 PEAK WIND IN M.P.H.
PRELIMINARY LOCAL CLIMATOLOGICAL DATA (WS FORM: F-6) , PAGE 2
STATION: TWIN FALLS ID
MONTH: JULY
YEAR: 2020
LATITUDE: 42 28 N
LONGITUDE: 114 29 W
[TEMPERATURE DATA] [PRECIPITATION DATA] SYMBOLS USED IN COLUMN 16
AVERAGE MONTHLY: 72.5 TOTAL FOR MONTH: 0.11 1 = FOG OR MIST
DPTR FM NORMAL: -1.3 DPTR FM NORMAL: -0.19 2 = FOG REDUCING VISIBILITY
HIGHEST: 101 ON 31 GRTST 24HR 0.04 ON 23-23 TO 1/4 MILE OR LESS
LOWEST: 48 ON 1 3 = THUNDER
SNOW, ICE PELLETS, HAIL 4 = ICE PELLETS
TOTAL MONTH: M 5 = HAIL
GRTST 24HR M ON M 6 = FREEZING RAIN OR DRIZZLE
GRTST DEPTH: M ON M 7 = DUSTSTORM OR SANDSTORM:
VSBY 1/2 MILE OR LESS
8 = SMOKE OR HAZE
[NO. OF DAYS WITH] [WEATHER - DAYS WITH] 9 = BLOWING SNOW
X = TORNADO
MAX 32 OR BELOW: 0 0.01 INCH OR MORE: 4
MAX 90 OR ABOVE: 13 0.10 INCH OR MORE: 0
MIN 32 OR BELOW: 0 0.50 INCH OR MORE: 0
MIN 0 OR BELOW: 0 1.00 INCH OR MORE: 0
[HDD (BASE 65) ]
TOTAL THIS MO. 5 CLEAR (SCALE 0-3) 30
DPTR FM NORMAL -1 PTCLDY (SCALE 4-7) 1
TOTAL FM JUL 1 5 CLOUDY (SCALE 8-10) 0
DPTR FM NORMAL 2
[CDD (BASE 65) ]
TOTAL THIS MO. 244
DPTR FM NORMAL -33 [PRESSURE DATA]
TOTAL FM JAN 1 373 HIGHEST SLP 30.07 ON 10
DPTR FM NORMAL -13 LOWEST SLP 29.59 ON 7
[REMARKS]
#FINAL-07-20#