000
CXUS54 KSHV 011400
CF6TXK
PRELIMINARY LOCAL CLIMATOLOGICAL DATA (WS FORM: F-6)
STATION: TEXARKANA
MONTH: JANUARY
YEAR: 2022
LATITUDE: 33 27 N
LONGITUDE: 94 0 W
TEMPERATURE IN F: :PCPN: SNOW: WIND :SUNSHINE: SKY :PK WND
================================================================================
1 2 3 4 5 6A 6B 7 8 9 10 11 12 13 14 15 16 17 18
12Z AVG MX 2MIN
DY MAX MIN AVG DEP HDD CDD WTR SNW DPTH SPD SPD DIR MIN PSBL S-S WX SPD DR
================================================================================
1 75 39 57 13 8 0 0.54 0.0 0 12.7 28 310 M M 6 13 33 300
2 39 25 32 -12 33 0 T T 0 13.8 22 300 M M 7 4 29 310
3 48 24 36 -8 29 0 0.00 0.0 0 2.9 8 340 M M 0 12 320
4 57 31 44 0 21 0 0.00 0.0 0 7.9 17 200 M M 0 24 180
5 64 36 50 6 15 0 0.00 0.0 0 5.9 14 60 M M 2 19 60
6 51 33 42 -2 23 0 0.00 0.0 0 9.3 20 40 M M 7 26 50
7 45 27 36 -8 29 0 0.00 0.0 0 7.3 13 110 M M 2 19 100
8 67 41 54 10 11 0 0.89 0.0 0 6.8 16 160 M M 10 13 20 160
9 68 45 57 13 8 0 0.05 0.0 0 12.3 22 50 M M 9 29 40
10 55 31 43 -1 22 0 0.00 0.0 0 4.9 15 40 M M 0 19 20
11 61 32 47 3 18 0 0.00 0.0 0 3.4 13 240 M M 0 16 220
12 63 36 50 6 15 0 0.00 0.0 0 7.2 18 230 M M 0 23 210
13 73 38 56 12 9 0 0.00 0.0 0 7.2 17 310 M M 0 21 280
14 66 41 54 10 11 0 0.00 0.0 0 5.5 16 140 M M 0 19 140
15 54 29 42 -2 23 0 0.01 0.2 0 15.0 25 310 M M 8 18 34 320
16 49 31 40 -4 25 0 T T T 10.3 18 300 M M 3 23 310
17 60 33 47 3 18 0 0.00 0.0 0 5.0 12 170 M M 0 15 170
18 68 42 55 11 10 0 0.00 0.0 0 11.8 25 210 M M 0 31 190
19 69 41 55 11 10 0 0.16 0.0 0 11.0 28 40 M M 7 1 36 40
20 41 30 36 -8 29 0 0.00 0.0 0 11.8 21 20 M M 5 27 20
21 41 23 32 -13 33 0 0.00 0.0 0 6.1 15 60 M M 1 19 40
22 47 20 34 -11 31 0 0.00 0.0 0 2.7 10 330 M M 0 13 330
23 64 27 46 1 19 0 0.00 0.0 0 7.6 18 260 M M 0 23 260
24 58 36 47 2 18 0 T 0.0 0 6.7 14 230 M M 6 1 19 230
25 57 36 47 2 18 0 T 0.0 0 8.9 20 50 M M 3 1 26 50
26 47 29 38 -7 27 0 0.00 0.0 0 7.6 17 60 M M 0 25 50
27 49 31 40 -5 25 0 0.00 0.0 0 2.2 10 110 M M 9 16 100
28 57 33 45 0 20 0 0.00 0.0 0 9.0 25 310 M M 2 33 300
29 60 30 45 0 20 0 0.00 0.0 0 7.2 18 240 M M 0 25 240
30 70 37 54 8 11 0 0.00 0.0 0 6.9 13 210 M M 0 19 270
31 70 42 56 10 9 0 0.00 0.0 0 6.4 14 200 M M 4 19 200
================================================================================
SM 1793 1029 598 0 1.65 0.2 243.3 M 91
================================================================================
AV 57.8 33.2 7.8 FASTST M M 3 MAX(MPH)
MISC ----> # 28 310 36 40
================================================================================
NOTES:
# LAST OF SEVERAL OCCURRENCES
COLUMN 17 PEAK WIND IN M.P.H.
PRELIMINARY LOCAL CLIMATOLOGICAL DATA (WS FORM: F-6) , PAGE 2
STATION: TEXARKANA
MONTH: JANUARY
YEAR: 2022
LATITUDE: 33 27 N
LONGITUDE: 94 0 W
[TEMPERATURE DATA] [PRECIPITATION DATA] SYMBOLS USED IN COLUMN 16
AVERAGE MONTHLY: 45.5 TOTAL FOR MONTH: 1.65 1 = FOG OR MIST
DPTR FM NORMAL: 0.9 DPTR FM NORMAL: -1.99 2 = FOG REDUCING VISIBILITY
HIGHEST: 75 ON 1 GRTST 24HR 0.89 ON 8- 8 TO 1/4 MILE OR LESS
LOWEST: 20 ON 22 3 = THUNDER
SNOW, ICE PELLETS, HAIL 4 = ICE PELLETS
TOTAL MONTH: 0.2 INCH 5 = HAIL
GRTST 24HR 0.2 ON 15-15 6 = FREEZING RAIN OR DRIZZLE
GRTST DEPTH: T 7 = DUSTSTORM OR SANDSTORM:
VSBY 1/2 MILE OR LESS
8 = SMOKE OR HAZE
[NO. OF DAYS WITH] [WEATHER - DAYS WITH] 9 = BLOWING SNOW
X = TORNADO
MAX 32 OR BELOW: 0 0.01 INCH OR MORE: 5
MAX 90 OR ABOVE: 0 0.10 INCH OR MORE: 3
MIN 32 OR BELOW: 15 0.50 INCH OR MORE: 2
MIN 0 OR BELOW: 0 1.00 INCH OR MORE: 0
[HDD (BASE 65) ]
TOTAL THIS MO. 598 CLEAR (SCALE 0-3) 20
DPTR FM NORMAL -38 PTCLDY (SCALE 4-7) 8
TOTAL FM JUL 1 1118 CLOUDY (SCALE 8-10) 3
DPTR FM NORMAL -558
[CDD (BASE 65) ]
TOTAL THIS MO. 0
DPTR FM NORMAL -2 [PRESSURE DATA]
TOTAL FM JAN 1 0 HIGHEST SLP 30.71 ON 10
DPTR FM NORMAL -2 LOWEST SLP 29.56 ON 1
[REMARKS]
#FINAL-01-22#