000
CXUS54 KSHV 011400
CF6TXK
PRELIMINARY LOCAL CLIMATOLOGICAL DATA (WS FORM: F-6)
STATION: TEXARKANA
MONTH: FEBRUARY
YEAR: 2021
LATITUDE: 33 27 N
LONGITUDE: 94 0 W
TEMPERATURE IN F: :PCPN: SNOW: WIND :SUNSHINE: SKY :PK WND
================================================================================
1 2 3 4 5 6A 6B 7 8 9 10 11 12 13 14 15 16 17 18
12Z AVG MX 2MIN
DY MAX MIN AVG DEP HDD CDD WTR SNW DPTH SPD SPD DIR MIN PSBL S-S WX SPD DR
================================================================================
1 57 34 46 1 19 0 0.00 0.0 0 7.2 16 10 M M 0 8 23 320
2 56 32 44 -2 21 0 0.00 0.0 0 3.4 9 100 M M 0 8 13 70
3 61 33 47 1 18 0 0.00 0.0 0 7.5 15 150 M M 0 1 21 150
4 71 43 57 11 8 0 T 0.0 0 11.7 26 310 M M 7 18 35 320
5 56 33 45 -1 20 0 0.00 0.0 0 3.6 9 160 M M 4 8 13 140
6 50 40 45 -1 20 0 0.18 0.0 0 6.7 15 360 M M 10 13 21 110
7 44 39 42 -4 23 0 0.00 0.0 0 6.1 13 140 M M 9 17 140
8 56 38 47 0 18 0 0.00 0.0 0 6.0 12 90 M M 8 1 18 80
9 51 42 47 0 18 0 0.00 0.0 0 5.7 10 70 M M 10 12 13 60
10 42 38 40 -7 25 0 0.25 0.0 0 6.6 16 50 M M 10 13 21 50
11 38 33 36 -11 29 0 0.36 0.0 0 8.1 14 30 M M 10 13 19 40
12 33 30 32 -16 33 0 0.00 0.0 0 9.2 15 40 M M 10 20 20
13 35 28 32 -16 33 0 0.00 0.0 0 9.8 15 40 M M 10 21 20
14 28 19 24 -24 41 0 0.15 2.0 0 10.5 17 30 M M 10 168 23 20
15 19 6 13 -35 52 0 0.24 6.0 8 11.3 18 290 M M 10 128 25 40
16 31 -1 15 -33 50 0 0.00 0.0 8 4.3 12 300 M M 2 14 280
17 M M M M M M 0.75 8.0 15 9.6 14 30 M M 6 19 14 30
18 M M M M M M 0.00 0.0 15 6.2 9 360 M M 5 18 9 360
19 39 11 25 -24 40 0 0.00 0.0 12 2.5 7 70 M M 0 9 70
20 49 20 35 -15 30 0 0.00 0.0 8 5.2 14 140 M M 2 128 19 150
21 57 35 46 -4 19 0 0.01 0.0 3 9.6 18 310 M M 6 23 160
22 67 34 51 1 14 0 0.00 0.0 T 4.9 14 250 M M 1 1 18 210
23 78 38 58 8 7 0 0.00 0.0 0 9.8 20 230 M M 0 26 210
24 77 54 66 15 0 1 0.00 0.0 0 8.4 18 190 M M 6 25 200
25 61 45 53 2 12 0 0.73 0.0 0 10.3 22 60 M M 6 13 31 70
26 54 36 45 -6 20 0 1.32 0.0 0 3.7 23 330 M M 9 123 31 330
27 68 51 60 9 5 0 0.11 0.0 0 5.4 13 170 M M 10 12 18 170
28 77 57 67 15 0 2 0.99 0.0 0 10.3 20 190 M M 10 13 25 170
================================================================================
SM 1355 868 575 3 5.09 16.0 203.6 M 171
================================================================================
AV 52.1 33.4 7.3 FASTST M M 6 MAX(MPH)
MISC ----> 26 310 35 320
================================================================================
NOTES:
# LAST OF SEVERAL OCCURRENCES
COLUMN 17 PEAK WIND IN M.P.H.
PRELIMINARY LOCAL CLIMATOLOGICAL DATA (WS FORM: F-6) , PAGE 2
STATION: TEXARKANA
MONTH: FEBRUARY
YEAR: 2021
LATITUDE: 33 27 N
LONGITUDE: 94 0 W
[TEMPERATURE DATA] [PRECIPITATION DATA] SYMBOLS USED IN COLUMN 16
AVERAGE MONTHLY: 42.8 TOTAL FOR MONTH: 5.09 1 = FOG OR MIST
DPTR FM NORMAL: -5.5 DPTR FM NORMAL: 1.10 2 = FOG REDUCING VISIBILITY
HIGHEST: 78 ON 23 GRTST 24HR 1.52 ON 25-26 TO 1/4 MILE OR LESS
LOWEST: -1 ON 16 3 = THUNDER
SNOW, ICE PELLETS, HAIL 4 = ICE PELLETS
TOTAL MONTH: 16.0 INCHES 5 = HAIL
GRTST 24HR 8.0 ON 17-17 6 = FREEZING RAIN OR DRIZZLE
GRTST DEPTH: 15 ON 18,17 7 = DUSTSTORM OR SANDSTORM:
VSBY 1/2 MILE OR LESS
8 = SMOKE OR HAZE
[NO. OF DAYS WITH] [WEATHER - DAYS WITH] 9 = BLOWING SNOW
X = TORNADO
MAX 32 OR BELOW: 3 0.01 INCH OR MORE: 11
MAX 90 OR ABOVE: 0 0.10 INCH OR MORE: 10
MIN 32 OR BELOW: 8 0.50 INCH OR MORE: 4
MIN 0 OR BELOW: 1 1.00 INCH OR MORE: 1
[HDD (BASE 65) ]
TOTAL THIS MO. 575 CLEAR (SCALE 0-3) 8
DPTR FM NORMAL 103 PTCLDY (SCALE 4-7) 8
TOTAL FM JUL 1 1982 CLOUDY (SCALE 8-10) 12
DPTR FM NORMAL -213
[CDD (BASE 65) ]
TOTAL THIS MO. 3
DPTR FM NORMAL 0 [PRESSURE DATA]
TOTAL FM JAN 1 3 HIGHEST SLP 30.44 ON 19
DPTR FM NORMAL 2 LOWEST SLP 29.65 ON 4
[REMARKS]
#FINAL-02-21#