000
CXUS54 KMRX 011130
CF6TYS
PRELIMINARY LOCAL CLIMATOLOGICAL DATA (WS FORM: F-6)
STATION: KNOXVILLE MCGHEE TYSON AIRPORT
MONTH: FEBRUARY
YEAR: 2022
LATITUDE: 35 49 N
LONGITUDE: 83 59 W
TEMPERATURE IN F: :PCPN: SNOW: WIND :SUNSHINE: SKY :PK WND
================================================================================
1 2 3 4 5 6A 6B 7 8 9 10 11 12 13 14 15 16 17 18
12Z AVG MX 2MIN
DY MAX MIN AVG DEP HDD CDD WTR SNW DPTH SPD SPD DIR MIN PSBL S-S WX SPD DR
================================================================================
1 62 24 43 3 22 0 0.00 0.0 0 3.0 10 230 M M 3 15 220
2 61 33 47 7 18 0 0.21 0.0 0 6.3 26 180 M M 9 1 39 190
3 56 45 51 11 14 0 1.38 0.0 0 5.0 13 90 M M 10 1 17 110
4 58 31 45 4 20 0 0.45 0.1 0 8.9 25 290 M M 10 1 35 280
5 37 24 31 -10 34 0 0.00 0.0 0 6.3 14 20 M M 2 18 10
6 50 20 35 -6 30 0 0.00 0.0 0 2.4 9 30 M M 0 12 30
7 50 24 37 -4 28 0 0.00 0.0 0 2.6 10 260 M M 3 13 260
8 51 25 38 -3 27 0 0.00 0.0 0 2.8 10 310 M M 1 16 340
9 60 25 43 1 22 0 0.00 0.0 0 7.3 29 220 M M 2 37 220
10 62 38 50 8 15 0 0.00 0.0 0 8.5 24 260 M M 3 37 250
11 68 31 50 8 15 0 0.00 0.0 0 11.7 35 220 M M 2 43 230
12 57 38 48 6 17 0 0.00 0.0 0 8.1 16 270 M M 7 21 270
13 42 29 36 -6 29 0 T 0.0 0 7.5 15 350 M M 6 19 340
14 47 24 36 -7 29 0 0.00 0.0 0 6.1 17 240 M M 1 24 240
15 62 24 43 0 22 0 0.00 0.0 0 4.1 17 220 M M 2 23 260
16 67 33 50 7 15 0 0.00 0.0 0 9.7 32 200 M M 7 42 210
17 72 53 63 20 2 0 1.49 0.0 0 18.3 43 270 M M 10 1 58 260
18 62 28 45 1 20 0 T 0.0 0 9.4 29 280 M M 8 38 270
19 50 22 36 -8 29 0 0.00 0.0 0 5.6 15 250 M M 0 21 250
20 60 22 41 -3 24 0 0.00 0.0 0 4.0 16 220 M M 2 20 230
21 64 32 48 4 17 0 0.00 0.0 0 5.5 20 220 M M 7 25 230
22 69 51 60 15 5 0 1.56 0.0 0 8.4 29 220 M M 10 13 41 210
23 69 46 58 13 7 0 1.59 0.0 0 6.5 18 340 M M 8 1 26 350
24 63 46 55 10 10 0 1.12 0.0 0 5.5 14 180 M M 10 13 16 300
25 67 36 52 6 13 0 0.29 0.0 0 11.6 30 210 M M 8 1 45 290
26 44 35 40 -6 25 0 0.19 0.0 0 7.6 13 30 M M 10 1 18 30
27 48 34 41 -5 24 0 0.62 0.0 0 7.3 14 30 M M 8 1 20 360
28 59 28 44 -2 21 0 0.00 0.0 0 2.4 12 20 M M 2 1 15 10
================================================================================
SM 1617 901 554 0 8.90 0.1 192.4 M 151
================================================================================
AV 57.8 32.2 6.9 FASTST M M 5 MAX(MPH)
MISC ----> 43 270 58 260
================================================================================
NOTES:
# LAST OF SEVERAL OCCURRENCES
COLUMN 17 PEAK WIND IN M.P.H.
PRELIMINARY LOCAL CLIMATOLOGICAL DATA (WS FORM: F-6) , PAGE 2
STATION: KNOXVILLE MCGHEE TYSON AIRPORT
MONTH: FEBRUARY
YEAR: 2022
LATITUDE: 35 49 N
LONGITUDE: 83 59 W
[TEMPERATURE DATA] [PRECIPITATION DATA] SYMBOLS USED IN COLUMN 16
AVERAGE MONTHLY: 45.0 TOTAL FOR MONTH: 8.90 1 = FOG OR MIST
DPTR FM NORMAL: 2.1 DPTR FM NORMAL: 4.09 2 = FOG REDUCING VISIBILITY
HIGHEST: 72 ON 17 GRTST 24HR 2.99 ON 22-23 TO 1/4 MILE OR LESS
LOWEST: 20 ON 6 3 = THUNDER
SNOW, ICE PELLETS, HAIL 4 = ICE PELLETS
TOTAL MONTH: 0.1 INCH 5 = HAIL
GRTST 24HR 0.1 ON 4- 4 6 = FREEZING RAIN OR DRIZZLE
GRTST DEPTH: 0 7 = DUSTSTORM OR SANDSTORM:
VSBY 1/2 MILE OR LESS
8 = SMOKE OR HAZE
[NO. OF DAYS WITH] [WEATHER - DAYS WITH] 9 = BLOWING SNOW
X = TORNADO
MAX 32 OR BELOW: 0 0.01 INCH OR MORE: 10
MAX 90 OR ABOVE: 0 0.10 INCH OR MORE: 10
MIN 32 OR BELOW: 16 0.50 INCH OR MORE: 6
MIN 0 OR BELOW: 0 1.00 INCH OR MORE: 5
[HDD (BASE 65) ]
TOTAL THIS MO. 554 CLEAR (SCALE 0-3) 13
DPTR FM NORMAL -64 PTCLDY (SCALE 4-7) 7
TOTAL FM JUL 1 2572 CLOUDY (SCALE 8-10) 8
DPTR FM NORMAL -252
[CDD (BASE 65) ]
TOTAL THIS MO. 0
DPTR FM NORMAL 0 [PRESSURE DATA]
TOTAL FM JAN 1 3 HIGHEST SLP 30.54 ON 15
DPTR FM NORMAL 3 LOWEST SLP 29.55 ON 17
[REMARKS]
#FINAL-02-22#