000
CXUS55 KSEW 011030
CF6UIL
PRELIMINARY LOCAL CLIMATOLOGICAL DATA (WS FORM: F-6)
STATION: QUILLAYUTE WA AIRPORT
MONTH: JANUARY
YEAR: 2022
LATITUDE: 47 57 N
LONGITUDE: 124 33 W
TEMPERATURE IN F: :PCPN: SNOW: WIND :SUNSHINE: SKY :PK WND
================================================================================
1 2 3 4 5 6A 6B 7 8 9 10 11 12 13 14 15 16 17 18
12Z AVG MX 2MIN
DY MAX MIN AVG DEP HDD CDD WTR SNW DPTH SPD SPD DIR MIN PSBL S-S WX SPD DR
================================================================================
1 40 25 33 -8 32 0 T M M 9.6 22 150 M M 10 1 38 140
2 45 39 42 1 23 0 0.91 M M 10.7 23 230 M M 10 13 40 170
3 42 33 38 -3 27 0 0.46 M M 6.3 28 230 M M 9 138 38 230
4 39 29 34 -7 31 0 0.67 M M 5.3 26 250 M M 8 128 35 240
5 36 28 32 -9 33 0 0.65 M M 3.7 12 80 M M 9 1 17 80
6 49 36 43 2 22 0 2.25 M M 8.8 23 190 M M 10 1 39 190
7 46 33 40 -1 25 0 0.36 M M 7.0 23 280 M M 9 18 39 270
8 42 31 37 -4 28 0 0.06 M M 4.7 12 140 M M 9 1 21 160
9 51 31 41 -1 24 0 0.00 M M 5.7 12 80 M M 0 17 90
10 54 39 47 5 18 0 1.35 M M 10.5 22 140 M M 8 1 40 190
11 51 49 50 8 15 0 3.87 M M 8.7 17 180 M M 10 1 38 210
12 53 49 51 9 14 0 1.81 M M 9.1 18 190 M M 10 1 35 160
13 57 39 48 6 17 0 0.19 M M 3.6 13 150 M M 7 12 24 200
14 54 39 47 5 18 0 0.01 M M 3.3 13 240 M M 8 1 20 320
15 50 38 44 2 21 0 T M M 1.9 8 30 M M 9 12 11 30
16 51 34 43 1 22 0 0.00 M M 2.2 7 80 M M 1 1 10 100
17 47 40 44 2 21 0 0.47 M M 3.0 10 190 M M 10 1 16 150
18 48 45 47 5 18 0 0.28 M M 3.3 10 250 M M 10 12 14 240
19 50 43 47 5 18 0 0.59 M M 4.0 12 170 M M 10 1 20 170
20 50 42 46 4 19 0 1.24 M M 7.0 18 260 M M 10 1 27 270
21 47 38 43 1 22 0 T M M 1.9 7 20 M M 9 12 9 260
22 51 31 41 -1 24 0 0.00 M M 1.4 7 350 M M 5 12 10 130
23 58 27 43 1 22 0 0.00 M M 0.8 6 70 M M 2 12 8 70
24 46 29 38 -4 27 0 0.00 M M 1.2 9 230 M M 5 12 12 260
25 56 25 41 -1 24 0 0.00 M M 1.8 8 10 M M 2 12 11 360
26 56 28 42 0 23 0 0.00 M M 2.0 8 230 M M 1 12 10 250
27 58 26 42 0 23 0 0.00 M M 1.5 8 80 M M 0 10 80
28 48 26 37 -5 28 0 0.00 M M 1.9 10 220 M M 4 1 15 230
29 45 31 38 -4 27 0 0.16 M M 2.3 8 90 M M 5 1 14 140
30 48 38 43 1 22 0 1.19 M M 10.8 21 200 M M 10 1 39 170
31 46 34 40 -2 25 0 0.11 M M 4.5 18 260 M M 7 1 28 260
================================================================================
SM 1514 1075 713 0 16.63 M 148.5 M 217
================================================================================
AV 48.8 34.7 4.8 FASTST M M 7 MAX(MPH)
MISC ----> 28 230 # 40 170
================================================================================
NOTES:
# LAST OF SEVERAL OCCURRENCES
COLUMN 17 PEAK WIND IN M.P.H.
PRELIMINARY LOCAL CLIMATOLOGICAL DATA (WS FORM: F-6) , PAGE 2
STATION: QUILLAYUTE WA AIRPORT
MONTH: JANUARY
YEAR: 2022
LATITUDE: 47 57 N
LONGITUDE: 124 33 W
[TEMPERATURE DATA] [PRECIPITATION DATA] SYMBOLS USED IN COLUMN 16
AVERAGE MONTHLY: 41.8 TOTAL FOR MONTH: 16.63 1 = FOG OR MIST
DPTR FM NORMAL: 0.1 DPTR FM NORMAL: 1.04 2 = FOG REDUCING VISIBILITY
HIGHEST: 58 ON 27,23 GRTST 24HR 5.78 ON 6- 6 TO 1/4 MILE OR LESS
LOWEST: 25 ON 25, 1 3 = THUNDER
SNOW, ICE PELLETS, HAIL 4 = ICE PELLETS
TOTAL MONTH: M 5 = HAIL
GRTST 24HR M ON M 6 = FREEZING RAIN OR DRIZZLE
GRTST DEPTH: M ON M 7 = DUSTSTORM OR SANDSTORM:
VSBY 1/2 MILE OR LESS
8 = SMOKE OR HAZE
[NO. OF DAYS WITH] [WEATHER - DAYS WITH] 9 = BLOWING SNOW
X = TORNADO
MAX 32 OR BELOW: 0 0.01 INCH OR MORE: 19
MAX 90 OR ABOVE: 0 0.10 INCH OR MORE: 17
MIN 32 OR BELOW: 13 0.50 INCH OR MORE: 10
MIN 0 OR BELOW: 0 1.00 INCH OR MORE: 6
[HDD (BASE 65) ]
TOTAL THIS MO. 713 CLEAR (SCALE 0-3) 6
DPTR FM NORMAL -9 PTCLDY (SCALE 4-7) 8
TOTAL FM JUL 1 3131 CLOUDY (SCALE 8-10) 17
DPTR FM NORMAL 19
[CDD (BASE 65) ]
TOTAL THIS MO. 0
DPTR FM NORMAL 0 [PRESSURE DATA]
TOTAL FM JAN 1 0 HIGHEST SLP 30.68 ON 21
DPTR FM NORMAL 0 LOWEST SLP 29.28 ON 7
[REMARKS]
#FINAL-01-22#