000
CXUS56 KSEW 011150
CLMUIL
CLIMATE REPORT
NATIONAL WEATHER SERVICE SEATTLE
350 AM PST FRI DEC 01 2023
...................................
...THE QUILLAYUTE WA AIRPORT CLIMATE SUMMARY FOR THE MONTH OF NOVEMBER 2023...
CLIMATE NORMAL PERIOD 1991 TO 2020
CLIMATE RECORD PERIOD 1966 TO 2023
WEATHER OBSERVED NORMAL DEPART LAST YEAR`S
VALUE DATE(S) VALUE FROM VALUE DATE(S)
NORMAL
................................................................
TEMPERATURE (F)
RECORD
HIGH 69 11/03/1976
LOW 5 11/23/1985
HIGHEST 62 11/03 MM MM 61 11/16
11/04
LOWEST 27 11/28 MM MM 24 11/19
AVG. MAXIMUM 55.2 51.2 4.0 49.9
AVG. MINIMUM 38.6 38.1 0.5 32.7
MEAN 46.9 44.7 2.2 41.3
DAYS MAX >= 90 0 0.0 0.0 0
DAYS MAX <= 32 0 0.2 -0.2 0
DAYS MIN <= 32 11 6.9 4.1 15
DAYS MIN <= 0 0 0.0 0.0 0
PRECIPITATION (INCHES)
RECORD
MAXIMUM 29.14 1983
MINIMUM 4.41 1976
TOTALS 12.79 15.26 -2.47 10.59
DAILY AVG. 0.43 0.51 -0.08 0.35
DAYS >= .01 17 21.9 -4.9 18
DAYS >= .10 14 17.6 -3.6 10
DAYS >= .50 10 10.3 -0.3 8
DAYS >= 1.00 4 4.9 -0.9 4
GREATEST
24 HR. TOTAL 3.39 11/01 TO 11/02
DEGREE DAYS
HEATING TOTAL 537 610 -73 705
SINCE 7/1 1093 1645 -552 MM
COOLING TOTAL 0 0 0 0
SINCE 1/1 116 22 94 MM
................................................................
WIND (MPH)
AVERAGE WIND SPEED 4.3
HIGHEST WIND SPEED/DIRECTION 28/260 DATE 11/11
HIGHEST GUST SPEED/DIRECTION 43/220 DATE 11/11
SKY COVER
POSSIBLE SUNSHINE (PERCENT) MM
AVERAGE SKY COVER 0.50
NUMBER OF DAYS FAIR 12
NUMBER OF DAYS PC 7
NUMBER OF DAYS CLOUDY 11
AVERAGE RH (PERCENT) 76
WEATHER CONDITIONS. NUMBER OF DAYS WITH
THUNDERSTORM 0 MIXED PRECIP 0
HEAVY RAIN 7 RAIN 13
LIGHT RAIN 18 FREEZING RAIN 0
LT FREEZING RAIN 0 HAIL 0
HEAVY SNOW 0 SNOW 0
LIGHT SNOW 0 SLEET 0
FOG 18 FOG W/VIS <= 1/4 MILE 1
HAZE 14
- INDICATES NEGATIVE NUMBERS.
R INDICATES RECORD WAS SET OR TIED.
MM INDICATES DATA IS MISSING.
T INDICATES TRACE AMOUNT.
$$