000
CXUS53 KUNR 011030
CF6UNR
PRELIMINARY LOCAL CLIMATOLOGICAL DATA (WS FORM: F-6)
STATION: EAST RAPID CITY SD
MONTH: JANUARY
YEAR: 2023
LATITUDE: 44 4 N
LONGITUDE: 103 13 W
TEMPERATURE IN F: :PCPN: SNOW: WIND :SUNSHINE: SKY :PK WND
================================================================================
1 2 3 4 5 6A 6B 7 8 9 10 11 12 13 14 15 16 17 18
12Z AVG MX 2MIN
DY MAX MIN AVG DEP HDD CDD WTR SNW DPTH SPD SPD DIR MIN PSBL S-S WX SPD DR
================================================================================
1 41 30 36 9 29 0 0.02 0.3 T 4.2 9 20 M M M 13 270
2 32 28 30 3 35 0 0.22 3.3 3 1.6 6 20 M M M 9 250
3 32 20 26 -1 39 0 T T 3 3.3 7 290 M M M 9 280
4 38 19 29 2 36 0 0.00 0.0 3 7.1 25 330 M M M 33 330
5 40 25 33 6 32 0 0.00 0.0 2 5.5 12 140 M M M 16 270
6 34 17 26 -1 39 0 0.00 0.0 2 3.9 9 280 M M M 13 280
7 45 15 30 3 35 0 0.00 0.0 1 3.4 10 270 M M M 17 250
8 44 30 37 10 28 0 0.00 0.0 1 4.9 9 300 M M M 16 260
9 51 27 39 12 26 0 0.00 0.0 T 7.4 20 320 M M M 28 330
10 49 26 38 12 27 0 0.00 0.0 0 5.7 15 360 M M M 21 360
11 37 27 32 6 33 0 0.00 0.0 0 5.0 12 20 M M M 17 10
12 44 24 34 8 31 0 0.00 0.0 0 3.9 14 140 M M M 17 130
13 53 26 40 14 25 0 0.00 0.0 0 2.9 8 150 M M M 10 170
14 62 30 46 20 19 0 0.00 0.0 0 7.3 17 300 M M M 38 260
15 49 34 42 16 23 0 0.05 0.0 0 3.5 9 300 M M M 16 280
16 38 29 34 8 31 0 0.22 1.4 0 4.6 10 10 M M M 12 14 360
17 32 27 30 4 35 0 T T 1 3.6 7 140 M M 0 12 9 120
18 30 26 28 2 37 0 0.02 0.1 T 4.1 9 10 M M M 12 13 20
19 40 24 32 6 33 0 0.00 0.0 0 5.0 15 330 M M M 21 340
20 40 25 33 7 32 0 0.00 0.0 0 3.3 10 10 M M M 16 10
21 37 28 33 7 32 0 T T 0 7.5 22 320 M M M 31 340
22 42 24 33 7 32 0 0.00 0.0 0 4.0 15 320 M M M 21 330
23 40 26 33 7 32 0 T T 0 7.4 20 340 M M M 28 330
24 42 26 34 8 31 0 T T 0 10.6 22 340 M M M 30 330
25 33 24 29 3 36 0 0.06 1.6 2 15.7 34 330 M M M 54 330
26 43 22 33 7 32 0 T T 1 14.0 36 330 M M M 53 310
27 42 23 33 7 32 0 0.17 2.0 2 9.2 36 330 M M M 51 330
28 23 -2 11 -15 54 0 0.17 4.3 5 7.1 16 20 M M M 21 20
29 2 -9 -3 -29 68 0 0.02 0.3 5 5.8 17 10 M M M 23 360
30 7 -12 -2 -28 67 0 0.00 0.0 4 4.5 10 150 M M M 14 180
31 24 -3 11 -15 54 0 0.00 0.0 4 3.7 10 140 M M M 13 140
================================================================================
SM 1166 656 1095 0 0.95 13.3 179.7 M 0
================================================================================
AV 37.6 21.2 5.8 FASTST M M 0 MAX(MPH)
MISC ----> # 36 330 54 330
================================================================================
NOTES:
# LAST OF SEVERAL OCCURRENCES
COLUMN 17 PEAK WIND IN M.P.H.
PRELIMINARY LOCAL CLIMATOLOGICAL DATA (WS FORM: F-6) , PAGE 2
STATION: EAST RAPID CITY SD
MONTH: JANUARY
YEAR: 2023
LATITUDE: 44 4 N
LONGITUDE: 103 13 W
[TEMPERATURE DATA] [PRECIPITATION DATA] SYMBOLS USED IN COLUMN 16
AVERAGE MONTHLY: 29.4 TOTAL FOR MONTH: 0.95 1 = FOG OR MIST
DPTR FM NORMAL: 3.0 DPTR FM NORMAL: 0.64 2 = FOG REDUCING VISIBILITY
HIGHEST: 62 ON 14 GRTST 24HR 0.22 ON 2- 2 TO 1/4 MILE OR LESS
LOWEST: -12 ON 30 3 = THUNDER
SNOW, ICE PELLETS, HAIL 4 = ICE PELLETS
TOTAL MONTH: 13.3 INCHES 5 = HAIL
GRTST 24HR 4.3 ON 28-28 6 = FREEZING RAIN OR DRIZZLE
GRTST DEPTH: 5 ON 29,28 7 = DUSTSTORM OR SANDSTORM:
VSBY 1/2 MILE OR LESS
8 = SMOKE OR HAZE
[NO. OF DAYS WITH] [WEATHER - DAYS WITH] 9 = BLOWING SNOW
X = TORNADO
MAX 32 OR BELOW: 8 0.01 INCH OR MORE: 9
MAX 90 OR ABOVE: 0 0.10 INCH OR MORE: 4
MIN 32 OR BELOW: 30 0.50 INCH OR MORE: 0
MIN 0 OR BELOW: 4 1.00 INCH OR MORE: 0
[HDD (BASE 65) ]
TOTAL THIS MO. 1095 CLEAR (SCALE 0-3) 1
DPTR FM NORMAL -103 PTCLDY (SCALE 4-7) 0
TOTAL FM JUL 1 3830 CLOUDY (SCALE 8-10) 30
DPTR FM NORMAL -63
[CDD (BASE 65) ]
TOTAL THIS MO. 0
DPTR FM NORMAL 0 [PRESSURE DATA]
TOTAL FM JAN 1 0 HIGHEST SLP M ON M
DPTR FM NORMAL 0 LOWEST SLP 26.52 ON 26
[REMARKS]
#FINAL-01-23#