000
CXUS54 KHGX 011410
CF6UTS
PRELIMINARY LOCAL CLIMATOLOGICAL DATA (WS FORM: F-6)
STATION: HUNTSVILLE
MONTH: MAY
YEAR: 2023
LATITUDE: 30 45 N
LONGITUDE: 95 35 W
TEMPERATURE IN F: :PCPN: SNOW: WIND :SUNSHINE: SKY :PK WND
================================================================================
1 2 3 4 5 6A 6B 7 8 9 10 11 12 13 14 15 16 17 18
12Z AVG MX 2MIN
DY MAX MIN AVG DEP HDD CDD WTR SNW DPTH SPD SPD DIR MIN PSBL S-S WX SPD DR
================================================================================
1 83 56 70 -2 0 5 0.00 0.0 0 2.3 8 80 M M 0 17 90
2 83 59 71 -1 0 6 0.00 0.0 0 1.9 8 190 M M 4 128 11 110
3 87 64 76 4 0 11 0.00 0.0 0 1.7 8 180 M M 2 18 14 170
4 83 64 74 2 0 9 0.00 0.0 0 3.0 10 180 M M 5 8 23 160
5 93 69 81 8 0 16 0.27 0.0 0 7.1 21 310 M M 6 138 34 310
6 91 68 80 7 0 15 0.10 0.0 0 6.2 18 180 M M 5 38 29 150
7 86 75 81 8 0 16 T 0.0 0 5.5 17 190 M M 4 13 27 200
8 84 70 77 3 0 12 0.23 0.0 0 4.9 23 240 M M 7 138 36 240
9 78 68 73 -1 0 8 0.02 0.0 0 2.3 14 190 M M M 3 25 170
10 75 69 72 -2 0 7 0.62 0.0 0 3.5 12 170 M M 9 1 19 180
11 88 72 80 5 0 15 T 0.0 0 4.4 13 180 M M 7 18 21 190
12 91 78 85 10 0 20 T 0.0 0 5.5 13 160 M M 7 8 22 160
13 85 68 77 2 0 12 0.57 0.0 0 2.4 15 290 M M 7 13 23 290
14 82 70 76 0 0 11 1.34 0.0 0 4.1 20 200 M M 6 13 32 200
15 89 70 80 4 0 15 T 0.0 0 1.5 14 310 M M 5 123 23 310
16 85 68 77 1 0 12 0.00 0.0 0 4.3 12 320 M M 3 12 17 330
17 86 67 77 1 0 12 0.00 0.0 0 1.8 10 340 M M 2 1 16 350
18 90 64 77 0 0 12 0.00 0.0 0 1.1 8 320 M M 0 15 340
19 93 73 83 6 0 18 0.00 0.0 0 5.5 13 200 M M 0 8 22 200
20 86 68 77 0 0 12 0.00 0.0 0 4.8 12 350 M M 2 8 21 10
21 80 66 73 -5 0 8 0.00 0.0 0 1.9 7 360 M M 4 18 11 340
22 86 67 77 -1 0 12 0.00 0.0 0 1.0 8 340 M M 2 8 13 340
23 86 65 76 -2 0 11 0.46 0.0 0 1.3 32 330 M M 1 138 50 320
24 83 66 75 -3 0 10 T 0.0 0 1.4 9 360 M M 2 18 14 320
25 87 66 77 -2 0 12 0.00 0.0 0 1.6 7 70 M M 2 1 14 40
26 90 66 78 -1 0 13 0.00 0.0 0 1.3 8 50 M M 2 18 15 360
27 90 67 79 0 0 14 0.00 0.0 0 1.2 8 220 M M 1 18 13 60
28 91 67 79 -1 0 14 0.00 0.0 0 2.3 9 190 M M 3 18 15 190
29 89 69 79 -1 0 14 0.00 0.0 0 3.0 12 190 M M 5 13 22 70
30 90 68 79 -1 0 14 0.00 0.0 0 2.3 14 180 M M 2 3 22 170
31 91 67 79 -1 0 14 0.00 0.0 0 1.2 7 180 M M 3 1 13 100
================================================================================
SM 2681 2094 0 380 3.61 0.0 92.3 M 108
================================================================================
AV 86.5 67.5 3.0 FASTST M M 4 MAX(MPH)
MISC ----> 32 330 50 320
================================================================================
NOTES:
# LAST OF SEVERAL OCCURRENCES
COLUMN 17 PEAK WIND IN M.P.H.
PRELIMINARY LOCAL CLIMATOLOGICAL DATA (WS FORM: F-6) , PAGE 2
STATION: HUNTSVILLE
MONTH: MAY
YEAR: 2023
LATITUDE: 30 45 N
LONGITUDE: 95 35 W
[TEMPERATURE DATA] [PRECIPITATION DATA] SYMBOLS USED IN COLUMN 16
AVERAGE MONTHLY: 77.0 TOTAL FOR MONTH: 3.61 1 = FOG OR MIST
DPTR FM NORMAL: 0.9 DPTR FM NORMAL: -0.42 2 = FOG REDUCING VISIBILITY
HIGHEST: 93 ON 19, 5 GRTST 24HR 1.53 ON 13-14 TO 1/4 MILE OR LESS
LOWEST: 56 ON 1 3 = THUNDER
SNOW, ICE PELLETS, HAIL 4 = ICE PELLETS
TOTAL MONTH: 0.0 INCH 5 = HAIL
GRTST 24HR 0.0 6 = FREEZING RAIN OR DRIZZLE
GRTST DEPTH: 0 7 = DUSTSTORM OR SANDSTORM:
VSBY 1/2 MILE OR LESS
8 = SMOKE OR HAZE
[NO. OF DAYS WITH] [WEATHER - DAYS WITH] 9 = BLOWING SNOW
X = TORNADO
MAX 32 OR BELOW: 0 0.01 INCH OR MORE: 8
MAX 90 OR ABOVE: 10 0.10 INCH OR MORE: 7
MIN 32 OR BELOW: 0 0.50 INCH OR MORE: 3
MIN 0 OR BELOW: 0 1.00 INCH OR MORE: 1
[HDD (BASE 65) ]
TOTAL THIS MO. 0 CLEAR (SCALE 0-3) 16
DPTR FM NORMAL -4 PTCLDY (SCALE 4-7) 13
TOTAL FM JUL 1 1274 CLOUDY (SCALE 8-10) 2
DPTR FM NORMAL -359
[CDD (BASE 65) ]
TOTAL THIS MO. 380
DPTR FM NORMAL 32 [PRESSURE DATA]
TOTAL FM JAN 1 756 HIGHEST SLP 30.18 ON 15
DPTR FM NORMAL 164 LOWEST SLP 29.76 ON 6
[REMARKS]
#FINAL-05-23#