000
CXUS55 KVEF 010910
CF6VGT
PRELIMINARY LOCAL CLIMATOLOGICAL DATA (WS FORM: F-6)
STATION: NORTH_LAS_VEGAS NV
MONTH: AUGUST
YEAR: 2023
LATITUDE: 36 12 N
LONGITUDE: 115 12 W
TEMPERATURE IN F: :PCPN: SNOW: WIND :SUNSHINE: SKY :PK WND
================================================================================
1 2 3 4 5 6A 6B 7 8 9 10 11 12 13 14 15 16 17 18
12Z AVG MX 2MIN
DY MAX MIN AVG DEP HDD CDD WTR SNW DPTH SPD SPD DIR MIN PSBL S-S WX SPD DR
================================================================================
1 96 77 87 -5 0 22 0.25 M M 9.0 38 280 M M 2 38 53 290
2 94 74 84 -8 0 19 0.04 M M 8.1 20 70 M M 2 3 28 70
3 105 79 92 1 0 27 0.00 M M 6.9 20 220 M M 0 26 230
4 105 77 91 0 0 26 0.00 M M 6.7 15 120 M M 0 23 160
5 108 78 93 2 0 28 0.00 M M 7.2 20 180 M M 0 27 180
6 109 78 94 3 0 29 0.00 M M 8.1 22 170 M M 0 32 180
7 108 77 93 2 0 28 0.00 M M 11.3 28 210 M M 0 36 210
8 105 78 92 1 0 27 0.00 M M 9.8 24 260 M M 0 30 260
9 103 82 93 2 0 28 0.00 M M 11.0 24 200 M M 0 33 170
10 95 77 86 -5 0 21 0.08 M M 8.9 21 70 M M 2 38 27 80
11 101 81 91 0 0 26 0.00 M M 6.1 18 130 M M 2 25 120
12 103 80 92 2 0 27 0.00 M M 6.9 21 60 M M 0 25 60
13 102 79 91 1 0 26 T M M 6.3 33 180 M M 0 3 45 170
14 105 81 93 3 0 28 0.00 M M 4.3 12 100 M M 0 16 180
15 105 89 97 7 0 32 0.00 M M 7.7 18 80 M M 0 28 50
16 104 87 96 6 0 31 0.00 M M 5.5 12 260 M M 0 M M
17 107 83 95 5 0 30 0.00 M M 4.7 22 130 M M 1 28 130
18 98 74 86 -4 0 21 0.14 M M 7.7 31 210 M M 3 38 42 200
19 81 69 75 -15 0 10 0.27 M M 5.7 23 130 M M 5 3 30 120
20 79 69 74 -15 0 9 0.57 M M 8.2 32 160 M M 9 1 45 150
21 88 72 80 -9 0 15 T M M 11.4 31 150 M M 8 40 160
22 93 71 82 -7 0 17 0.00 M M 4.9 14 90 M M 1 21 90
23 99 80 90 1 0 25 0.05 M M 7.4 23 180 M M 2 3 29 180
24 98 80 89 0 0 24 0.00 M M 4.5 20 220 M M 0 3 26 210
25 102 81 92 3 0 27 0.00 M M 5.8 15 130 M M 0 20 150
26 105 80 93 5 0 28 0.00 M M 6.2 20 200 M M 0 31 240
27 107 79 93 5 0 28 0.00 M M 7.3 20 260 M M 0 28 270
28 108 82 95 7 0 30 0.00 M M 7.8 16 310 M M 0 22 320
29 110 83 97 9 0 32 0.00 M M 8.5 21 250 M M 0 27 250
30 110 80 95 7 0 30 0.00 M M 6.0 22 230 M M 0 27 250
31 108 81 95 8 0 30 0.00 M M 10.8 39 220 M M 0 38 48 220
================================================================================
SM 3141 2438 0 781 1.40 M 230.7 M 37
================================================================================
AV101.3 78.6 7.4 FASTST M M 1 MAX(MPH)
MISC ----> 39 220 53 290
================================================================================
NOTES:
# LAST OF SEVERAL OCCURRENCES
COLUMN 17 PEAK WIND IN M.P.H.
PRELIMINARY LOCAL CLIMATOLOGICAL DATA (WS FORM: F-6) , PAGE 2
STATION: NORTH_LAS_VEGAS NV
MONTH: AUGUST
YEAR: 2023
LATITUDE: 36 12 N
LONGITUDE: 115 12 W
[TEMPERATURE DATA] [PRECIPITATION DATA] SYMBOLS USED IN COLUMN 16
AVERAGE MONTHLY: 90.0 TOTAL FOR MONTH: 1.40 1 = FOG OR MIST
DPTR FM NORMAL: 0.2 DPTR FM NORMAL: 1.18 2 = FOG REDUCING VISIBILITY
HIGHEST: 110 ON 30,29 GRTST 24HR 0.70 ON 19-20 TO 1/4 MILE OR LESS
LOWEST: 69 ON 20,19 3 = THUNDER
SNOW, ICE PELLETS, HAIL 4 = ICE PELLETS
TOTAL MONTH: M 5 = HAIL
GRTST 24HR M ON M 6 = FREEZING RAIN OR DRIZZLE
GRTST DEPTH: M ON M 7 = DUSTSTORM OR SANDSTORM:
VSBY 1/2 MILE OR LESS
8 = SMOKE OR HAZE
[NO. OF DAYS WITH] [WEATHER - DAYS WITH] 9 = BLOWING SNOW
X = TORNADO
MAX 32 OR BELOW: 0 0.01 INCH OR MORE: 7
MAX 90 OR ABOVE: 28 0.10 INCH OR MORE: 4
MIN 32 OR BELOW: 0 0.50 INCH OR MORE: 1
MIN 0 OR BELOW: 0 1.00 INCH OR MORE: 0
[HDD (BASE 65) ]
TOTAL THIS MO. 0 CLEAR (SCALE 0-3) 28
DPTR FM NORMAL 0 PTCLDY (SCALE 4-7) 2
TOTAL FM JUL 1 0 CLOUDY (SCALE 8-10) 1
DPTR FM NORMAL 0
[CDD (BASE 65) ]
TOTAL THIS MO. 781
DPTR FM NORMAL 12 [PRESSURE DATA]
TOTAL FM JAN 1 2985 HIGHEST SLP M ON M
DPTR FM NORMAL 269 LOWEST SLP 29.62 ON 31
[REMARKS]
#FINAL-08-23#