000
CXUS52 KFFC 011010
CF6VPC
PRELIMINARY LOCAL CLIMATOLOGICAL DATA (WS FORM: F-6)
STATION: CARTERSVILLE
MONTH: MARCH
YEAR: 2021
LATITUDE: 34 7 N
LONGITUDE: 84 51 W
TEMPERATURE IN F: :PCPN: SNOW: WIND :SUNSHINE: SKY :PK WND
================================================================================
1 2 3 4 5 6A 6B 7 8 9 10 11 12 13 14 15 16 17 18
12Z AVG MX 2MIN
DY MAX MIN AVG DEP HDD CDD WTR SNW DPTH SPD SPD DIR MIN PSBL S-S WX SPD DR
================================================================================
1 72 47 60 12 5 0 0.60 M M 4.3 21 360 M M 9 1 33 10
2 51 42 47 -1 18 0 0.08 M M 4.4 12 360 M M 5 1 17 340
3 66 39 53 4 12 0 0.02 M M 3.1 14 10 M M 3 1 19 360
4 71 34 53 4 12 0 0.00 M M 3.0 16 10 M M 0 25 10
5 65 36 51 2 14 0 0.00 M M 4.5 15 10 M M 2 21 360
6 58 40 49 0 16 0 T M M 3.5 12 30 M M 8 16 350
7 61 27 44 -6 21 0 0.00 M M 4.0 18 10 M M 0 27 360
8 70 27 49 -1 16 0 0.00 M M 0.7 7 210 M M 0 1 10 220
9 72 30 51 1 14 0 0.00 M M 2.0 12 200 M M 0 16 190
10 75 35 55 5 10 0 0.00 M M 3.0 15 180 M M 0 20 180
11 75 44 60 9 5 0 0.00 M M 3.5 15 160 M M 0 20 140
12 79 46 63 12 2 0 0.00 M M 1.0 9 360 M M 1 1 13 360
13 76 52 64 13 1 0 0.00 M M 2.3 9 10 M M 5 18 11 360
14 80 51 66 15 0 1 0.00 M M 2.3 8 20 M M 3 1 10 20
15 70 56 63 11 2 0 0.16 M M 8.6 17 110 M M 7 3 27 100
16 56 48 52 0 13 0 0.48 M M 5.8 14 360 M M 10 1 21 90
17 60 51 56 4 9 0 0.25 M M 5.7 14 120 M M 10 13 21 110
18 73 47 60 8 5 0 0.32 M M 4.9 16 200 M M 8 13 24 210
19 61 46 54 1 11 0 T M M 4.3 14 10 M M 10 19 360
20 62 42 52 -1 13 0 0.00 M M 6.3 15 40 M M 1 24 50
21 69 37 53 0 12 0 0.00 M M 5.0 14 90 M M 7 21 70
22 72 41 57 4 8 0 0.00 M M 2.7 13 30 M M 0 8 17 100
23 67 54 61 8 4 0 0.01 M M 6.6 21 130 M M 4 8 32 120
24 78 59 69 15 0 4 0.00 M M 5.8 14 150 M M 5 22 140
25 73 62 68 14 0 3 1.07 M M 6.7 20 340 M M 8 123 31 160
26 79 59 69 15 0 4 0.02 M M 1.1 8 180 M M 7 13 15 350
27 85 61 73 19 0 8 0.00 M M 4.8 15 190 M M 7 25 190
28 76 52 64 9 1 0 0.62 M M 5.8 14 200 M M 6 138 24 190
29 70 38 54 -1 11 0 0.00 0.0 M 3.2 12 360 M M 0 17 360
30 76 43 60 5 5 0 0.00 0.0 M 6.6 16 130 M M 5 24 120
31 68 43 56 1 9 0 1.56 0.0 M 5.0 17 350 M M 10 138 26 340
================================================================================
SM 2166 1389 249 20 5.19 0.0 130.5 M 141
================================================================================
AV 69.9 44.8 4.2 FASTST M M 5 MAX(MPH)
MISC ----> # 21 360 33 10
================================================================================
NOTES:
# LAST OF SEVERAL OCCURRENCES
COLUMN 17 PEAK WIND IN M.P.H.
PRELIMINARY LOCAL CLIMATOLOGICAL DATA (WS FORM: F-6) , PAGE 2
STATION: CARTERSVILLE
MONTH: MARCH
YEAR: 2021
LATITUDE: 34 7 N
LONGITUDE: 84 51 W
[TEMPERATURE DATA] [PRECIPITATION DATA] SYMBOLS USED IN COLUMN 16
AVERAGE MONTHLY: 57.3 TOTAL FOR MONTH: 5.19 1 = FOG OR MIST
DPTR FM NORMAL: 5.6 DPTR FM NORMAL: 0.47 2 = FOG REDUCING VISIBILITY
HIGHEST: 85 ON 27 GRTST 24HR 1.56 ON 31-31 TO 1/4 MILE OR LESS
LOWEST: 27 ON 8, 7 3 = THUNDER
SNOW, ICE PELLETS, HAIL 4 = ICE PELLETS
TOTAL MONTH: 0.0 INCH 5 = HAIL
GRTST 24HR 0.0 6 = FREEZING RAIN OR DRIZZLE
GRTST DEPTH: M ON M 7 = DUSTSTORM OR SANDSTORM:
VSBY 1/2 MILE OR LESS
8 = SMOKE OR HAZE
[NO. OF DAYS WITH] [WEATHER - DAYS WITH] 9 = BLOWING SNOW
X = TORNADO
MAX 32 OR BELOW: 0 0.01 INCH OR MORE: 12
MAX 90 OR ABOVE: 0 0.10 INCH OR MORE: 8
MIN 32 OR BELOW: 3 0.50 INCH OR MORE: 4
MIN 0 OR BELOW: 0 1.00 INCH OR MORE: 2
[HDD (BASE 65) ]
TOTAL THIS MO. 249 CLEAR (SCALE 0-3) 12
DPTR FM NORMAL -167 PTCLDY (SCALE 4-7) 14
TOTAL FM JUL 1 2394 CLOUDY (SCALE 8-10) 5
DPTR FM NORMAL -634
[CDD (BASE 65) ]
TOTAL THIS MO. 20
DPTR FM NORMAL 16 [PRESSURE DATA]
TOTAL FM JAN 1 24 HIGHEST SLP 30.59 ON 8
DPTR FM NORMAL 20 LOWEST SLP 29.64 ON 18
[REMARKS]
#FINAL-03-21#