000
CXUS52 KMLB 010725
CF6VRB
PRELIMINARY LOCAL CLIMATOLOGICAL DATA (WS FORM: F-6)
STATION: VERO BEACH
MONTH: FEBRUARY
YEAR: 2021
LATITUDE: 27 39 N
LONGITUDE: 80 25 W
TEMPERATURE IN F: :PCPN: SNOW: WIND :SUNSHINE: SKY :PK WND
================================================================================
1 2 3 4 5 6A 6B 7 8 9 10 11 12 13 14 15 16 17 18
12Z AVG MX 2MIN
DY MAX MIN AVG DEP HDD CDD WTR SNW DPTH SPD SPD DIR MIN PSBL S-S WX SPD DR
================================================================================
1 72 48 60 -3 5 0 0.04 0.0 0 18.3 31 290 M M 6 1 39 280
2 59 44 52 -11 13 0 0.00 0.0 0 16.9 28 290 M M 4 35 280
3 62 33 48 -15 17 0 0.00 0.0 0 8.7 20 290 M M 0 26 290
4 69 30 50 -13 15 0 0.00 0.0 0 5.4 16 130 M M 0 19 120
5 80 41 61 -2 4 0 0.00 0.0 0 8.2 21 240 M M 1 26 190
6 78 53 66 3 0 1 0.34 0.0 0 6.6 21 150 M M 6 138 28 140
7 82 67 75 11 0 10 0.60 0.0 0 10.3 20 200 M M 8 138 26 200
8 77 64 71 7 0 6 0.09 0.0 0 6.4 15 80 M M 8 12 20 80
9 83 63 73 9 0 8 0.00 0.0 0 5.0 16 160 M M 5 12 18 160
10 83 63 73 9 0 8 0.00 0.0 0 6.8 18 120 M M 2 128 22 120
11 83 59 71 7 0 6 0.00 0.0 0 7.2 21 130 M M 7 12 26 130
12 85 60 73 9 0 8 0.00 0.0 0 8.0 20 150 M M 4 12 24 150
13 88 68 78 14 0 13 0.81 0.0 0 10.1 22 200 M M 6 13 31 160
14 88 66 77 13 0 12 1.02 0.0 0 8.2 24 200 M M 7 123 28 200
15 87 66 77 13 0 12 0.06 0.0 0 10.2 24 150 M M 4 13 29 140
16 78 68 73 9 0 8 2.06 0.0 0 8.4 28 240 M M 8 123 35 250
17 79 65 72 7 0 7 0.34 0.0 0 7.3 16 20 M M 9 1 20 10
18 88 64 76 11 0 11 0.00 0.0 0 8.5 17 190 M M 2 12 25 190
19 88 60 74 9 0 9 0.01 0.0 0 12.7 28 300 M M 6 18 34 300
20 68 52 60 -5 5 0 0.00 0.0 0 15.2 24 360 M M 3 30 350
21 74 62 68 3 0 3 0.00 0.0 0 15.5 22 80 M M 6 30 70
22 79 66 73 8 0 8 0.24 0.0 0 12.2 23 150 M M 5 1 28 150
23 77 57 67 2 0 2 0.40 0.0 0 8.0 20 30 M M 4 1 24 30
24 79 56 68 3 0 3 0.00 0.0 0 6.7 18 120 M M 3 12 24 110
25 78 55 67 2 0 2 0.00 0.0 0 5.0 13 30 M M 1 12 16 20
26 80 53 67 1 0 2 0.00 0.0 0 4.6 13 50 M M 0 1 16 50
27 83 60 72 6 0 7 0.00 0.0 0 9.7 23 130 M M 1 12 29 120
28 83 72 78 12 0 13 0.00 0.0 0 13.9 25 150 M M 1 31 130
================================================================================
SM 2210 1615 59 159 6.01 0.0 264.0 M 117
================================================================================
AV 78.9 57.7 9.4 FASTST M M 4 MAX(MPH)
MISC ----> 31 290 39 280
================================================================================
NOTES:
# LAST OF SEVERAL OCCURRENCES
COLUMN 17 PEAK WIND IN M.P.H.
PRELIMINARY LOCAL CLIMATOLOGICAL DATA (WS FORM: F-6) , PAGE 2
STATION: VERO BEACH
MONTH: FEBRUARY
YEAR: 2021
LATITUDE: 27 39 N
LONGITUDE: 80 25 W
[TEMPERATURE DATA] [PRECIPITATION DATA] SYMBOLS USED IN COLUMN 16
AVERAGE MONTHLY: 68.3 TOTAL FOR MONTH: 6.01 1 = FOG OR MIST
DPTR FM NORMAL: 4.0 DPTR FM NORMAL: 3.34 2 = FOG REDUCING VISIBILITY
HIGHEST: 88 ON 19,18 GRTST 24HR 2.15 ON 16-17 TO 1/4 MILE OR LESS
LOWEST: 30 ON 4 3 = THUNDER
SNOW, ICE PELLETS, HAIL 4 = ICE PELLETS
TOTAL MONTH: 0.0 INCH 5 = HAIL
GRTST 24HR 0.0 6 = FREEZING RAIN OR DRIZZLE
GRTST DEPTH: 0 7 = DUSTSTORM OR SANDSTORM:
VSBY 1/2 MILE OR LESS
8 = SMOKE OR HAZE
[NO. OF DAYS WITH] [WEATHER - DAYS WITH] 9 = BLOWING SNOW
X = TORNADO
MAX 32 OR BELOW: 0 0.01 INCH OR MORE: 12
MAX 90 OR ABOVE: 0 0.10 INCH OR MORE: 8
MIN 32 OR BELOW: 1 0.50 INCH OR MORE: 4
MIN 0 OR BELOW: 0 1.00 INCH OR MORE: 2
[HDD (BASE 65) ]
TOTAL THIS MO. 59 CLEAR (SCALE 0-3) 11
DPTR FM NORMAL -39 PTCLDY (SCALE 4-7) 16
TOTAL FM JUL 1 344 CLOUDY (SCALE 8-10) 1
DPTR FM NORMAL -41
[CDD (BASE 65) ]
TOTAL THIS MO. 159
DPTR FM NORMAL 81 [PRESSURE DATA]
TOTAL FM JAN 1 217 HIGHEST SLP 30.34 ON 21
DPTR FM NORMAL 79 LOWEST SLP 29.77 ON 1
[REMARKS]
#FINAL-02-21#